000
CXUS52 KTBW 020315
CLMTPA
CLIMATE REPORT
NATIONAL WEATHER SERVICE TAMPA BAY FL
1210 AM EDT WED AUG 02 2023
...................................
...THE TAMPA CLIMATE SUMMARY FOR THE MONTH OF JULY 2023...
CLIMATE NORMAL PERIOD: 1991 TO 2020
CLIMATE RECORD PERIOD: 1890 TO 2023
WEATHER OBSERVED NORMAL DEPART LAST YEAR`S
VALUE DATE(S) VALUE FROM VALUE DATE(S)
NORMAL
................................................................
TEMPERATURE (F)
ALL-TIME JULY RECORD
HIGH 98 07/21/1942
07/20/1942
LOW 63 07/01/1970
JULY 2023
HIGHEST 97 07/04 MM MM 97 07/29
07/30
07/31
LOWEST 76 07/10 MM MM 73 07/14
07/19
07/24
AVG. MAXIMUM 93.3 91.0 2.3 93.4
AVG. MINIMUM 79.7 76.6 3.1 79.2
MEAN 86.5 83.8 2.7 86.3
DAYS MAX >= 90 29 20.6 8.4 30
DAYS MAX <= 32 0 0.0 0.0 0
DAYS MIN <= 32 0 0.0 0.0 0
DAYS MIN <= 0 0 0.0 0.0 0
PRECIPITATION (INCHES)
ALL-TIME JULY RECORD
MAXIMUM 20.59 1960
MINIMUM 1.65 1981
JULY 2023
TOTALS 2.84 7.75 -4.91 11.99
DAILY AVG. 0.09 0.25 -0.16 0.39
DAYS >= .01 14 16.6 -2.6 14
DAYS >= .10 8 11.2 -3.2 9
DAYS >= .50 2 4.6 -2.6 8
DAYS >= 1.00 0 2.3 -2.3 5
GREATEST
24 HR. TOTAL 0.84 07/10 TO 07/11
DEGREE DAYS
HEATING TOTAL 0 0 0 0
SINCE 7/1 0 0 0 MM
COOLING TOTAL 674 583 91 668
SINCE 1/1 2567 2139 428 MM
................................................................
WIND (MPH)
AVERAGE WIND SPEED 6.1
HIGHEST WIND SPEED/DIRECTION 30/270 DATE 07/24
HIGHEST GUST SPEED/DIRECTION 42/290 DATE 07/23
SKY COVER
POSSIBLE SUNSHINE (PERCENT) MM
AVERAGE SKY COVER 0.57
NUMBER OF DAYS FAIR 3
NUMBER OF DAYS PC 26
NUMBER OF DAYS CLOUDY 2
AVERAGE RH (PERCENT) 71
WEATHER CONDITIONS. NUMBER OF DAYS WITH
THUNDERSTORM 22 MIXED PRECIP 0
HEAVY RAIN 3 RAIN 9
LIGHT RAIN 17 FREEZING RAIN 0
LT FREEZING RAIN 0 HAIL 0
HEAVY SNOW 0 SNOW 0
LIGHT SNOW 0 SLEET 0
FOG 8 FOG W/VIS <= 1/4 MILE 1
HAZE 6
- INDICATES NEGATIVE NUMBERS.
R INDICATES RECORD WAS SET OR TIED.
MM INDICATES DATA IS MISSING.
T INDICATES TRACE AMOUNT.
$$