000
CXUS56 KLKN 011310
CF6TPH
PRELIMINARY LOCAL CLIMATOLOGICAL DATA (WS FORM: F-6)
STATION: TONOPAH AIRPORT NV
MONTH: FEBRUARY
YEAR: 2023
LATITUDE: 38 3 N
LONGITUDE: 117 5 W
TEMPERATURE IN F: :PCPN: SNOW: WIND :SUNSHINE: SKY :PK WND
================================================================================
1 2 3 4 5 6A 6B 7 8 9 10 11 12 13 14 15 16 17 18
12Z AVG MX 2MIN
DY MAX MIN AVG DEP HDD CDD WTR SNW DPTH SPD SPD DIR MIN PSBL S-S WX SPD DR
================================================================================
1 47 16 32 -3 33 0 0.00 M M 5.0 14 350 M M 0 18 360
2 51 19 35 0 30 0 0.00 M M 6.4 16 140 M M 0 20 140
3 50 25 38 3 27 0 0.00 M M 7.6 20 180 M M 0 24 180
4 51 22 37 1 28 0 0.00 M M 8.3 18 180 M M 0 24 170
5 45 24 35 -1 30 0 T M M 10.4 23 330 M M 3 1 31 340
6 43 26 35 -1 30 0 0.00 M M 15.9 26 320 M M 0 37 320
7 51 22 37 1 28 0 0.00 M M 9.6 21 300 M M 0 24 300
8 54 21 38 2 27 0 0.00 M M 10.2 22 320 M M 0 30 310
9 53 24 39 3 26 0 0.00 M M 7.2 16 10 M M 0 20 20
10 54 24 39 3 26 0 0.00 M M 10.3 22 170 M M 0 31 170
11 52 28 40 4 25 0 0.00 M M 11.4 24 150 M M 0 31 150
12 53 28 41 5 24 0 0.00 M M 14.3 24 310 M M 0 32 310
13 53 24 39 2 26 0 0.00 M M 10.4 28 330 M M 0 40 330
14 37 19 28 -9 37 0 T M M 19.3 41 330 M M 3 54 330
15 38 16 27 -10 38 0 0.00 M M 19.7 38 320 M M 0 51 310
16 41 13 27 -10 38 0 0.00 M M 7.2 17 20 M M 0 21 10
17 45 17 31 -6 34 0 0.00 M M 5.5 12 350 M M 0 14 340
18 50 15 33 -5 32 0 0.00 M M 5.7 13 180 M M 0 20 210
19 55 22 39 1 26 0 0.00 M M 8.6 17 10 M M 0 26 280
20 58 25 42 4 23 0 0.00 M M 10.6 22 320 M M 0 30 340
21 57 24 41 3 24 0 T M M 14.4 43 330 M M 3 1 55 330
22 31 17 24 -14 41 0 T M M 12.1 28 320 M M 6 12 37 330
23 33 12 23 -16 42 0 0.00 M M 9.6 26 180 M M 4 35 190
24 37 20 29 -10 36 0 0.01 M M 24.4 43 170 M M 8 1 56 180
25 45 28 37 -2 28 0 0.21 M M 16.8 37 140 M M 10 12 48 140
26 31 19 25 -15 40 0 T M M 7.8 17 180 M M 10 1 26 200
27 37 23 30 -10 35 0 0.03 M M 17.6 31 200 M M 9 1 41 200
28 39 13 26 -14 39 0 0.00 M M 11.5 30 200 M M 2 38 200
================================================================================
SM 1291 586 873 0 0.25 M 317.8 M 58
================================================================================
AV 46.1 20.9 11.3 FASTST M M 2 MAX(MPH)
MISC ----> # 43 330 56 180
================================================================================
NOTES:
# LAST OF SEVERAL OCCURRENCES
COLUMN 17 PEAK WIND IN M.P.H.
PRELIMINARY LOCAL CLIMATOLOGICAL DATA (WS FORM: F-6) , PAGE 2
STATION: TONOPAH AIRPORT NV
MONTH: FEBRUARY
YEAR: 2023
LATITUDE: 38 3 N
LONGITUDE: 117 5 W
[TEMPERATURE DATA] [PRECIPITATION DATA] SYMBOLS USED IN COLUMN 16
AVERAGE MONTHLY: 33.5 TOTAL FOR MONTH: 0.25 1 = FOG OR MIST
DPTR FM NORMAL: -3.7 DPTR FM NORMAL: -0.28 2 = FOG REDUCING VISIBILITY
HIGHEST: 58 ON 20 GRTST 24HR 0.22 ON 24-25 TO 1/4 MILE OR LESS
LOWEST: 12 ON 23 3 = THUNDER
SNOW, ICE PELLETS, HAIL 4 = ICE PELLETS
TOTAL MONTH: M 5 = HAIL
GRTST 24HR M ON M 6 = FREEZING RAIN OR DRIZZLE
GRTST DEPTH: M ON M 7 = DUSTSTORM OR SANDSTORM:
VSBY 1/2 MILE OR LESS
8 = SMOKE OR HAZE
[NO. OF DAYS WITH] [WEATHER - DAYS WITH] 9 = BLOWING SNOW
X = TORNADO
MAX 32 OR BELOW: 2 0.01 INCH OR MORE: 3
MAX 90 OR ABOVE: 0 0.10 INCH OR MORE: 1
MIN 32 OR BELOW: 28 0.50 INCH OR MORE: 0
MIN 0 OR BELOW: 0 1.00 INCH OR MORE: 0
[HDD (BASE 65) ]
TOTAL THIS MO. 873 CLEAR (SCALE 0-3) 22
DPTR FM NORMAL 95 PTCLDY (SCALE 4-7) 3
TOTAL FM JUL 1 4130 CLOUDY (SCALE 8-10) 3
DPTR FM NORMAL 228
[CDD (BASE 65) ]
TOTAL THIS MO. 0
DPTR FM NORMAL 0 [PRESSURE DATA]
TOTAL FM JAN 1 0 HIGHEST SLP 30.49 ON 2
DPTR FM NORMAL 0 LOWEST SLP 29.20 ON 21
[REMARKS]
#FINAL-02-23#