000
CXUS54 KFWD 190731
CF6TPL
PRELIMINARY LOCAL CLIMATOLOGICAL DATA (WS FORM: F-6)
STATION: TEMPLE
MONTH: APRIL
YEAR: 2024
LATITUDE: 31 8 N
LONGITUDE: 97 25 W
TEMPERATURE IN F: :PCPN: SNOW: WIND :SUNSHINE: SKY :PK WND
================================================================================
1 2 3 4 5 6A 6B 7 8 9 10 11 12 13 14 15 16 17 18
12Z AVG MX 2MIN
DY MAX MIN AVG DEP HDD CDD WTR SNW DPTH SPD SPD DIR MIN PSBL S-S WX SPD DR
================================================================================
1 81 65 73 11 0 8 T M M 16.6 30 170 M M 7 18 37 170
2 69 45 57 -5 8 0 0.00 M M 11.1 21 330 M M 2 30 320
3 79 39 59 -4 6 0 0.00 M M 8.2 21 310 M M 0 26 310
4 85 43 64 1 1 0 0.00 M M 4.5 12 170 M M 0 M M
5 87 53 70 7 0 5 0.00 M M 13.5 23 170 M M 0 32 160
6 77 59 68 5 0 3 0.00 M M 18.2 24 180 M M 8 37 170
7 80 57 69 5 0 4 0.00 M M 8.1 18 180 M M 2 1 17 270
8 81 57 69 5 0 4 1.00 M M 6.8 13 140 M M 7 13 21 100
9 74 63 69 5 0 4 6.30 M M 7.9 23 350 M M 9 123 32 360
10 67 52 60 -4 5 0 0.06 M M 13.2 23 300 M M 7 37 320
11 76 46 61 -3 4 0 0.00 M M 6.5 14 350 M M 0 17 330
12 79 48 64 -1 1 0 0.00 M M 8.7 20 180 M M 0 24 160
13 80 57 69 4 0 4 0.00 M M 14.7 24 160 M M 2 32 140
14 80 64 72 7 0 7 0.00 M M 14.1 18 170 M M 5 23 180
15 81 68 75 10 0 10 0.00 M M 15.7 22 130 M M 10 36 140
16 82 69 76 10 0 11 0.00 M M 13.2 20 160 M M 8 1 23 160
17 81 70 76 10 0 11 0.00 M M 9.0 16 140 M M 6 1 23 140
18 86 70 78 12 0 13 0.00 M M 8.8 16 160 M M 7 18 18 190
================================================================================
SM 1425 1025 25 84 7.36 M 198.6 M 80
================================================================================
AV 79.2 56.9 11.0 FASTST M M 4 MAX(MPH)
MISC ----> 30 170 # 37 170
================================================================================
NOTES:
# LAST OF SEVERAL OCCURRENCES
COLUMN 17 PEAK WIND IN M.P.H.
PRELIMINARY LOCAL CLIMATOLOGICAL DATA (WS FORM: F-6) , PAGE 2
STATION: TEMPLE
MONTH: APRIL
YEAR: 2024
LATITUDE: 31 8 N
LONGITUDE: 97 25 W
[TEMPERATURE DATA] [PRECIPITATION DATA] SYMBOLS USED IN COLUMN 16
AVERAGE MONTHLY: 68.1 TOTAL FOR MONTH: 7.36 1 = FOG OR MIST
DPTR FM NORMAL: 3.9 DPTR FM NORMAL: 6.19 2 = FOG REDUCING VISIBILITY
HIGHEST: 87 ON 5 GRTST 24HR 6.30 ON 9- 9 TO 1/4 MILE OR LESS
LOWEST: 39 ON 3 3 = THUNDER
SNOW, ICE PELLETS, HAIL 4 = ICE PELLETS
TOTAL MONTH: M 5 = HAIL
GRTST 24HR M ON M 6 = FREEZING RAIN OR DRIZZLE
GRTST DEPTH: M ON M 7 = DUSTSTORM OR SANDSTORM:
VSBY 1/2 MILE OR LESS
8 = SMOKE OR HAZE
[NO. OF DAYS WITH] [WEATHER - DAYS WITH] 9 = BLOWING SNOW
X = TORNADO
MAX 32 OR BELOW: 0 0.01 INCH OR MORE: 3
MAX 90 OR ABOVE: 0 0.10 INCH OR MORE: 2
MIN 32 OR BELOW: 0 0.50 INCH OR MORE: 2
MIN 0 OR BELOW: 0 1.00 INCH OR MORE: 2
[HDD (BASE 65) ]
TOTAL THIS MO. 25 CLEAR (SCALE 0-3) 8
DPTR FM NORMAL -38 PTCLDY (SCALE 4-7) 7
TOTAL FM JUL 1 1742 CLOUDY (SCALE 8-10) 3
DPTR FM NORMAL -369
[CDD (BASE 65) ]
TOTAL THIS MO. 84
DPTR FM NORMAL 38 [PRESSURE DATA]
TOTAL FM JAN 1 166 HIGHEST SLP M ON M
DPTR FM NORMAL 74 LOWEST SLP M ON M
[REMARKS]