000
CXUS54 KMRX 011130
CF6TRI
PRELIMINARY LOCAL CLIMATOLOGICAL DATA (WS FORM: F-6)
STATION: TRI-CITIES AIRPORT
MONTH: JANUARY
YEAR: 2023
LATITUDE: 36 28 N
LONGITUDE: 82 24 W
TEMPERATURE IN F: :PCPN: SNOW: WIND :SUNSHINE: SKY :PK WND
================================================================================
1 2 3 4 5 6A 6B 7 8 9 10 11 12 13 14 15 16 17 18
12Z AVG MX 2MIN
DY MAX MIN AVG DEP HDD CDD WTR SNW DPTH SPD SPD DIR MIN PSBL S-S WX SPD DR
================================================================================
1 60 41 51 14 14 0 T 0.0 0 1.7 12 230 M M 9 12 14 260
2 60 37 49 12 16 0 0.00 0.0 0 0.6 6 340 M M 9 12 7 70
3 75 45 60 23 5 0 0.23 0.0 0 3.9 33 290 M M 9 1 50 280
4 68 43 56 19 9 0 0.29 0.0 0 5.2 28 250 M M 8 123 34 250
5 56 34 45 8 20 0 0.00 0.0 0 7.9 24 240 M M 3 31 230
6 49 30 40 4 25 0 0.00 0.0 0 7.7 18 250 M M 5 25 280
7 50 28 39 3 26 0 T 0.0 0 1.5 9 210 M M 7 12 220
8 47 36 42 6 23 0 1.01 0.0 0 3.0 12 240 M M 10 1 14 240
9 47 27 37 1 28 0 0.00 0.0 0 5.0 12 300 M M 8 12 16 310
10 51 24 38 2 27 0 0.00 0.0 0 1.7 17 230 M M 6 128 22 220
11 62 29 46 10 19 0 0.00 0.0 0 1.2 8 290 M M 9 11 280
12 66 43 55 19 10 0 0.74 0.0 0 3.4 46 250 M M 9 138 62 250
13 51 31 41 5 24 0 0.05 T 0 9.8 21 310 M M 10 189 28 310
14 36 22 29 -7 36 0 T 0.1 0 7.4 17 330 M M 7 24 330
15 45 17 31 -5 34 0 0.00 0.0 0 0.9 7 220 M M 2 11 310
16 51 22 37 1 28 0 T 0.0 0 1.1 10 280 M M 7 13 280
17 50 38 44 8 21 0 0.51 0.0 0 0.7 6 240 M M 10 12 8 230
18 63 46 55 19 10 0 0.00 0.0 0 1.8 8 230 M M 8 12 11 220
19 67 46 57 21 8 0 0.18 0.0 0 10.8 28 250 M M 6 1 42 240
20 52 29 41 5 24 0 0.00 0.0 0 10.4 21 250 M M 4 33 270
21 50 23 37 1 28 0 0.00 0.0 0 0.8 7 60 M M 3 18 11 70
22 56 35 46 10 19 0 0.07 0.0 0 4.6 15 260 M M 10 1 19 260
23 44 27 36 0 29 0 0.02 0.0 0 9.7 21 280 M M 9 28 290
24 52 21 37 1 28 0 0.00 0.0 0 0.6 7 110 M M 4 128 10 140
25 64 38 51 15 14 0 0.54 0.0 0 10.1 29 260 M M 9 1 39 260
26 42 35 39 3 26 0 T T 0 11.9 25 250 M M 10 34 250
27 43 24 34 -3 31 0 0.00 0.0 0 8.3 20 240 M M 4 26 280
28 55 22 39 2 26 0 0.00 0.0 0 1.7 13 240 M M 2 17 240
29 44 32 38 1 27 0 0.47 0.0 0 0.8 8 310 M M 10 1 11 300
30 53 42 48 11 17 0 0.06 0.0 0 1.2 8 180 M M 10 12 10 180
31 52 44 48 11 17 0 0.28 0.0 0 2.1 10 340 M M 10 12 14 350
================================================================================
SM 1661 1011 669 0 4.45 0.1 137.5 M 227
================================================================================
AV 53.6 32.6 4.4 FASTST M M 7 MAX(MPH)
MISC ----> 46 250 62 250
================================================================================
NOTES:
# LAST OF SEVERAL OCCURRENCES
COLUMN 17 PEAK WIND IN M.P.H.
PRELIMINARY LOCAL CLIMATOLOGICAL DATA (WS FORM: F-6) , PAGE 2
STATION: TRI-CITIES AIRPORT
MONTH: JANUARY
YEAR: 2023
LATITUDE: 36 28 N
LONGITUDE: 82 24 W
[TEMPERATURE DATA] [PRECIPITATION DATA] SYMBOLS USED IN COLUMN 16
AVERAGE MONTHLY: 43.1 TOTAL FOR MONTH: 4.45 1 = FOG OR MIST
DPTR FM NORMAL: 6.7 DPTR FM NORMAL: 0.80 2 = FOG REDUCING VISIBILITY
HIGHEST: 75 ON 3 GRTST 24HR 1.43 ON 3- 4 TO 1/4 MILE OR LESS
LOWEST: 17 ON 15 3 = THUNDER
SNOW, ICE PELLETS, HAIL 4 = ICE PELLETS
TOTAL MONTH: 0.1 INCH 5 = HAIL
GRTST 24HR 0.1 ON 14-14 6 = FREEZING RAIN OR DRIZZLE
GRTST DEPTH: 0 7 = DUSTSTORM OR SANDSTORM:
VSBY 1/2 MILE OR LESS
8 = SMOKE OR HAZE
[NO. OF DAYS WITH] [WEATHER - DAYS WITH] 9 = BLOWING SNOW
X = TORNADO
MAX 32 OR BELOW: 0 0.01 INCH OR MORE: 13
MAX 90 OR ABOVE: 0 0.10 INCH OR MORE: 9
MIN 32 OR BELOW: 16 0.50 INCH OR MORE: 4
MIN 0 OR BELOW: 0 1.00 INCH OR MORE: 1
[HDD (BASE 65) ]
TOTAL THIS MO. 669 CLEAR (SCALE 0-3) 3
DPTR FM NORMAL -217 PTCLDY (SCALE 4-7) 12
TOTAL FM JUL 1 2286 CLOUDY (SCALE 8-10) 16
DPTR FM NORMAL -249
[CDD (BASE 65) ]
TOTAL THIS MO. 0
DPTR FM NORMAL 0 [PRESSURE DATA]
TOTAL FM JAN 1 0 HIGHEST SLP 30.41 ON 28
DPTR FM NORMAL 0 LOWEST SLP 29.53 ON 25
[REMARKS]
#FINAL-01-23#