000
CXUS54 KMRX 011030
CF6TRI
PRELIMINARY LOCAL CLIMATOLOGICAL DATA (WS FORM: F-6)
STATION: TRI-CITIES AIRPORT
MONTH: AUGUST
YEAR: 2022
LATITUDE: 36 28 N
LONGITUDE: 82 24 W
TEMPERATURE IN F: :PCPN: SNOW: WIND :SUNSHINE: SKY :PK WND
================================================================================
1 2 3 4 5 6A 6B 7 8 9 10 11 12 13 14 15 16 17 18
12Z AVG MX 2MIN
DY MAX MIN AVG DEP HDD CDD WTR SNW DPTH SPD SPD DIR MIN PSBL S-S WX SPD DR
================================================================================
1 83 72 78 3 0 13 0.25 0.0 0 11.4 22 220 M M 9 13 32 240
2 88 71 80 5 0 15 0.00 0.0 0 6.9 13 260 M M 7 21 250
3 93 67 80 5 0 15 0.01 0.0 0 2.7 17 200 M M 4 123 25 200
4 90 66 78 3 0 13 0.64 0.0 0 1.5 28 210 M M 7 13 36 220
5 91 68 80 5 0 15 0.13 0.0 0 1.6 21 190 M M 6 13 32 190
6 83 67 75 0 0 10 0.15 0.0 0 2.6 16 300 M M 8 38 23 310
7 90 65 78 3 0 13 0.00 0.0 0 1.6 8 290 M M 5 12 11 300
8 90 68 79 4 0 14 0.01 0.0 0 2.7 13 270 M M 4 18 17 250
9 89 69 79 4 0 14 0.31 0.0 0 1.8 21 260 M M 7 13 25 170
10 88 67 78 3 0 13 T 0.0 0 2.7 31 230 M M 8 123 42 230
11 84 70 77 2 0 12 T 0.0 0 3.8 15 260 M M 8 13 21 250
12 83 61 72 -3 0 7 0.00 0.0 0 3.8 13 350 M M 4 1 19 10
13 85 57 71 -4 0 6 0.00 0.0 0 1.3 10 330 M M 3 14 320
14 81 63 72 -3 0 7 0.05 0.0 0 2.6 13 330 M M 8 13 18 320
15 85 67 76 1 0 11 0.37 0.0 0 2.8 15 310 M M 8 138 22 320
16 81 64 73 -2 0 8 0.17 0.0 0 1.5 9 330 M M 7 1 17 340
17 83 61 72 -3 0 7 0.00 0.0 0 1.9 14 350 M M 4 1 17 350
18 85 58 72 -3 0 7 0.00 0.0 0 1.1 7 310 M M 4 12 9 290
19 84 64 74 0 0 9 0.00 0.0 0 3.4 13 150 M M 8 18 140
20 87 60 74 0 0 9 T 0.0 0 1.3 8 260 M M 6 11 250
21 84 69 77 3 0 12 0.27 0.0 0 2.8 10 250 M M 8 13 16 240
22 86 66 76 2 0 11 T 0.0 0 5.1 15 250 M M 6 1 22 270
23 85 62 74 0 0 9 0.00 0.0 0 1.5 8 350 M M 6 12 11 270
24 87 59 73 -1 0 8 0.00 0.0 0 0.9 8 310 M M 4 1 11 320
25 89 64 77 3 0 12 0.00 0.0 0 1.2 8 350 M M 5 13 290
26 88 65 77 3 0 12 0.00 0.0 0 2.1 12 350 M M 5 13 18 350
27 91 62 77 3 0 12 0.00 0.0 0 1.3 9 350 M M 2 12 12 320
28 93 63 78 5 0 13 0.00 0.0 0 2.7 17 200 M M 3 1 24 200
29 91 65 78 5 0 13 T 0.0 0 1.7 14 220 M M 4 1 17 110
30 85 67 76 3 0 11 0.44 0.0 0 3.8 23 290 M M 6 13 33 280
31 86 61 74 1 0 9 0.00 0.0 M 1.9 10 290 M M 4 128 17 230
================================================================================
SM 2688 2008 0 340 2.80 0.0 84.0 M 178
================================================================================
AV 86.7 64.8 2.7 FASTST M M 6 MAX(MPH)
MISC ----> 31 230 42 230
================================================================================
NOTES:
# LAST OF SEVERAL OCCURRENCES
COLUMN 17 PEAK WIND IN M.P.H.
PRELIMINARY LOCAL CLIMATOLOGICAL DATA (WS FORM: F-6) , PAGE 2
STATION: TRI-CITIES AIRPORT
MONTH: AUGUST
YEAR: 2022
LATITUDE: 36 28 N
LONGITUDE: 82 24 W
[TEMPERATURE DATA] [PRECIPITATION DATA] SYMBOLS USED IN COLUMN 16
AVERAGE MONTHLY: 75.7 TOTAL FOR MONTH: 2.80 1 = FOG OR MIST
DPTR FM NORMAL: 1.2 DPTR FM NORMAL: -0.96 2 = FOG REDUCING VISIBILITY
HIGHEST: 93 ON 28, 3 GRTST 24HR 0.90 ON 31- 1 TO 1/4 MILE OR LESS
LOWEST: 57 ON 13 3 = THUNDER
SNOW, ICE PELLETS, HAIL 4 = ICE PELLETS
TOTAL MONTH: 0.0 INCH 5 = HAIL
GRTST 24HR 0.0 6 = FREEZING RAIN OR DRIZZLE
GRTST DEPTH: 0 7 = DUSTSTORM OR SANDSTORM:
VSBY 1/2 MILE OR LESS
8 = SMOKE OR HAZE
[NO. OF DAYS WITH] [WEATHER - DAYS WITH] 9 = BLOWING SNOW
X = TORNADO
MAX 32 OR BELOW: 0 0.01 INCH OR MORE: 12
MAX 90 OR ABOVE: 8 0.10 INCH OR MORE: 9
MIN 32 OR BELOW: 0 0.50 INCH OR MORE: 1
MIN 0 OR BELOW: 0 1.00 INCH OR MORE: 0
[HDD (BASE 65) ]
TOTAL THIS MO. 0 CLEAR (SCALE 0-3) 2
DPTR FM NORMAL -1 PTCLDY (SCALE 4-7) 26
TOTAL FM JUL 1 0 CLOUDY (SCALE 8-10) 3
DPTR FM NORMAL 0
[CDD (BASE 65) ]
TOTAL THIS MO. 340
DPTR FM NORMAL 45 [PRESSURE DATA]
TOTAL FM JAN 1 1148 HIGHEST SLP 30.24 ON 7
DPTR FM NORMAL 206 LOWEST SLP 29.80 ON 15
[REMARKS]
#FINAL-08-22#