000
CXUS56 KSGX 011012
CLMTRM
CLIMATE REPORT
NATIONAL WEATHER SERVICE SAN DIEGO, CA
312 AM PDT MON APR 01 2024
...................................
...THE THERMAL AIRPORT CA CLIMATE SUMMARY FOR THE MONTH OF MARCH 2024...
CLIMATE NORMAL PERIOD: 1991 TO 2020
CLIMATE RECORD PERIOD: 1950 TO 2024
WEATHER OBSERVED NORMAL DEPART LAST YEAR`S
VALUE DATE(S) VALUE FROM VALUE DATE(S)
NORMAL
................................................................
TEMPERATURE (F)
RECORD
HIGH 103 03/21/2004
LOW 24 03/04/2002
HIGHEST 86 03/22 81 5 84 03/12
03/13
LOWEST 40 03/10 48 -8 32 03/04
AVG. MAXIMUM 76.5 81.1 -4.6 74.3
AVG. MINIMUM 50.6 49.0 1.6 47.3
MEAN 63.5 65.0 -1.5 60.8
DAYS MAX >= 90 0 6.2 -6.2 0
DAYS MAX <= 32 0 0.0 0.0 0
DAYS MAX >= 45 29 31
DAYS MAX >= 120 0 0
DAYS MIN <= 32 0 0.3 -0.3 1
PRECIPITATION (INCHES)
RECORD
MAXIMUM 2.47 2020
MINIMUM 0.00 2017
TOTALS 0.55 0.34 0.21 0.25
DAILY AVG. 0.02 0.01 0.01 0.01
DAYS >= .01 4 1.7 2.3 3
DAYS >= .10 2 0.8 1.2 2
DAYS >= .50 0 0.2 -0.2 0
DAYS >= 1.00 0 0.0 0.0 0
DAYS >= %-5.2F 0 0
DAYS >= %-5.2F 0 0
GREATEST
24 HR. TOTAL 0.37 03/15 TO 03/15 0.13 03/01 TO 03/01
STORM TOTAL 0.37 0.13
(MM/DD(HH)) MM
DEGREE DAYS
HEATING TOTAL 61 78 -17 143
SINCE 7/1 849 1086 -237 MM
COOLING TOTAL 24 79 -55 20
SINCE 1/1 34 92 -58 MM
FREEZE DATES
RECORD
EARLIEST 10/30/1971
LATEST 04/10/1999
EARLIEST 12/10
LATEST 03/04
................................................................
WIND (MPH)
AVERAGE WIND SPEED 8.6
RESULTANT WIND SPEED/DIRECTION 4/320
HIGHEST WIND SPEED/DIRECTION 46/290 DATE 03/02
HIGHEST GUST SPEED/DIRECTION 61/290 DATE 03/02
SKY COVER
POSSIBLE SUNSHINE (PERCENT) MM
AVERAGE SKY COVER 0.13
NUMBER OF DAYS FAIR 27
NUMBER OF DAYS PC 3
NUMBER OF DAYS CLOUDY 1
AVERAGE RH (PERCENT) 47
WEATHER CONDITIONS. NUMBER OF DAYS WITH
THUNDERSTORM 1 MIXED PRECIP 0
HEAVY RAIN 0 RAIN 1
LIGHT RAIN 5 FREEZING RAIN 0
LT FREEZING RAIN 0 HAIL 0
HEAVY SNOW 0 SNOW 0
LIGHT SNOW 0 SLEET 0
FOG 3 FOG W/VIS <= 1/4 MILE 0
HAZE 4
- INDICATES NEGATIVE NUMBERS.
R INDICATES RECORD WAS SET OR TIED.
MM INDICATES DATA IS MISSING.
T INDICATES TRACE AMOUNT.
$$