000
CXUS54 KTSA 021103
CF6TUL
PRELIMINARY LOCAL CLIMATOLOGICAL DATA (WS FORM: F-6)
STATION: TULSA OKLAHOMA
MONTH: APRIL
YEAR: 2021
LATITUDE: 36 12 N
LONGITUDE: 95 54 W
TEMPERATURE IN F: :PCPN: SNOW: WIND :SUNSHINE: SKY :PK WND
================================================================================
1 2 3 4 5 6A 6B 7 8 9 10 11 12 13 14 15 16 17 18
12Z AVG MX 2MIN
DY MAX MIN AVG DEP HDD CDD WTR SNW DPTH SPD SPD DIR MIN PSBL S-S WX SPD DR
================================================================================
1 61 34 48 -8 17 0 0.00 0.0 0 5.2 13 350 M M 0 19 360
2 68 41 55 -1 10 0 0.00 0.0 0 13.3 24 170 M M 3 32 180
3 75 51 63 6 2 0 0.00 0.0 0 12.5 22 180 M M 3 27 170
4 77 51 64 7 1 0 0.00 0.0 0 10.9 21 180 M M 1 27 170
5 81 60 71 14 0 6 0.00 0.0 0 14.7 29 170 M M 5 41 150
6 78 61 70 12 0 5 0.00 0.0 0 17.5 30 170 M M 6 44 170
7 71 49 60 2 5 0 0.03 0.0 0 17.4 29 270 M M 7 41 160
8 78 48 63 5 2 0 0.00 0.0 0 13.5 26 280 M M 3 36 270
9 80 53 67 8 0 2 0.10 0.0 0 10.9 36 340 M M 7 135 51 350
10 68 44 56 -3 9 0 0.00 0.0 0 11.9 23 290 M M 7 30 290
11 84 42 63 4 2 0 0.00 0.0 0 7.1 17 10 M M 1 25 190
12 68 49 59 -1 6 0 0.00 0.0 0 12.8 23 10 M M 7 35 10
13 69 49 59 -1 6 0 0.67 0.0 0 12.3 22 10 M M 9 13 30 40
14 65 49 57 -3 8 0 0.71 0.0 0 6.7 16 40 M M 10 1 22 40
15 60 50 55 -5 10 0 T 0.0 0 7.7 15 10 M M 10 21 60
16 53 46 50 -11 15 0 0.26 0.0 0 7.2 18 340 M M 10 13 25 330
17 57 45 51 -10 14 0 T 0.0 0 9.3 16 340 M M 10 1 21 340
18 66 45 56 -5 9 0 0.00 0.0 0 6.2 21 270 M M 6 25 290
19 75 41 58 -4 7 0 0.00 0.0 0 6.8 21 10 M M 1 28 360
20 50 32 41 -21 24 0 0.06 T 0 11.9 26 350 M M 6 1 34 350
21 61 32 47 -15 18 0 0.00 0.0 0 7.5 17 330 M M 5 24 310
22 63 39 51 -12 14 0 0.01 0.0 0 7.8 21 190 M M 9 31 200
23 67 50 59 -4 6 0 0.69 0.0 0 9.0 17 140 M M 10 13 25 140
24 72 51 62 -1 3 0 0.04 0.0 0 8.5 18 350 M M 7 1 25 360
25 78 48 63 -1 2 0 0.00 0.0 0 14.2 25 150 M M 1 35 180
26 86 63 75 11 0 10 0.00 0.0 0 20.0 32 170 M M 7 42 160
27 74 68 71 7 0 6 0.04 0.0 0 15.4 28 150 M M 10 1 37 150
28 73 66 70 6 0 5 0.83 0.0 0 9.2 37 170 M M 10 13 49 150
29 78 57 68 3 0 3 0.00 0.0 0 10.1 20 350 M M 8 27 340
30 82 50 66 1 0 1 0.00 0.0 0 3.9 13 160 M M 2 16 160
================================================================================
SM 2118 1464 190 38 3.44 T 321.4 M 181
================================================================================
AV 70.6 48.8 10.7 FASTST M M 6 MAX(MPH)
MISC ----> 37 170 51 350
================================================================================
NOTES:
# LAST OF SEVERAL OCCURRENCES
COLUMN 17 PEAK WIND IN M.P.H.
PRELIMINARY LOCAL CLIMATOLOGICAL DATA (WS FORM: F-6) , PAGE 2
STATION: TULSA OKLAHOMA
MONTH: APRIL
YEAR: 2021
LATITUDE: 36 12 N
LONGITUDE: 95 54 W
[TEMPERATURE DATA] [PRECIPITATION DATA] SYMBOLS USED IN COLUMN 16
AVERAGE MONTHLY: 59.7 TOTAL FOR MONTH: 3.44 1 = FOG OR MIST
DPTR FM NORMAL: -0.9 DPTR FM NORMAL: -0.35 2 = FOG REDUCING VISIBILITY
HIGHEST: 86 ON 26 GRTST 24HR 1.28 ON 13-14 TO 1/4 MILE OR LESS
LOWEST: 32 ON 21,20 3 = THUNDER
SNOW, ICE PELLETS, HAIL 4 = ICE PELLETS
TOTAL MONTH: T 5 = HAIL
GRTST 24HR T ON 20-20 6 = FREEZING RAIN OR DRIZZLE
GRTST DEPTH: 0 7 = DUSTSTORM OR SANDSTORM:
VSBY 1/2 MILE OR LESS
8 = SMOKE OR HAZE
[NO. OF DAYS WITH] [WEATHER - DAYS WITH] 9 = BLOWING SNOW
X = TORNADO
MAX 32 OR BELOW: 0 0.01 INCH OR MORE: 11
MAX 90 OR ABOVE: 0 0.10 INCH OR MORE: 6
MIN 32 OR BELOW: 2 0.50 INCH OR MORE: 4
MIN 0 OR BELOW: 0 1.00 INCH OR MORE: 0
[HDD (BASE 65) ]
TOTAL THIS MO. 190 CLEAR (SCALE 0-3) 9
DPTR FM NORMAL 4 PTCLDY (SCALE 4-7) 12
TOTAL FM JUL 1 3461 CLOUDY (SCALE 8-10) 9
DPTR FM NORMAL -75
[CDD (BASE 65) ]
TOTAL THIS MO. 38
DPTR FM NORMAL -15 [PRESSURE DATA]
TOTAL FM JAN 1 43 HIGHEST SLP 30.60 ON 1
DPTR FM NORMAL -22 LOWEST SLP 29.51 ON 9
[REMARKS]
#FINAL-04-21#