179
CXUS54 KMEG 062059
CF6TUP
PRELIMINARY LOCAL CLIMATOLOGICAL DATA (WS FORM: F-6)
STATION: TUPELO
MONTH: FEBRUARY
YEAR: 2021
LATITUDE: 34 16 N
LONGITUDE: 88 46 W
TEMPERATURE IN F: :PCPN: SNOW: WIND :SUNSHINE: SKY :PK WND
================================================================================
1 2 3 4 5 6A 6B 7 8 9 10 11 12 13 14 15 16 17 18
12Z AVG MX 2MIN
DY MAX MIN AVG DEP HDD CDD WTR SNW DPTH SPD SPD DIR MIN PSBL S-S WX SPD DR
================================================================================
1 42 36 39 -4 26 0 0.00 0.0 0 12.7 24 340 M M 10 35 330
2 50 32 41 -2 24 0 0.00 0.0 0 9.1 18 360 M M 2 23 360
3 53 25 39 -4 26 0 0.00 0.0 0 2.2 10 60 M M 0 12 70
4 58 33 46 3 19 0 0.36 0.0 0 9.6 21 180 M M 5 1 30 320
5 51 29 40 -4 25 0 0.00 0.0 0 2.2 13 340 M M 0 20 320
6 57 29 43 -1 22 0 0.58 0.0 0 9.1 20 130 M M 7 1 30 110
7 42 36 39 -5 26 0 0.02 0.0 0 8.3 17 20 M M 10 1 21 360
8 57 30 44 0 21 0 0.00 0.0 0 4.8 13 180 M M 4 12 15 180
9 66 43 55 11 10 0 0.00 0.0 0 3.3 10 20 M M 8 1 12 20
10 71 43 57 12 8 0 0.01 0.0 0 6.2 17 10 M M 9 8 21 360
11 43 34 39 -6 26 0 1.45 0.0 0 12.7 18 10 M M 10 18 22 10
12 34 30 32 -13 33 0 0.00 0.0 0 14.6 21 10 M M 10 18 25 10
13 32 25 29 -16 36 0 0.00 0.0 0 13.6 20 10 M M 10 18 23 10
14 26 24 25 -21 40 0 0.12 T 0 14.2 21 10 M M 10 148 25 360
15 25 13 19 -27 46 0 0.72 1.8 T 10.9 20 330 M M 10 1248 26 330
16 28 13 21 -25 44 0 T T 2 6.0 13 80 M M 4 17 310
17 31 21 26 -20 39 0 0.55 2.0 1 7.2 14 20 M M 9 16 15 20
18 33 27 30 -17 35 0 T T 2 12.2 18 360 M M 10 1 25 360
19 42 18 30 -17 35 0 0.00 0.0 1 7.8 16 350 M M 0 19 350
20 48 17 33 -14 32 0 0.00 0.0 T 2.0 8 190 M M 0 9 180
21 61 24 43 -5 22 0 0.01 0.0 0 8.0 21 170 M M 3 25 170
22 61 38 50 2 15 0 0.29 0.0 0 4.5 15 340 M M 3 1 21 340
23 73 32 53 5 12 0 0.00 0.0 0 5.4 15 220 M M 0 21 230
24 76 39 58 10 7 0 T 0.0 0 5.8 20 250 M M 4 8 27 250
25 70 49 60 11 5 0 0.13 0.0 0 9.9 17 20 M M 5 21 20
26 61 47 54 5 11 0 1.71 0.0 0 6.3 16 20 M M 10 13 22 150
27 75 58 67 18 0 2 0.03 0.0 0 5.4 16 170 M M 7 1 22 170
28 80 61 71 21 0 6 0.27 0.0 0 11.3 32 360 M M 9 18 36 360
================================================================================
SM 1446 906 645 8 6.25 3.8 225.3 M 169
================================================================================
AV 51.6 32.4 8.0 FASTST M M 6 MAX(MPH)
MISC ----> 32 360 36 360
================================================================================
NOTES:
# LAST OF SEVERAL OCCURRENCES
COLUMN 17 PEAK WIND IN M.P.H.
PRELIMINARY LOCAL CLIMATOLOGICAL DATA (WS FORM: F-6) , PAGE 2
STATION: TUPELO
MONTH: FEBRUARY
YEAR: 2021
LATITUDE: 34 16 N
LONGITUDE: 88 46 W
[TEMPERATURE DATA] [PRECIPITATION DATA] SYMBOLS USED IN COLUMN 16
AVERAGE MONTHLY: 42.0 TOTAL FOR MONTH: 6.25 1 = FOG OR MIST
DPTR FM NORMAL: -3.9 DPTR FM NORMAL: 1.29 2 = FOG REDUCING VISIBILITY
HIGHEST: 80 ON 28 GRTST 24HR 1.84 ON 25-26 TO 1/4 MILE OR LESS
LOWEST: 13 ON 16,15 3 = THUNDER
SNOW, ICE PELLETS, HAIL 4 = ICE PELLETS
TOTAL MONTH: 3.8 INCHES 5 = HAIL
GRTST 24HR 2.0 ON 17-17 6 = FREEZING RAIN OR DRIZZLE
GRTST DEPTH: 2 ON 18,16 7 = DUSTSTORM OR SANDSTORM:
VSBY 1/2 MILE OR LESS
8 = SMOKE OR HAZE
[NO. OF DAYS WITH] [WEATHER - DAYS WITH] 9 = BLOWING SNOW
X = TORNADO
MAX 32 OR BELOW: 5 0.01 INCH OR MORE: 14
MAX 90 OR ABOVE: 0 0.10 INCH OR MORE: 10
MIN 32 OR BELOW: 16 0.50 INCH OR MORE: 5
MIN 0 OR BELOW: 0 1.00 INCH OR MORE: 2
[HDD (BASE 65) ]
TOTAL THIS MO. 645 CLEAR (SCALE 0-3) 8
DPTR FM NORMAL 110 PTCLDY (SCALE 4-7) 8
TOTAL FM JUL 1 2200 CLOUDY (SCALE 8-10) 12
DPTR FM NORMAL -231
[CDD (BASE 65) ]
TOTAL THIS MO. 8
DPTR FM NORMAL 7 [PRESSURE DATA]
TOTAL FM JAN 1 9 HIGHEST SLP 30.48 ON 20
DPTR FM NORMAL 8 LOWEST SLP 29.68 ON 4
[REMARKS]
#FINAL-02-21#