000
CXUS55 KTWC 010855
CF6TUS
PRELIMINARY LOCAL CLIMATOLOGICAL DATA (WS FORM: F-6)
STATION: TUCSON AZ
MONTH: FEBRUARY
YEAR: 2021
LATITUDE: 32 7 N
LONGITUDE: 110 56 W
TEMPERATURE IN F: :PCPN: SNOW: WIND :SUNSHINE: SKY :PK WND
================================================================================
1 2 3 4 5 6A 6B 7 8 9 10 11 12 13 14 15 16 17 18
12Z AVG MX 2MIN
DY MAX MIN AVG DEP HDD CDD WTR SNW DPTH SPD SPD DIR MIN PSBL S-S WX SPD DR
================================================================================
1 76 57 67 13 0 2 0.00 0.0 M 11.9 28 130 M M 0 36 110
2 76 56 66 12 0 1 0.00 0.0 M 5.8 15 110 M M 0 20 130
3 81 55 68 14 0 3 0.00 0.0 M 7.3 17 270 M M 1 24 270
4 73 52 63 9 2 0 0.00 0.0 M 7.9 20 270 M M 0 28 300
5 68 40 54 0 11 0 0.00 0.0 M 6.1 14 290 M M 0 20 260
6 73 38 56 2 9 0 0.00 0.0 M 5.0 14 360 M M 0 17 330
7 76 41 59 5 6 0 0.00 0.0 M 6.1 16 360 M M 0 20 360
8 77 44 61 7 4 0 0.00 0.0 M 6.7 14 140 M M 0 17 150
9 78 45 62 7 3 0 0.00 0.0 M 7.1 16 280 M M 0 21 280
10 74 49 62 7 3 0 0.00 0.0 M 5.8 13 210 M M 0 20 190
11 75 44 60 5 5 0 0.00 0.0 M 5.6 14 330 M M 0 19 330
12 75 47 61 6 4 0 0.00 0.0 M 11.2 23 330 M M 3 8 38 260
13 72 43 58 3 7 0 0.00 0.0 M 9.4 25 200 M M 0 35 240
14 61 45 53 -2 12 0 0.00 0.0 M 9.5 20 260 M M 2 28 270
15 64 38 51 -4 14 0 0.00 0.0 M 6.6 17 280 M M 0 31 270
16 66 47 57 2 8 0 0.00 0.0 M 10.3 28 280 M M 5 38 290
17 64 39 52 -4 13 0 0.00 0.0 M 8.9 24 320 M M 1 36 290
18 62 36 49 -7 16 0 0.00 0.0 M 4.6 14 260 M M 0 19 260
19 73 38 56 0 9 0 0.00 0.0 M 6.2 17 130 M M M 23 130
20 82 43 63 7 2 0 0.00 0.0 M 10.7 24 250 M M M 35 250
21 68 44 56 0 9 0 0.00 0.0 M 5.3 14 340 M M M 19 320
22 77 35 56 0 9 0 0.00 0.0 M 5.1 14 340 M M M 17 330
23 81 42 62 6 3 0 0.00 0.0 M 7.4 17 340 M M M 23 320
24 79 44 62 5 3 0 0.00 0.0 M 7.2 16 280 M M M 23 290
25 70 43 57 0 8 0 0.00 0.0 M 8.4 17 330 M M M 24 320
26 72 34 53 -4 12 0 0.00 0.0 M 4.5 12 150 M M M 14 290
27 74 40 57 0 8 0 0.00 0.0 M 8.5 21 290 M M M 35 340
28 57 43 50 -7 15 0 0.00 0.0 0 10.8 25 300 M M M 38 320
================================================================================
SM 2024 1222 195 6 0.00 0.0 209.9 M 12
================================================================================
AV 72.3 43.6 7.5 FASTST M M 1 MAX(MPH)
MISC ----> # 28 130 # 38 260
================================================================================
NOTES:
# LAST OF SEVERAL OCCURRENCES
COLUMN 17 PEAK WIND IN M.P.H.
PRELIMINARY LOCAL CLIMATOLOGICAL DATA (WS FORM: F-6) , PAGE 2
STATION: TUCSON AZ
MONTH: FEBRUARY
YEAR: 2021
LATITUDE: 32 7 N
LONGITUDE: 110 56 W
[TEMPERATURE DATA] [PRECIPITATION DATA] SYMBOLS USED IN COLUMN 16
AVERAGE MONTHLY: 58.0 TOTAL FOR MONTH: 0.00 1 = FOG OR MIST
DPTR FM NORMAL: 2.7 DPTR FM NORMAL: -0.86 2 = FOG REDUCING VISIBILITY
HIGHEST: 82 ON 20 GRTST 24HR 0.00 ON 1- 1 TO 1/4 MILE OR LESS
LOWEST: 34 ON 26 3 = THUNDER
SNOW, ICE PELLETS, HAIL 4 = ICE PELLETS
TOTAL MONTH: 0.0 INCH 5 = HAIL
GRTST 24HR 0.0 6 = FREEZING RAIN OR DRIZZLE
GRTST DEPTH: 0 7 = DUSTSTORM OR SANDSTORM:
VSBY 1/2 MILE OR LESS
8 = SMOKE OR HAZE
[NO. OF DAYS WITH] [WEATHER - DAYS WITH] 9 = BLOWING SNOW
X = TORNADO
MAX 32 OR BELOW: 0 0.01 INCH OR MORE: 0
MAX 90 OR ABOVE: 0 0.10 INCH OR MORE: 0
MIN 32 OR BELOW: 0 0.50 INCH OR MORE: 0
MIN 0 OR BELOW: 0 1.00 INCH OR MORE: 0
[HDD (BASE 65) ]
TOTAL THIS MO. 195 CLEAR (SCALE 0-3) 17
DPTR FM NORMAL -78 PTCLDY (SCALE 4-7) 1
TOTAL FM JUL 1 1019 CLOUDY (SCALE 8-10) 10
DPTR FM NORMAL -249
[CDD (BASE 65) ]
TOTAL THIS MO. 6
DPTR FM NORMAL 3 [PRESSURE DATA]
TOTAL FM JAN 1 6 HIGHEST SLP M ON M
DPTR FM NORMAL 5 LOWEST SLP 29.56 ON 13
[REMARKS]
#FINAL-02-21#