000
CXUS54 KJAN 011510
CF6TVR
PRELIMINARY LOCAL CLIMATOLOGICAL DATA (WS FORM: F-6)
STATION: VICKSBURG
MONTH: DECEMBER
YEAR: 2022
LATITUDE: 32 20 N
LONGITUDE: 91 2 W
TEMPERATURE IN F: :PCPN: SNOW: WIND :SUNSHINE: SKY :PK WND
================================================================================
1 2 3 4 5 6A 6B 7 8 9 10 11 12 13 14 15 16 17 18
12Z AVG MX 2MIN
DY MAX MIN AVG DEP HDD CDD WTR SNW DPTH SPD SPD DIR MIN PSBL S-S WX SPD DR
================================================================================
1 59 34 47 -5 18 0 0.00 0.0 0 5.5 15 90 M M 0 18 21 90
2 77 37 57 5 8 0 T 0.0 0 7.8 16 170 M M 2 26 180
3 80 49 65 13 0 0 0.01 0.0 0 6.8 23 10 M M 7 1 30 10
4 59 48 54 2 11 0 0.00 0.0 0 4.0 9 10 M M 10 14 310
5 74 50 62 11 3 0 0.00 0.0 0 4.8 10 180 M M 8 1 19 170
6 81 68 75 24 0 10 T 0.0 0 4.5 12 190 M M 6 23 170
7 82 68 75 24 0 10 T 0.0 0 3.1 9 180 M M 5 17 220
8 84 68 76 25 0 11 0.00 0.0 0 2.3 10 180 M M 3 1 17 240
9 75 58 67 16 0 2 0.01 0.0 0 M 99 M M M 5 1 M M
10 77 58 68 18 0 3 T 0.0 0 2.9 13 180 M M 4 12 16 170
11 66 56 61 11 4 0 0.23 0.0 0 5.3 21 120 M M 10 13 27 120
12 62 56 59 9 6 0 0.01 0.0 0 5.3 9 40 M M 10 12 12 30
13 74 60 67 17 0 2 0.00 0.0 0 10.9 20 160 M M 8 27 150
14 72 46 59 9 6 0 2.14 0.0 0 4.3 18 300 M M 6 1 36 310
15 59 38 49 -1 16 0 0.00 0.0 0 2.2 10 290 M M 0 22 290
16 59 34 47 -3 18 0 T 0.0 0 2.9 16 320 M M 4 8 26 320
17 54 31 43 -6 22 0 0.00 0.0 0 3.3 14 280 M M 2 22 330
18 54 26 40 -9 25 0 0.00 0.0 0 5.4 14 10 M M 0 19 50
19 45 35 40 -9 25 0 0.68 0.0 0 6.9 14 110 M M 9 1 18 100
20 47 41 44 -5 21 0 0.19 0.0 0 8.8 18 10 M M 10 1 23 360
21 49 37 43 -6 22 0 T 0.0 0 4.3 9 160 M M 9 1 12 30
22 55 24 40 -9 25 0 0.04 M 0 7.2 25 320 M M 9 1 43 300
23 25 12 19 -29 46 0 T 0.0 M 9.4 17 340 M M 1 32 340
24 33 15 24 -24 41 0 0.00 0.0 0 4.2 13 320 M M 0 23 310
25 41 17 29 -19 36 0 0.00 0.0 0 2.2 7 300 M M 0 13 280
26 50 22 36 -12 29 0 0.00 0.0 0 2.3 13 170 M M 1 17 180
27 52 23 38 -10 27 0 0.00 0.0 0 1.8 12 360 M M 0 1 14 360
28 71 27 49 1 16 0 0.00 0.0 0 8.5 18 180 M M 1 1 27 160
29 77 60 69 21 0 4 0.03 0.0 0 13.6 22 160 M M 5 1 29 170
30 66 54 60 12 5 0 1.42 0.0 0 3.9 26 90 M M 6 123 36 100
31 68 53 61 13 4 0 0.01 0.0 0 3.4 12 170 M M 6 12 15 170
================================================================================
SM 1927 1305 434 42 4.77 0.0 157.8 M 147
================================================================================
AV 62.2 42.1 5.3 FASTST M M 5 MAX(MPH)
MISC ----> 99 9999 43 300
================================================================================
NOTES:
# LAST OF SEVERAL OCCURRENCES
COLUMN 17 PEAK WIND IN M.P.H.
PRELIMINARY LOCAL CLIMATOLOGICAL DATA (WS FORM: F-6) , PAGE 2
STATION: VICKSBURG
MONTH: DECEMBER
YEAR: 2022
LATITUDE: 32 20 N
LONGITUDE: 91 2 W
[TEMPERATURE DATA] [PRECIPITATION DATA] SYMBOLS USED IN COLUMN 16
AVERAGE MONTHLY: 52.1 TOTAL FOR MONTH: 4.77 1 = FOG OR MIST
DPTR FM NORMAL: 2.4 DPTR FM NORMAL: -0.61 2 = FOG REDUCING VISIBILITY
HIGHEST: 84 ON 8 GRTST 24HR 2.14 ON 14-14 TO 1/4 MILE OR LESS
LOWEST: 12 ON 23 3 = THUNDER
SNOW, ICE PELLETS, HAIL 4 = ICE PELLETS
TOTAL MONTH: 0.0 INCH 5 = HAIL
GRTST 24HR 0.0 6 = FREEZING RAIN OR DRIZZLE
GRTST DEPTH: 0 7 = DUSTSTORM OR SANDSTORM:
VSBY 1/2 MILE OR LESS
8 = SMOKE OR HAZE
[NO. OF DAYS WITH] [WEATHER - DAYS WITH] 9 = BLOWING SNOW
X = TORNADO
MAX 32 OR BELOW: 1 0.01 INCH OR MORE: 11
MAX 90 OR ABOVE: 0 0.10 INCH OR MORE: 5
MIN 32 OR BELOW: 9 0.50 INCH OR MORE: 3
MIN 0 OR BELOW: 0 1.00 INCH OR MORE: 2
[HDD (BASE 65) ]
TOTAL THIS MO. 434 CLEAR (SCALE 0-3) 12
DPTR FM NORMAL -52 PTCLDY (SCALE 4-7) 11
TOTAL FM JUL 1 797 CLOUDY (SCALE 8-10) 8
DPTR FM NORMAL -71
[CDD (BASE 65) ]
TOTAL THIS MO. 42
DPTR FM NORMAL 32 [PRESSURE DATA]
TOTAL FM JAN 1 2820 HIGHEST SLP 30.66 ON 24
DPTR FM NORMAL 280 LOWEST SLP 29.67 ON 14
[REMARKS]
#FINAL-12-22#