000
CXUS54 KMRX 011030
CF6TYS
PRELIMINARY LOCAL CLIMATOLOGICAL DATA (WS FORM: F-6)
STATION: KNOXVILLE MCGHEE TYSON AIRPORT
MONTH: JULY
YEAR: 2022
LATITUDE: 35 49 N
LONGITUDE: 83 59 W
TEMPERATURE IN F: :PCPN: SNOW: WIND :SUNSHINE: SKY :PK WND
================================================================================
1 2 3 4 5 6A 6B 7 8 9 10 11 12 13 14 15 16 17 18
12Z AVG MX 2MIN
DY MAX MIN AVG DEP HDD CDD WTR SNW DPTH SPD SPD DIR MIN PSBL S-S WX SPD DR
================================================================================
1 93 69 81 3 0 16 T 0.0 0 4.2 17 210 M M 5 3 23 210
2 90 71 81 3 0 16 T 0.0 0 5.9 22 250 M M 5 3 32 250
3 90 72 81 3 0 16 0.46 0.0 0 3.4 23 340 M M 6 13 30 340
4 93 72 83 5 0 18 0.01 0.0 0 3.4 12 290 M M 7 18 16 280
5 95 74 85 7 0 20 0.02 0.0 0 5.8 22 10 M M 5 3 34 10
6 95 73 84 6 0 19 0.46 0.0 0 5.5 30 270 M M 7 13 40 260
7 90 71 81 3 0 16 0.67 0.0 0 5.7 24 280 M M 9 13 33 280
8 93 71 82 4 0 17 0.59 0.0 0 4.1 25 350 M M 7 13 37 360
9 86 71 79 1 0 14 1.30 0.0 0 6.0 16 230 M M 8 13 22 240
10 84 72 78 -1 0 13 0.13 0.0 0 6.7 15 20 M M 9 13 19 20
11 88 70 79 0 0 14 0.00 0.0 0 4.4 10 240 M M 6 14 250
12 89 69 79 0 0 14 0.17 0.0 0 8.6 33 350 M M 5 13 48 350
13 87 68 78 -1 0 13 0.00 0.0 0 3.8 13 280 M M 9 18 270
14 89 67 78 -1 0 13 0.00 0.0 0 2.6 10 10 M M 4 14 350
15 90 68 79 0 0 14 0.00 0.0 0 2.5 12 310 M M 3 15 300
16 92 69 81 2 0 16 0.00 0.0 0 3.5 9 300 M M 5 14 170
17 91 71 81 2 0 16 0.00 0.0 0 5.3 15 240 M M 4 20 250
18 91 71 81 2 0 16 0.24 0.0 0 10.4 29 270 M M 7 13 36 280
19 87 71 79 0 0 14 T 0.0 0 7.7 15 220 M M 7 22 270
20 92 73 83 4 0 18 T 0.0 0 11.7 21 220 M M 7 3 28 210
21 85 69 77 -2 0 12 0.69 0.0 0 9.8 23 360 M M 9 13 31 360
22 93 73 83 4 0 18 0.00 0.0 0 2.9 10 340 M M 5 1 14 290
23 93 73 83 4 0 18 T 0.0 0 5.6 20 130 M M 3 3 28 140
24 90 70 80 1 0 15 0.00 0.0 0 6.7 16 130 M M 4 24 130
25 85 75 80 1 0 15 0.40 0.0 0 7.2 20 210 M M 9 13 25 220
26 88 73 81 2 0 16 0.02 0.0 0 9.6 18 220 M M 10 3 24 200
27 90 73 82 3 0 17 0.75 0.0 0 10.1 38 270 M M 7 13 53 260
28 90 72 81 2 0 16 0.83 0.0 0 9.9 21 260 M M 7 13 39 250
29 82 72 77 -2 0 12 0.37 0.0 0 6.6 15 240 M M 8 1 20 240
30 87 71 79 0 0 14 T 0.0 0 4.4 12 20 M M 6 1 17 10
31 86 73 80 2 0 15 0.68 0.0 0 10.6 23 200 M M 8 13 27 220
================================================================================
SM 2774 2207 0 481 7.79 0.0 194.6 M 201
================================================================================
AV 89.5 71.2 6.3 FASTST M M 6 MAX(MPH)
MISC ----> 38 270 53 260
================================================================================
NOTES:
# LAST OF SEVERAL OCCURRENCES
COLUMN 17 PEAK WIND IN M.P.H.
PRELIMINARY LOCAL CLIMATOLOGICAL DATA (WS FORM: F-6) , PAGE 2
STATION: KNOXVILLE MCGHEE TYSON AIRPORT
MONTH: JULY
YEAR: 2022
LATITUDE: 35 49 N
LONGITUDE: 83 59 W
[TEMPERATURE DATA] [PRECIPITATION DATA] SYMBOLS USED IN COLUMN 16
AVERAGE MONTHLY: 80.3 TOTAL FOR MONTH: 7.79 1 = FOG OR MIST
DPTR FM NORMAL: 1.8 DPTR FM NORMAL: 2.54 2 = FOG REDUCING VISIBILITY
HIGHEST: 95 ON 6, 5 GRTST 24HR 1.89 ON 8- 9 TO 1/4 MILE OR LESS
LOWEST: 67 ON 14 3 = THUNDER
SNOW, ICE PELLETS, HAIL 4 = ICE PELLETS
TOTAL MONTH: 0.0 INCH 5 = HAIL
GRTST 24HR 0.0 6 = FREEZING RAIN OR DRIZZLE
GRTST DEPTH: 0 7 = DUSTSTORM OR SANDSTORM:
VSBY 1/2 MILE OR LESS
8 = SMOKE OR HAZE
[NO. OF DAYS WITH] [WEATHER - DAYS WITH] 9 = BLOWING SNOW
X = TORNADO
MAX 32 OR BELOW: 0 0.01 INCH OR MORE: 17
MAX 90 OR ABOVE: 18 0.10 INCH OR MORE: 14
MIN 32 OR BELOW: 0 0.50 INCH OR MORE: 7
MIN 0 OR BELOW: 0 1.00 INCH OR MORE: 1
[HDD (BASE 65) ]
TOTAL THIS MO. 0 CLEAR (SCALE 0-3) 1
DPTR FM NORMAL 0 PTCLDY (SCALE 4-7) 22
TOTAL FM JUL 1 0 CLOUDY (SCALE 8-10) 8
DPTR FM NORMAL 0
[CDD (BASE 65) ]
TOTAL THIS MO. 481
DPTR FM NORMAL 61 [PRESSURE DATA]
TOTAL FM JAN 1 1105 HIGHEST SLP 30.16 ON 30
DPTR FM NORMAL 190 LOWEST SLP 29.77 ON 20
[REMARKS]
#FINAL-07-22#