000
CXUS55 KSEW 011030
CF6UIL
PRELIMINARY LOCAL CLIMATOLOGICAL DATA (WS FORM: F-6)
STATION: QUILLAYUTE WA AIRPORT
MONTH: DECEMBER
YEAR: 2020
LATITUDE: 47 57 N
LONGITUDE: 124 33 W
TEMPERATURE IN F: :PCPN: SNOW: WIND :SUNSHINE: SKY :PK WND
================================================================================
1 2 3 4 5 6A 6B 7 8 9 10 11 12 13 14 15 16 17 18
12Z AVG MX 2MIN
DY MAX MIN AVG DEP HDD CDD WTR SNW DPTH SPD SPD DIR MIN PSBL S-S WX SPD DR
================================================================================
1 49 30 40 -1 25 0 0.00 M M 3.5 10 40 M M 1 18 15 130
2 53 30 42 1 23 0 0.00 M M 3.3 10 60 M M 0 13 60
3 50 34 42 1 23 0 T M M 3.1 10 80 M M 5 8 14 200
4 58 38 48 7 17 0 0.00 M M 4.2 9 90 M M 3 12 80
5 61 34 48 7 17 0 T M M 6.2 16 180 M M 3 26 200
6 52 48 50 9 15 0 0.23 M M 6.4 15 160 M M 8 8 25 150
7 51 47 49 8 16 0 1.90 M M 8.4 18 180 M M 10 1 31 140
8 52 46 49 9 16 0 0.80 M M 3.7 15 180 M M 10 18 23 170
9 49 35 42 2 23 0 0.14 M M 3.0 12 220 M M 9 128 17 280
10 44 35 40 0 25 0 0.52 M M 3.2 14 70 M M 6 1 17 60
11 47 28 38 -2 27 0 0.22 M M 3.5 9 30 M M 5 12 14 40
12 45 28 37 -3 28 0 T M M 4.9 10 140 M M 2 12 15 130
13 47 38 43 3 22 0 0.81 M M 3.8 12 150 M M 10 1 15 190
14 50 35 43 3 22 0 0.18 M M 4.1 15 140 M M 9 1 25 140
15 49 43 46 6 19 0 0.43 M M 7.9 22 150 M M 10 1 34 140
16 49 43 46 6 19 0 0.86 M M 10.8 24 230 M M 10 1 37 250
17 48 40 44 4 21 0 0.29 M M 7.6 30 220 M M 10 1 47 220
18 49 43 46 6 19 0 2.40 M M 11.8 23 190 M M 10 1 42 170
19 52 40 46 6 19 0 1.96 M M 8.9 21 250 M M 9 1 36 150
20 50 43 47 7 18 0 0.02 M M 3.1 15 240 M M 9 1 21 250
21 52 36 44 4 21 0 1.18 M M 10.5 25 200 M M 10 1 43 220
22 46 30 38 -2 27 0 0.00 M M 3.6 16 330 M M 1 1 25 320
23 44 28 36 -4 29 0 0.00 M M 4.2 12 60 M M 0 15 60
24 55 28 42 2 23 0 0.00 M M 6.8 18 160 M M 0 36 180
25 56 44 50 10 15 0 1.10 M M 8.6 21 180 M M 9 1 32 140
26 50 44 47 7 18 0 1.01 M M 10.3 22 250 M M 9 1 35 230
27 46 39 43 3 22 0 0.58 M M 3.9 10 60 M M 9 1 17 190
28 49 31 40 0 25 0 0.00 M M 2.9 9 40 M M 3 1 12 30
29 43 39 41 1 24 0 0.96 M M 4.9 17 150 M M 10 1 26 160
30 48 43 46 6 19 0 1.58 M M 12.9 17 150 M M 10 1 41 170
31 48 45 47 7 18 0 0.47 M M 7.2 21 250 M M 9 1 28 240
================================================================================
SM 1542 1165 655 0 17.64 M 187.2 M 209
================================================================================
AV 49.7 37.6 6.0 FASTST M M 7 MAX(MPH)
MISC ----> 30 220 47 220
================================================================================
NOTES:
# LAST OF SEVERAL OCCURRENCES
COLUMN 17 PEAK WIND IN M.P.H.
PRELIMINARY LOCAL CLIMATOLOGICAL DATA (WS FORM: F-6) , PAGE 2
STATION: QUILLAYUTE WA AIRPORT
MONTH: DECEMBER
YEAR: 2020
LATITUDE: 47 57 N
LONGITUDE: 124 33 W
[TEMPERATURE DATA] [PRECIPITATION DATA] SYMBOLS USED IN COLUMN 16
AVERAGE MONTHLY: 43.7 TOTAL FOR MONTH: 17.64 1 = FOG OR MIST
DPTR FM NORMAL: 3.3 DPTR FM NORMAL: 4.65 2 = FOG REDUCING VISIBILITY
HIGHEST: 61 ON 5 GRTST 24HR 2.46 ON 7- 8 TO 1/4 MILE OR LESS
LOWEST: 28 ON 24,23 3 = THUNDER
SNOW, ICE PELLETS, HAIL 4 = ICE PELLETS
TOTAL MONTH: M 5 = HAIL
GRTST 24HR M ON M 6 = FREEZING RAIN OR DRIZZLE
GRTST DEPTH: M ON M 7 = DUSTSTORM OR SANDSTORM:
VSBY 1/2 MILE OR LESS
8 = SMOKE OR HAZE
[NO. OF DAYS WITH] [WEATHER - DAYS WITH] 9 = BLOWING SNOW
X = TORNADO
MAX 32 OR BELOW: 0 0.01 INCH OR MORE: 21
MAX 90 OR ABOVE: 0 0.10 INCH OR MORE: 20
MIN 32 OR BELOW: 8 0.50 INCH OR MORE: 13
MIN 0 OR BELOW: 0 1.00 INCH OR MORE: 7
[HDD (BASE 65) ]
TOTAL THIS MO. 655 CLEAR (SCALE 0-3) 9
DPTR FM NORMAL -109 PTCLDY (SCALE 4-7) 4
TOTAL FM JUL 1 2120 CLOUDY (SCALE 8-10) 18
DPTR FM NORMAL -360
[CDD (BASE 65) ]
TOTAL THIS MO. 0
DPTR FM NORMAL 0 [PRESSURE DATA]
TOTAL FM JAN 1 39 HIGHEST SLP 30.62 ON 1
DPTR FM NORMAL 20 LOWEST SLP 29.36 ON 16
[REMARKS]
#FINAL-12-20#