000
CXUS53 KLSX 011833
CLSUIN
CLIMATE REPORT
NATIONAL WEATHER SERVICE ST LOUIS MO
133 PM CDT FRI SEP 01 2023
...................................
...THE QUINCY IL CLIMATE SUMMARY FOR THE SEASON, FROM
6/1/2023 TO 8/31/2023...
CLIMATE NORMAL PERIOD 1991 TO 2020
CLIMATE RECORD PERIOD 1901 TO 2023
WEATHER OBSERVED NORMAL DEPART LAST YEAR`S
VALUE DATE(S) VALUE FROM VALUE
NORMAL
..............................................................
TEMPERATURE (F)
RECORD
HIGH 114 07/15/1936
LOW 39 06/12/1903
HIGHEST 103 07/28
LOWEST 48 06/12
AVG. MAXIMUM 85.9 84.3 1.6
AVG. MINIMUM 64.2 64.7 -0.5
MEAN 75.1 74.5 0.6
DAYS MAX >= 90 28
DAYS MAX <= 32 0
DAYS MAX >= 100 5
DAYS MIN <= 32 0
DAYS MIN <= 0 0
PRECIPITATION (INCHES)
RECORD
MAXIMUM 21.85 1915
MINIMUM 2.68 1936
TOTALS 8.05 11.92 -3.87
DAYS >= .01 MM
DAYS >= .10 MM
DAYS >= .50 MM
DAYS >= 1.00 MM
GREATEST
24 HR. TOTAL 1.83
DEGREE DAYS
HEATING TOTAL 8 18 -10
SINCE 7/1 0 1 -1
COOLING TOTAL 956 893 63
SINCE 1/1 1060 996 64
..............................................................
WIND (MPH)
HIGHEST WIND SPEED/DIRECTION 44/280 DATE 07/01
HIGHEST GUST SPEED/DIRECTION 62/290 DATE 07/01
WEATHER CONDITIONS. NUMBER OF DAYS WITH
THUNDERSTORM 24 HAIL 0
FOG W/VIS <= 1/4 MILE 4
- INDICATES NEGATIVE NUMBERS.
R INDICATES RECORD WAS SET OR TIED.
MM INDICATES DATA IS MISSING.
T INDICATES TRACE AMOUNT.
...SEASONAL...
NO RECORDS OF NOTE.
...MONTHLY...
NO RECORDS OF NOTE.
...DAILY...
RECORD RAINFALL VALUE OF 1.45 INCHES SET ON 08/09. PREVIOUS 1.32 IN
1961.
$$