000
CXUS53 KLSX 020258
CLSUIN
CLIMATE REPORT
NATIONAL WEATHER SERVICE ST LOUIS MO
858 PM CST FRI MAR 01 2024
...................................
...THE QUINCY IL CLIMATE SUMMARY FOR THE SEASON, FROM
12/1/2023 TO 2/29/2024...
CLIMATE NORMAL PERIOD 1991 TO 2020
CLIMATE RECORD PERIOD 1901 TO 2024
WEATHER OBSERVED NORMAL DEPART LAST YEAR`S
VALUE DATE(S) VALUE FROM VALUE
NORMAL
..............................................................
TEMPERATURE (F)
RECORD
HIGH 80 02/27/2024
LOW -29 02/13/1905
HIGHEST 80R 02/27 MM MM
LOWEST -14 01/14 MM MM
AVG. MAXIMUM 44.2 37.9 6.3
AVG. MINIMUM 27.6 21.7 5.9
MEAN 35.9 29.8 6.1
DAYS MAX >= 90 0
DAYS MAX <= 32 11
DAYS MAX >= 100 0
DAYS MIN <= 32 58
DAYS MIN <= 0 7
PRECIPITATION (INCHES)
RECORD
MAXIMUM 10.11 1983
MINIMUM 1.33 1920
TOTALS 4.78 5.14 -0.36
DAYS >= .01 24
DAYS >= .10 14
DAYS >= .50 3
DAYS >= 1.00 0
GREATEST
24 HR. TOTAL 0.64 01/25 TO 01/25
DEGREE DAYS
HEATING TOTAL 2575 3172 -597
SINCE 7/1 3466 4319 -853
COOLING TOTAL 0 0 0
SINCE 1/1 0 0 0
..............................................................
WIND (MPH)
HIGHEST WIND SPEED/DIRECTION 33/320 DATE 12/18
33/310 02/27
HIGHEST GUST SPEED/DIRECTION 53/200 DATE 02/08
WEATHER CONDITIONS. NUMBER OF DAYS WITH
THUNDERSTORM 3 HAIL 0
FOG W/VIS <= 1/4 MILE 14
- INDICATES NEGATIVE NUMBERS.
R INDICATES RECORD WAS SET OR TIED.
MM INDICATES DATA IS MISSING.
T INDICATES TRACE AMOUNT.
...SEASONAL...
5TH WARMEST METEOROLOGICAL WINTER ON RECORD (35.9 DEGREES).
TIED MOST DAYS WITH A HIGH TEMPERATURE GREATER THAN OR EQUAL TO 60
DEGREES (14 DAYS. ALSO SET IN 2016-2017).
2ND LEAST DAYS WITH A LOW TEMPERATURE LESS THAN OR EQUAL TO 32
DEGREES (58 DAYS).
...MONTHLY...
TIED 2ND WARMEST FEBRUARY ON RECORD (42.2 DEGREES).
MOST DAYS WITH A HIGH TEMPERATURE GREATER THAN OR EQUAL TO 50
DEGREES (20 DAYS).
2ND DRIEST FEBRUARY (0.07 INCHES).
6TH WARMEST DECEMBER (40.3 DEGREES).
...DAILY...
4 RECORD HIGH TEMPERATURES SET OR TIED (02/27, 02/26, 02/21, AND
02/08).
-- HIGH OF 80 DEGREES ON 02/27 ALSO SET MONTHLY RECORD FOR
FEBRUARY. PREVIOUS 77 DEGREES ON 02/20/2017.
RECORD LOW MAXIMUM TEMPERATURE OF -5 DEGREES SET ON 01/14. PREVIOUS
0 DEGREES IN 1916.
$$