000
CXUS54 KEWX 011010
CF6UVA
PRELIMINARY LOCAL CLIMATOLOGICAL DATA (WS FORM: F-6)
STATION: UVALDE
MONTH: MARCH
YEAR: 2023
LATITUDE: 29 12 N
LONGITUDE: 99 44 W
TEMPERATURE IN F: :PCPN: SNOW: WIND :SUNSHINE: SKY :PK WND
================================================================================
1 2 3 4 5 6A 6B 7 8 9 10 11 12 13 14 15 16 17 18
12Z AVG MX 2MIN
DY MAX MIN AVG DEP HDD CDD WTR SNW DPTH SPD SPD DIR MIN PSBL S-S WX SPD DR
================================================================================
1 90 69 80 M 0 15 0.00 M M 3.3 10 140 M M 4 1 M M
2 91 57 74 M 0 9 0.00 M M 12.9 31 340 M M 4 1 45 340
3 77 46 62 M 3 0 0.00 M M 10.7 46 310 M M 0 60 310
4 84 44 64 M 1 0 0.00 M M 5.8 14 120 M M 0 20 120
5 85 49 67 M 0 2 0.00 M M 6.6 15 130 M M 1 26 130
6 87 61 74 M 0 9 0.00 M M 5.2 8 110 M M 5 M M
7 85 64 75 M 0 10 0.00 M M 6.3 13 110 M M 5 18 100
8 85 64 75 M 0 10 0.00 M M 9.4 17 110 M M 5 22 110
9 85 67 76 M 0 11 0.00 M M 6.6 13 130 M M 6 16 100
10 80 63 72 M 0 7 0.00 M M 7.9 13 60 M M 4 17 70
11 93 62 78 M 0 13 0.00 M M 3.7 8 120 M M 2 M M
12 89 57 73 M 0 8 0.00 M M 8.9 17 310 M M 0 25 310
13 70 53 62 M 3 0 0.00 M M 10.9 18 60 M M 4 26 60
14 67 47 57 M 8 0 0.03 M M 9.4 14 60 M M 9 18 60
15 70 55 63 M 2 0 0.00 M M 10.3 22 140 M M 10 25 130
16 87 64 76 M 0 11 0.05 M M 6.3 21 10 M M 6 28 10
17 58 44 51 M 14 0 0.00 M M 8.9 18 20 M M 9 28 360
18 46 39 43 M 22 0 0.00 M M 4.6 12 30 M M 10 M M
19 56 40 48 M 17 0 0.00 M M 5.1 10 210 M M 6 M M
20 55 40 48 M 17 0 0.00 M M 6.0 12 110 M M 10 1 17 160
21 74 53 64 M 1 0 0.00 M M 4.2 9 150 M M 8 1 M M
22 85 65 75 M 0 10 0.00 M M 9.4 15 110 M M 6 1 21 160
23 89 69 79 M 0 14 0.00 M M 10.3 14 140 M M 6 20 140
24 87 57 72 M 0 7 0.00 M M 7.2 18 320 M M 1 1 25 340
25 82 45 64 M 1 0 0.00 M M 4.6 14 360 M M 1 23 340
26 88 52 70 M 0 5 0.00 M M 3.2 8 20 M M 3 M M
27 83 61 72 M 0 7 0.00 M M 8.4 15 70 M M 7 1 22 140
28 72 56 64 M 1 0 0.00 M M 10.2 23 40 M M 8 32 40
29 68 56 62 M 3 0 0.00 M M 4.8 12 120 M M 10 18 130
30 71 58 65 M 0 0 0.00 M M 3.7 17 140 M M 10 1 22 140
31 90 62 76 M 0 11 0.00 M M 2.5 10 360 M M 5 17 0
================================================================================
SM 2429 1719 93 159 0.08 M 217.4 M 165
================================================================================
AV 78.4 55.5 7.0 FASTST M M 5 MAX(MPH)
MISC ----> 46 310 60 310
================================================================================
NOTES:
# LAST OF SEVERAL OCCURRENCES
COLUMN 17 PEAK WIND IN M.P.H.
PRELIMINARY LOCAL CLIMATOLOGICAL DATA (WS FORM: F-6) , PAGE 2
STATION: UVALDE
MONTH: MARCH
YEAR: 2023
LATITUDE: 29 12 N
LONGITUDE: 99 44 W
[TEMPERATURE DATA] [PRECIPITATION DATA] SYMBOLS USED IN COLUMN 16
AVERAGE MONTHLY: 66.9 TOTAL FOR MONTH: 0.08 1 = FOG OR MIST
DPTR FM NORMAL: 0.0 DPTR FM NORMAL: M 2 = FOG REDUCING VISIBILITY
HIGHEST: 93 ON 11 GRTST 24HR 0.05 ON 16-16 TO 1/4 MILE OR LESS
LOWEST: 39 ON 18 3 = THUNDER
SNOW, ICE PELLETS, HAIL 4 = ICE PELLETS
TOTAL MONTH: M 5 = HAIL
GRTST 24HR M ON M 6 = FREEZING RAIN OR DRIZZLE
GRTST DEPTH: M ON M 7 = DUSTSTORM OR SANDSTORM:
VSBY 1/2 MILE OR LESS
8 = SMOKE OR HAZE
[NO. OF DAYS WITH] [WEATHER - DAYS WITH] 9 = BLOWING SNOW
X = TORNADO
MAX 32 OR BELOW: 0 0.01 INCH OR MORE: 2
MAX 90 OR ABOVE: 4 0.10 INCH OR MORE: 0
MIN 32 OR BELOW: 0 0.50 INCH OR MORE: 0
MIN 0 OR BELOW: 0 1.00 INCH OR MORE: 0
[HDD (BASE 65) ]
TOTAL THIS MO. 93 CLEAR (SCALE 0-3) 8
DPTR FM NORMAL M PTCLDY (SCALE 4-7) 15
TOTAL FM JUL 1 1203 CLOUDY (SCALE 8-10) 8
DPTR FM NORMAL M
[CDD (BASE 65) ]
TOTAL THIS MO. 159
DPTR FM NORMAL M [PRESSURE DATA]
TOTAL FM JAN 1 224 HIGHEST SLP M ON M
DPTR FM NORMAL M LOWEST SLP M ON M
[REMARKS]
#FINAL-03-23#