000
CXUS54 KEWX 011011
CF6UVA
PRELIMINARY LOCAL CLIMATOLOGICAL DATA (WS FORM: F-6)
STATION: UVALDE
MONTH: OCTOBER
YEAR: 2020
LATITUDE: 29 12 N
LONGITUDE: 99 44 W
TEMPERATURE IN F: :PCPN: SNOW: WIND :SUNSHINE: SKY :PK WND
================================================================================
1 2 3 4 5 6A 6B 7 8 9 10 11 12 13 14 15 16 17 18
12Z AVG MX 2MIN
DY MAX MIN AVG DEP HDD CDD WTR SNW DPTH SPD SPD DIR MIN PSBL S-S WX SPD DR
================================================================================
1 91 51 71 M 0 6 0.00 M M 4.6 8 190 M M 0 M M
2 87 59 73 M 0 8 0.00 M M 8.1 14 100 M M 0 18 100
3 88 55 72 M 0 7 0.00 M M 7.9 15 140 M M 1 20 140
4 90 61 76 M 0 11 0.00 M M 4.7 8 120 M M 2 M M
5 89 60 75 M 0 10 0.00 M M 6.1 9 240 M M 0 16 230
6 91 59 75 M 0 10 0.00 M M 6.0 12 160 M M 0 18 160
7 89 61 75 M 0 10 0.00 M M 4.1 7 120 M M 0 M M
8 92 71 82 M 0 17 0.00 M M 5.3 9 120 M M 0 M M
9 94 65 80 M 0 15 0.00 M M 3.8 7 290 M M 1 M M
10 99 64 82 M 0 17 0.00 M M 4.6 9 70 M M 0 M M
11 100 60 80 M 0 15 0.00 M M 6.9 12 150 M M 0 23 150
12 96 66 81 M 0 16 0.00 M M 7.6 15 30 M M 2 1 28 70
13 91 66 79 M 0 14 0.00 M M 6.8 10 140 M M 2 8 16 130
14 94 64 79 M 0 14 0.00 M M 6.5 13 170 M M 1 18 170
15 93 65 79 M 0 14 0.00 M M 7.5 16 30 M M 5 22 30
16 80 55 68 M 0 3 0.00 M M 9.7 20 70 M M 1 25 70
17 84 55 70 M 0 5 0.00 M M 6.7 13 140 M M 6 1 20 140
18 94 63 79 M 0 14 0.00 M M 8.3 14 160 M M 3 1 18 160
19 91 73 82 M 0 17 0.00 M M 9.2 14 150 M M 5 20 170
20 90 73 82 M 0 17 0.00 M M 10.5 16 180 M M 5 22 160
21 90 71 81 M 0 16 0.00 M M 8.8 13 170 M M 5 18 140
22 90 72 81 M 0 16 0.00 M M 8.6 12 130 M M 5 18 160
23 89 58 74 M 0 9 0.00 M M 8.2 16 60 M M 7 22 40
24 74 52 63 M 2 0 0.00 M M 5.4 12 350 M M 6 M M
25 85 55 70 M 0 5 0.00 M M 8.0 15 130 M M 6 22 130
26 82 44 63 M 2 0 0.00 M M 10.9 16 350 M M 8 23 360
27 44 39 42 M 23 0 0.00 M M 9.0 15 360 M M 10 20 320
28 64 40 52 M 13 0 0.00 M M 10.9 18 330 M M 1 24 330
29 68 43 56 M 9 0 0.00 M M 10.9 23 310 M M 0 32 320
30 71 37 54 M 11 0 0.00 M M 2.5 7 200 M M 0 M M
31 77 40 59 M 6 0 0.00 M M 4.1 9 190 M M 0 M M
================================================================================
SM 2657 1797 66 286 0.00 M 222.2 M 82
================================================================================
AV 85.7 58.0 7.2 FASTST M M 3 MAX(MPH)
MISC ----> # 23 310 # 32 320
================================================================================
NOTES:
# LAST OF SEVERAL OCCURRENCES
COLUMN 17 PEAK WIND IN M.P.H.
PRELIMINARY LOCAL CLIMATOLOGICAL DATA (WS FORM: F-6) , PAGE 2
STATION: UVALDE
MONTH: OCTOBER
YEAR: 2020
LATITUDE: 29 12 N
LONGITUDE: 99 44 W
[TEMPERATURE DATA] [PRECIPITATION DATA] SYMBOLS USED IN COLUMN 16
AVERAGE MONTHLY: 71.8 TOTAL FOR MONTH: 0.00 1 = FOG OR MIST
DPTR FM NORMAL: M DPTR FM NORMAL: M 2 = FOG REDUCING VISIBILITY
HIGHEST: 100 ON 11 GRTST 24HR 0.00 ON 31-31 TO 1/4 MILE OR LESS
LOWEST: 37 ON 30 3 = THUNDER
SNOW, ICE PELLETS, HAIL 4 = ICE PELLETS
TOTAL MONTH: M 5 = HAIL
GRTST 24HR M ON M 6 = FREEZING RAIN OR DRIZZLE
GRTST DEPTH: M ON M 7 = DUSTSTORM OR SANDSTORM:
VSBY 1/2 MILE OR LESS
8 = SMOKE OR HAZE
[NO. OF DAYS WITH] [WEATHER - DAYS WITH] 9 = BLOWING SNOW
X = TORNADO
MAX 32 OR BELOW: 0 0.01 INCH OR MORE: 0
MAX 90 OR ABOVE: 16 0.10 INCH OR MORE: 0
MIN 32 OR BELOW: 0 0.50 INCH OR MORE: 0
MIN 0 OR BELOW: 0 1.00 INCH OR MORE: 0
[HDD (BASE 65) ]
TOTAL THIS MO. 66 CLEAR (SCALE 0-3) 20
DPTR FM NORMAL M PTCLDY (SCALE 4-7) 9
TOTAL FM JUL 1 68 CLOUDY (SCALE 8-10) 2
DPTR FM NORMAL M
[CDD (BASE 65) ]
TOTAL THIS MO. 286
DPTR FM NORMAL M [PRESSURE DATA]
TOTAL FM JAN 1 3198 HIGHEST SLP M ON M
DPTR FM NORMAL M LOWEST SLP M ON M
[REMARKS]
#FINAL-10-20#