000
CXUS55 KGJT 011622
CF6VEL
PRELIMINARY LOCAL CLIMATOLOGICAL DATA (WS FORM: F-6)
STATION: VERNAL UT
MONTH: JANUARY
YEAR: 2024
LATITUDE: 40 27 N
LONGITUDE: 109 31 W
TEMPERATURE IN F: :PCPN: SNOW: WIND :SUNSHINE: SKY :PK WND
================================================================================
1 2 3 4 5 6A 6B 7 8 9 10 11 12 13 14 15 16 17 18
12Z AVG MX 2MIN
DY MAX MIN AVG DEP HDD CDD WTR SNW DPTH SPD SPD DIR MIN PSBL S-S WX SPD DR
================================================================================
1 37 10 24 5 41 0 0.00 M M 2.7 7 290 M M 2 9 130
2 37 10 24 5 41 0 0.00 M M 2.4 6 270 M M 0 10 120
3 36 9 23 4 42 0 0.00 M M 2.3 8 280 M M 1 10 150
4 42 15 29 10 36 0 0.00 M M 3.3 9 250 M M 4 8 10 260
5 36 15 26 7 39 0 0.00 M M 3.4 15 10 M M 3 22 350
6 34 7 21 2 44 0 0.00 M M 3.4 12 360 M M 2 16 20
7 32 19 26 7 39 0 T M M 2.6 16 10 M M 8 1 22 360
8 33 10 22 3 43 0 0.00 M M 6.9 17 20 M M 3 26 20
9 27 6 17 -2 48 0 T M M 2.4 9 280 M M 2 1 11 280
10 26 4 15 -4 50 0 T M M 3.6 16 340 M M 6 18 20 340
11 28 -3 13 -6 52 0 T M M 4.9 16 320 M M 6 1 24 310
12 32 -5 14 -5 51 0 T M M 8.6 26 250 M M 6 35 260
13 39 14 27 8 38 0 0.00 M M 8.1 25 250 M M 3 34 250
14 41 26 34 15 31 0 T M M 2.6 9 360 M M 10 1 11 360
15 32 2 17 -2 48 0 0.00 M M 7.8 32 60 M M 0 43 50
16 26 0 13 -6 52 0 0.00 M M 2.3 8 270 M M 0 9 270
17 28 7 18 -1 47 0 T M M 1.4 7 260 M M 7 18 9 110
18 43 11 27 7 38 0 0.00 M M 2.6 9 280 M M 1 12 280
19 42 23 33 13 32 0 0.00 M M 1.5 7 290 M M 2 8 60
20 40 19 30 10 35 0 T M M 1.8 7 220 M M 4 1 8 110
21 41 26 34 14 31 0 T M M 1.2 6 140 M M 9 1 8 160
22 42 33 38 18 27 0 T M M 1.3 7 340 M M 10 18 7 20
23 46 33 40 20 25 0 0.00 M M 1.6 7 350 M M 10 1 8 350
24 47 30 39 19 26 0 T M M 2.3 9 70 M M 8 1 14 70
25 44 26 35 15 30 0 0.00 M M 2.6 7 260 M M 6 13 120
26 46 27 37 16 28 0 T M M 2.8 10 210 M M 8 13 200
27 45 19 32 11 33 0 0.00 M M 2.0 8 270 M M 2 10 170
28 49 20 35 14 30 0 0.00 M M 3.1 8 290 M M 0 9 130
29 51 22 37 16 28 0 0.00 M M 2.4 8 270 M M 0 10 110
30 52 21 37 15 28 0 0.00 M M 3.2 9 280 M M 0 10 280
31 52 21 37 15 28 0 0.00 M M 3.9 9 300 M M 0 12 130
================================================================================
SM 1206 477 1161 0 T M 101.0 M 123
================================================================================
AV 38.9 15.4 3.3 FASTST M M 4 MAX(MPH)
MISC ----> 32 60 43 50
================================================================================
NOTES:
# LAST OF SEVERAL OCCURRENCES
COLUMN 17 PEAK WIND IN M.P.H.
PRELIMINARY LOCAL CLIMATOLOGICAL DATA (WS FORM: F-6) , PAGE 2
STATION: VERNAL UT
MONTH: JANUARY
YEAR: 2024
LATITUDE: 40 27 N
LONGITUDE: 109 31 W
[TEMPERATURE DATA] [PRECIPITATION DATA] SYMBOLS USED IN COLUMN 16
AVERAGE MONTHLY: 27.1 TOTAL FOR MONTH: T 1 = FOG OR MIST
DPTR FM NORMAL: 7.4 DPTR FM NORMAL: -0.59 2 = FOG REDUCING VISIBILITY
HIGHEST: 52 ON 31,30 GRTST 24HR 0.13 ON 17-18 TO 1/4 MILE OR LESS
LOWEST: -5 ON 12 3 = THUNDER
SNOW, ICE PELLETS, HAIL 4 = ICE PELLETS
TOTAL MONTH: M 5 = HAIL
GRTST 24HR M ON M 6 = FREEZING RAIN OR DRIZZLE
GRTST DEPTH: M ON M 7 = DUSTSTORM OR SANDSTORM:
VSBY 1/2 MILE OR LESS
8 = SMOKE OR HAZE
[NO. OF DAYS WITH] [WEATHER - DAYS WITH] 9 = BLOWING SNOW
X = TORNADO
MAX 32 OR BELOW: 8 0.01 INCH OR MORE: 0
MAX 90 OR ABOVE: 0 0.10 INCH OR MORE: 0
MIN 32 OR BELOW: 29 0.50 INCH OR MORE: 0
MIN 0 OR BELOW: 3 1.00 INCH OR MORE: 0
[HDD (BASE 65) ]
TOTAL THIS MO. 1161 CLEAR (SCALE 0-3) 16
DPTR FM NORMAL -245 PTCLDY (SCALE 4-7) 9
TOTAL FM JUL 1 3727 CLOUDY (SCALE 8-10) 6
DPTR FM NORMAL -541
[CDD (BASE 65) ]
TOTAL THIS MO. 0
DPTR FM NORMAL 0 [PRESSURE DATA]
TOTAL FM JAN 1 0 HIGHEST SLP 30.63 ON 28
DPTR FM NORMAL 0 LOWEST SLP 29.51 ON 10
[REMARKS]
#FINAL-01-24#