000
CXUS52 KMLB 010624
CF6VRB
PRELIMINARY LOCAL CLIMATOLOGICAL DATA (WS FORM: F-6)
STATION: VERO BEACH
MONTH: JUNE
YEAR: 2022
LATITUDE: 27 39 N
LONGITUDE: 80 25 W
TEMPERATURE IN F: :PCPN: SNOW: WIND :SUNSHINE: SKY :PK WND
================================================================================
1 2 3 4 5 6A 6B 7 8 9 10 11 12 13 14 15 16 17 18
12Z AVG MX 2MIN
DY MAX MIN AVG DEP HDD CDD WTR SNW DPTH SPD SPD DIR MIN PSBL S-S WX SPD DR
================================================================================
1 85 73 79 0 0 14 0.20 0.0 0 9.8 20 50 M M 6 18 25 50
2 86 69 78 -1 0 13 0.89 0.0 0 7.8 17 250 M M 3 1 22 110
3 79 68 74 -5 0 9 0.35 0.0 0 7.7 20 150 M M 4 1 23 140
4 80 71 76 -4 0 11 4.97 0.0 0 15.8 36 110 M M 8 1 42 110
5 86 71 79 -1 0 14 0.00 0.0 0 7.0 12 110 M M 5 1 16 80
6 89 72 81 1 0 16 1.95 0.0 0 7.0 23 310 M M 3 1238 25 320
7 90 68 79 -1 0 14 0.00 0.0 0 5.8 16 210 M M 2 13 21 140
8 90 71 81 1 0 16 0.73 0.0 0 7.6 21 290 M M 2 138 25 290
9 93 73 83 3 0 18 0.01 0.0 0 7.9 22 320 M M 2 13 28 290
10 92 70 81 1 0 16 1.17 0.0 0 8.5 24 320 M M 4 138 33 310
11 92 71 82 2 0 17 0.00 0.0 0 7.3 32 270 M M 3 3 42 280
12 94 75 85 5 0 20 0.11 0.0 0 6.6 16 210 M M 2 18 24 220
13 89 74 82 2 0 17 0.00 0.0 0 7.0 18 130 M M 1 22 140
14 92 74 83 2 0 18 0.00 0.0 0 6.8 17 120 M M 1 13 21 110
15 91 73 82 1 0 17 0.00 0.0 0 6.1 16 130 M M 0 1 19 130
16 91 73 82 1 0 17 0.00 0.0 0 5.0 13 60 M M 1 1 16 60
17 88 74 81 0 0 16 0.00 0.0 0 7.1 14 90 M M 3 18 100
18 93 70 82 1 0 17 0.12 0.0 0 6.0 28 330 M M 1 13 38 320
19 92 71 82 1 0 17 0.00 0.0 0 5.7 14 110 M M 1 18 120
20 89 75 82 1 0 17 0.05 0.0 0 9.0 18 100 M M 2 1 24 90
21 87 75 81 0 0 16 0.00 0.0 0 9.4 18 40 M M 2 24 40
22 86 68 77 -4 0 12 0.00 0.0 0 6.6 14 80 M M 2 20 100
23 94 65 80 -1 0 15 0.00 0.0 0 8.3 17 120 M M 0 21 120
24 98 77 88 7 0 23 0.00 0.0 0 7.8 22 130 M M 1 3 27 280
25 91 75 83 2 0 18 0.00 0.0 0 7.7 17 30 M M 5 13 22 30
26 89 74 82 1 0 17 T 0.0 0 7.5 20 120 M M 4 3 24 110
27 91 73 82 1 0 17 0.00 0.0 0 7.7 18 110 M M 2 23 120
28 90 73 82 1 0 17 0.06 0.0 0 8.5 20 120 M M 2 18 26 120
29 86 75 81 -1 0 16 0.00 0.0 0 3.7 12 90 M M 2 3 15 60
30 89 75 82 0 0 17 0.02 0.0 0 6.7 20 140 M M 2 13 23 150
================================================================================
SM 2682 2166 0 482 10.63 0.0 225.4 M 76
================================================================================
AV 89.4 72.2 7.5 FASTST M M 3 MAX(MPH)
MISC ----> 36 110 # 42 110
================================================================================
NOTES:
# LAST OF SEVERAL OCCURRENCES
COLUMN 17 PEAK WIND IN M.P.H.
PRELIMINARY LOCAL CLIMATOLOGICAL DATA (WS FORM: F-6) , PAGE 2
STATION: VERO BEACH
MONTH: JUNE
YEAR: 2022
LATITUDE: 27 39 N
LONGITUDE: 80 25 W
[TEMPERATURE DATA] [PRECIPITATION DATA] SYMBOLS USED IN COLUMN 16
AVERAGE MONTHLY: 80.8 TOTAL FOR MONTH: 10.63 1 = FOG OR MIST
DPTR FM NORMAL: 0.2 DPTR FM NORMAL: 3.87 2 = FOG REDUCING VISIBILITY
HIGHEST: 98 ON 24 GRTST 24HR 5.31 ON 3- 4 TO 1/4 MILE OR LESS
LOWEST: 65 ON 23 3 = THUNDER
SNOW, ICE PELLETS, HAIL 4 = ICE PELLETS
TOTAL MONTH: 0.0 INCH 5 = HAIL
GRTST 24HR 0.0 6 = FREEZING RAIN OR DRIZZLE
GRTST DEPTH: 0 7 = DUSTSTORM OR SANDSTORM:
VSBY 1/2 MILE OR LESS
8 = SMOKE OR HAZE
[NO. OF DAYS WITH] [WEATHER - DAYS WITH] 9 = BLOWING SNOW
X = TORNADO
MAX 32 OR BELOW: 0 0.01 INCH OR MORE: 13
MAX 90 OR ABOVE: 16 0.10 INCH OR MORE: 9
MIN 32 OR BELOW: 0 0.50 INCH OR MORE: 5
MIN 0 OR BELOW: 0 1.00 INCH OR MORE: 3
[HDD (BASE 65) ]
TOTAL THIS MO. 0 CLEAR (SCALE 0-3) 23
DPTR FM NORMAL 0 PTCLDY (SCALE 4-7) 7
TOTAL FM JUL 1 237 CLOUDY (SCALE 8-10) 0
DPTR FM NORMAL -162
[CDD (BASE 65) ]
TOTAL THIS MO. 482
DPTR FM NORMAL 16 [PRESSURE DATA]
TOTAL FM JAN 1 1537 HIGHEST SLP M ON M
DPTR FM NORMAL 184 LOWEST SLP 29.59 ON 4
[REMARKS]
#FINAL-06-22#