000
CXUS51 KBTV 010800
CF6VSF
PRELIMINARY LOCAL CLIMATOLOGICAL DATA (WS FORM: F-6)
STATION: SPRINGFIELD VT
MONTH: FEBRUARY
YEAR: 2024
LATITUDE: 43 19 N
LONGITUDE: 72 31 W
TEMPERATURE IN F: :PCPN: SNOW: WIND :SUNSHINE: SKY :PK WND
================================================================================
1 2 3 4 5 6A 6B 7 8 9 10 11 12 13 14 15 16 17 18
12Z AVG MX 2MIN
DY MAX MIN AVG DEP HDD CDD WTR SNW DPTH SPD SPD DIR MIN PSBL S-S WX SPD DR
================================================================================
1 35 27 31 11 34 0 0.00 M M 0.5 6 180 M M 10 1 7 140
2 42 30 36 16 29 0 T M M 4.8 15 330 M M 10 1 23 20
3 36 25 31 11 34 0 0.00 M M 5.5 14 20 M M 5 22 20
4 40 19 30 9 35 0 0.00 M M 5.4 15 280 M M 1 22 320
5 37 22 30 9 35 0 0.00 M M 5.9 16 360 M M 0 23 360
6 39 17 28 7 37 0 0.00 M M 2.8 10 60 M M 0 18 15 50
7 41 16 29 8 36 0 0.00 M M 0.0 6 180 M M 3 18 7 170
8 50 24 37 16 28 0 0.00 M M 0.5 7 180 M M 2 8 8 180
9 48 25 37 15 28 0 0.00 M M 1.7 8 130 M M 3 1 M M
10 58 27 43 21 22 0 T M M 1.5 12 260 M M 3 12 17 240
11 47 30 39 17 26 0 0.00 M M 6.0 17 300 M M 5 26 290
12 39 31 35 13 30 0 0.00 M M 4.0 13 270 M M 10 18 280
13 37 25 31 9 34 0 0.00 M M 3.6 13 290 M M 8 19 10
14 30 20 25 2 40 0 0.01 M M 11.1 24 280 M M 4 18 40 290
15 34 18 26 3 39 0 0.07 M M 4.4 15 200 M M 3 12 23 190
16 33 22 28 5 37 0 T M M 8.3 23 270 M M 8 18 36 280
17 31 20 26 3 39 0 T M M 4.5 20 290 M M 8 18 33 260
18 30 12 21 -3 44 0 0.00 M M 5.1 18 270 M M 8 28 270
19 31 19 25 1 40 0 T M M 8.8 21 300 M M 3 35 300
20 38 7 23 -1 42 0 0.00 M M 1.8 13 280 M M 0 8 20 260
21 40 11 26 2 39 0 0.00 M M 2.3 14 170 M M 0 23 160
22 36 17 27 2 38 0 M M M 2.2 10 150 M M 7 1 14 180
23 47 29 38 13 27 0 0.08 M M 0.3 6 320 M M 5 1 8 320
24 35 12 24 -1 41 0 T M M 8.1 20 270 M M 4 1 30 250
25 36 7 22 -4 43 0 0.00 M M 1.5 10 150 M M 0 16 140
26 55 24 40 14 25 0 T M M 2.8 13 220 M M 3 22 260
27 60 24 42 16 23 0 0.01 M M 2.3 10 170 M M 1 20 99
28 54 33 44 18 21 0 0.12 M M 7.2 33 260 M M 10 1 50 280
29 33 20 27 0 38 0 T M M 15.7 24 290 M M 7 54 280
================================================================================
SM 1172 613 984 0 0.29 M 128.7 M 131
================================================================================
AV 40.4 21.1 4.4 FASTST M M 5 MAX(MPH)
MISC ----> 33 260 54 280
================================================================================
NOTES:
# LAST OF SEVERAL OCCURRENCES
COLUMN 17 PEAK WIND IN M.P.H.
PRELIMINARY LOCAL CLIMATOLOGICAL DATA (WS FORM: F-6) , PAGE 2
STATION: SPRINGFIELD VT
MONTH: FEBRUARY
YEAR: 2024
LATITUDE: 43 19 N
LONGITUDE: 72 31 W
[TEMPERATURE DATA] [PRECIPITATION DATA] SYMBOLS USED IN COLUMN 16
AVERAGE MONTHLY: 30.8 TOTAL FOR MONTH: 0.29 1 = FOG OR MIST
DPTR FM NORMAL: 7.9 DPTR FM NORMAL: -1.94 2 = FOG REDUCING VISIBILITY
HIGHEST: 60 ON 27 GRTST 24HR 0.12 ON 28-28 TO 1/4 MILE OR LESS
LOWEST: 7 ON 25,20 3 = THUNDER
SNOW, ICE PELLETS, HAIL 4 = ICE PELLETS
TOTAL MONTH: M 5 = HAIL
GRTST 24HR M ON M 6 = FREEZING RAIN OR DRIZZLE
GRTST DEPTH: M ON M 7 = DUSTSTORM OR SANDSTORM:
VSBY 1/2 MILE OR LESS
8 = SMOKE OR HAZE
[NO. OF DAYS WITH] [WEATHER - DAYS WITH] 9 = BLOWING SNOW
X = TORNADO
MAX 32 OR BELOW: 4 0.01 INCH OR MORE: 5
MAX 90 OR ABOVE: 0 0.10 INCH OR MORE: 1
MIN 32 OR BELOW: 28 0.50 INCH OR MORE: 0
MIN 0 OR BELOW: 0 1.00 INCH OR MORE: 0
[HDD (BASE 65) ]
TOTAL THIS MO. 984 CLEAR (SCALE 0-3) 13
DPTR FM NORMAL -193 PTCLDY (SCALE 4-7) 11
TOTAL FM JUL 1 4417 CLOUDY (SCALE 8-10) 5
DPTR FM NORMAL -1019
[CDD (BASE 65) ]
TOTAL THIS MO. 0
DPTR FM NORMAL 0 [PRESSURE DATA]
TOTAL FM JAN 1 0 HIGHEST SLP 30.56 ON 21
DPTR FM NORMAL 0 LOWEST SLP 29.35 ON 28
[REMARKS]
#FINAL-02-24#