000
CXUS55 KLBF 011410
CF6VTN
PRELIMINARY LOCAL CLIMATOLOGICAL DATA (WS FORM: F-6)
STATION: VALENTINE
MONTH: MARCH
YEAR: 2021
LATITUDE: 42 52 N
LONGITUDE: 100 33 W
TEMPERATURE IN F: :PCPN: SNOW: WIND :SUNSHINE: SKY :PK WND
================================================================================
1 2 3 4 5 6A 6B 7 8 9 10 11 12 13 14 15 16 17 18
12Z AVG MX 2MIN
DY MAX MIN AVG DEP HDD CDD WTR SNW DPTH SPD SPD DIR MIN PSBL S-S WX SPD DR
================================================================================
1 53 20 37 6 28 0 0.00 0.0 T 7.8 18 210 M M 0 28 200
2 62 28 45 13 20 0 0.00 0.0 T 12.0 24 270 M M 0 32 310
3 68 25 47 15 18 0 0.00 0.0 0 4.5 12 210 M M 0 16 200
4 71 24 48 16 17 0 0.00 0.0 0 4.7 14 30 M M 0 17 110
5 71 25 48 15 17 0 0.00 0.0 0 4.0 12 110 M M 0 16 110
6 74 27 51 18 14 0 0.00 0.0 0 12.2 28 190 M M 0 37 190
7 68 36 52 19 13 0 0.00 0.0 0 9.6 26 200 M M 0 35 200
8 71 31 51 17 14 0 0.00 0.0 0 9.5 25 170 M M 0 33 170
9 78 34 56 22 9 0 0.00 0.0 0 11.5 28 10 M M 1 39 10
10 44 29 37 3 28 0 0.33 3.7 2 15.3 26 10 M M 10 128 45 360
11 46 14 30 -5 35 0 0.00 0.0 0 6.2 15 290 M M 1 18 290
12 58 25 42 7 23 0 0.00 0.0 0 6.5 20 130 M M 3 25 160
13 53 36 45 10 20 0 0.23 0.0 0 9.3 18 50 M M 9 18 25 60
14 41 32 37 1 28 0 0.89 3.4 0 22.0 35 80 M M 10 128 47 80
15 39 31 35 -1 30 0 0.47 5.3 7 5.9 17 60 M M 10 12 22 60
16 37 29 33 -3 32 0 0.08 1.6 8 7.5 14 350 M M 10 18 20 330
17 37 29 33 -4 32 0 0.02 T 8 11.1 22 330 M M 10 18 29 340
18 37 30 34 -3 31 0 0.00 0.0 4 7.1 14 160 M M 8 1 17 160
19 57 29 43 6 22 0 0.00 0.0 4 16.0 28 180 M M 0 8 37 170
20 69 41 55 17 10 0 0.00 0.0 T 22.1 35 190 M M 0 48 180
21 56 35 46 8 19 0 0.00 0.0 0 13.4 28 340 M M 1 40 340
22 57 25 41 3 24 0 0.00 0.0 0 6.3 16 130 M M 0 20 80
23 43 36 40 2 25 0 0.10 0.0 0 11.4 25 10 M M 9 18 39 360
24 51 34 43 4 22 0 0.00 0.0 0 12.9 23 340 M M 4 18 36 350
25 61 32 47 8 18 0 0.00 0.0 0 16.8 29 180 M M 2 38 190
26 58 40 49 10 16 0 0.18 0.0 0 9.4 21 200 M M 8 1 26 190
27 52 26 39 -1 26 0 0.12 0.0 0 12.4 31 330 M M 6 1 44 310
28 73 24 49 9 16 0 0.00 0.0 0 11.3 26 230 M M 0 39 210
29 81 37 59 19 6 0 0.00 0.0 0 23.4 44 260 M M 0 8 68 240
30 47 23 35 -6 30 0 0.00 0.0 0 15.9 32 320 M M 2 46 310
31 50 14 32 -9 33 0 0.00 0.0 0 9.4 28 290 M M 2 39 330
================================================================================
SM 1763 901 676 0 2.42 14.0 347.4 M 106
================================================================================
AV 56.9 29.1 11.2 FASTST M M 3 MAX(MPH)
MISC ----> 44 260 68 240
================================================================================
NOTES:
# LAST OF SEVERAL OCCURRENCES
COLUMN 17 PEAK WIND IN M.P.H.
PRELIMINARY LOCAL CLIMATOLOGICAL DATA (WS FORM: F-6) , PAGE 2
STATION: VALENTINE
MONTH: MARCH
YEAR: 2021
LATITUDE: 42 52 N
LONGITUDE: 100 33 W
[TEMPERATURE DATA] [PRECIPITATION DATA] SYMBOLS USED IN COLUMN 16
AVERAGE MONTHLY: 43.0 TOTAL FOR MONTH: 2.42 1 = FOG OR MIST
DPTR FM NORMAL: 6.8 DPTR FM NORMAL: 1.35 2 = FOG REDUCING VISIBILITY
HIGHEST: 81 ON 29 GRTST 24HR 1.28 ON 14-15 TO 1/4 MILE OR LESS
LOWEST: 14 ON 31,11 3 = THUNDER
SNOW, ICE PELLETS, HAIL 4 = ICE PELLETS
TOTAL MONTH: 15.0 INCHES 5 = HAIL
GRTST 24HR 5.3 ON 15-15 6 = FREEZING RAIN OR DRIZZLE
GRTST DEPTH: 8 ON 17,16 7 = DUSTSTORM OR SANDSTORM:
VSBY 1/2 MILE OR LESS
8 = SMOKE OR HAZE
[NO. OF DAYS WITH] [WEATHER - DAYS WITH] 9 = BLOWING SNOW
X = TORNADO
MAX 32 OR BELOW: 0 0.01 INCH OR MORE: 9
MAX 90 OR ABOVE: 0 0.10 INCH OR MORE: 7
MIN 32 OR BELOW: 22 0.50 INCH OR MORE: 1
MIN 0 OR BELOW: 0 1.00 INCH OR MORE: 0
[HDD (BASE 65) ]
TOTAL THIS MO. 676 CLEAR (SCALE 0-3) 20
DPTR FM NORMAL -217 PTCLDY (SCALE 4-7) 3
TOTAL FM JUL 1 5456 CLOUDY (SCALE 8-10) 8
DPTR FM NORMAL -672
[CDD (BASE 65) ]
TOTAL THIS MO. 0
DPTR FM NORMAL 0 [PRESSURE DATA]
TOTAL FM JAN 1 0 HIGHEST SLP 30.51 ON 31
DPTR FM NORMAL 0 LOWEST SLP 29.33 ON 29
[REMARKS]
#FINAL-03-21#