000
CXUS56 KMTR 010900
CF6WVI
PRELIMINARY LOCAL CLIMATOLOGICAL DATA (WS FORM: F-6)
STATION: WATSONVILLE AIRPORT
MONTH: AUGUST
YEAR: 2023
LATITUDE: 36 55 N
LONGITUDE: 121 47 W
TEMPERATURE IN F: :PCPN: SNOW: WIND :SUNSHINE: SKY :PK WND
================================================================================
1 2 3 4 5 6A 6B 7 8 9 10 11 12 13 14 15 16 17 18
12Z AVG MX 2MIN
DY MAX MIN AVG DEP HDD CDD WTR SNW DPTH SPD SPD DIR MIN PSBL S-S WX SPD DR
================================================================================
1 66 55 61 -2 4 0 0.00 M M 5.3 13 250 M M 10 1 19 250
2 65 55 60 -3 5 0 0.01 M M 5.5 12 200 M M 9 18 17 240
3 71 56 64 1 1 0 0.00 M M 5.9 14 230 M M 5 19 250
4 71 56 64 1 1 0 0.00 M M 4.7 12 160 M M 6 1 17 150
5 72 52 62 -1 3 0 0.00 M M 4.2 12 170 M M 4 1 17 190
6 77 51 64 1 1 0 0.00 M M 3.1 12 180 M M 4 12 16 180
7 74 50 62 -1 3 0 0.00 M M 4.9 15 260 M M 2 12 23 260
8 67 52 60 -3 5 0 0.00 M M 4.8 15 250 M M 7 1 19 260
9 70 55 63 0 2 0 0.00 M M 4.5 14 250 M M 7 20 230
10 70 54 62 -1 3 0 0.00 M M 3.7 13 260 M M 7 1 18 280
11 71 56 64 1 1 0 T M M 4.0 13 270 M M 7 18 210
12 74 56 65 2 0 0 0.00 M M 4.8 13 230 M M 4 18 250
13 73 56 65 2 0 0 0.00 M M 4.0 12 230 M M 5 1 19 220
14 76 56 66 3 0 1 T M M 4.0 14 260 M M 4 12 18 250
15 77 55 66 3 0 1 0.00 M M 3.5 13 260 M M 5 12 17 240
16 75 57 66 3 0 1 0.00 M M 4.1 12 210 M M 6 12 17 250
17 73 57 65 2 0 0 0.00 M M 5.1 16 260 M M 8 1 23 240
18 74 55 65 2 0 0 0.00 M M 5.0 14 270 M M 5 18 260
19 73 53 63 -1 2 0 0.00 M M 3.8 14 240 M M 6 1 20 250
20 85 59 72 8 0 7 0.00 M M 4.6 13 200 M M 4 16 190
21 73 60 67 3 0 2 T M M 6.4 15 270 M M 7 25 290
22 78 59 69 5 0 4 0.00 M M 4.1 13 270 M M 2 M M
23 89 59 74 10 0 9 0.00 M M M M M M M M M M
24 69 61 65 1 0 0 T M M 4.3 14 250 M M 10 1 19 240
25 73 60 67 3 0 2 0.00 M M 4.4 14 230 M M 8 18 220
26 71 57 64 0 1 0 0.00 M M 3.4 12 220 M M 7 1 20 230
27 79 52 66 2 0 1 0.00 M M 3.5 10 160 M M 3 128 15 190
28 82 50 66 2 0 1 0.00 M M 3.5 12 190 M M 0 1 16 150
29 82 52 67 3 0 2 0.00 M M 3.7 10 190 M M 2 1 15 170
30 92 50 71 7 0 6 0.00 M M 3.8 12 190 M M 0 8 15 260
31 65 52 59 -5 6 0 0.00 M M 4.0 10 220 M M 9 12 14 250
================================================================================
SM 2307 1708 38 37 0.01 M 130.6 M 163
================================================================================
AV 74.4 55.1 4.4 FASTST M M 5 MAX(MPH)
MISC ----> 16 260 25 290
================================================================================
NOTES:
# LAST OF SEVERAL OCCURRENCES
COLUMN 17 PEAK WIND IN M.P.H.
PRELIMINARY LOCAL CLIMATOLOGICAL DATA (WS FORM: F-6) , PAGE 2
STATION: WATSONVILLE AIRPORT
MONTH: AUGUST
YEAR: 2023
LATITUDE: 36 55 N
LONGITUDE: 121 47 W
[TEMPERATURE DATA] [PRECIPITATION DATA] SYMBOLS USED IN COLUMN 16
AVERAGE MONTHLY: 64.8 TOTAL FOR MONTH: 0.01 1 = FOG OR MIST
DPTR FM NORMAL: 1.5 DPTR FM NORMAL: -0.02 2 = FOG REDUCING VISIBILITY
HIGHEST: 92 ON 30 GRTST 24HR 0.01 ON 2- 2 TO 1/4 MILE OR LESS
LOWEST: 50 ON 30,28 3 = THUNDER
SNOW, ICE PELLETS, HAIL 4 = ICE PELLETS
TOTAL MONTH: M 5 = HAIL
GRTST 24HR M ON M 6 = FREEZING RAIN OR DRIZZLE
GRTST DEPTH: M ON M 7 = DUSTSTORM OR SANDSTORM:
VSBY 1/2 MILE OR LESS
8 = SMOKE OR HAZE
[NO. OF DAYS WITH] [WEATHER - DAYS WITH] 9 = BLOWING SNOW
X = TORNADO
MAX 32 OR BELOW: 0 0.01 INCH OR MORE: 1
MAX 90 OR ABOVE: 1 0.10 INCH OR MORE: 0
MIN 32 OR BELOW: 0 0.50 INCH OR MORE: 0
MIN 0 OR BELOW: 0 1.00 INCH OR MORE: 0
[HDD (BASE 65) ]
TOTAL THIS MO. 38 CLEAR (SCALE 0-3) 6
DPTR FM NORMAL -37 PTCLDY (SCALE 4-7) 19
TOTAL FM JUL 1 124 CLOUDY (SCALE 8-10) 6
DPTR FM NORMAL -38
[CDD (BASE 65) ]
TOTAL THIS MO. 37
DPTR FM NORMAL 13 [PRESSURE DATA]
TOTAL FM JAN 1 37 HIGHEST SLP M ON M
DPTR FM NORMAL -22 LOWEST SLP 29.60 ON 20
[REMARKS]
#FINAL-08-23#