000
CXUS54 KFWD 010830
CF6XBP
PRELIMINARY LOCAL CLIMATOLOGICAL DATA (WS FORM: F-6)
STATION: BRIDGEPORT
MONTH: DECEMBER
YEAR: 2022
LATITUDE: 33 10 N
LONGITUDE: 96 30 W
TEMPERATURE IN F: :PCPN: SNOW: WIND :SUNSHINE: SKY :PK WND
================================================================================
1 2 3 4 5 6A 6B 7 8 9 10 11 12 13 14 15 16 17 18
12Z AVG MX 2MIN
DY MAX MIN AVG DEP HDD CDD WTR SNW DPTH SPD SPD DIR MIN PSBL S-S WX SPD DR
================================================================================
1 51 27 39 -8 26 0 0.00 M M 5.2 10 160 M M 6 21 110
2 74 50 62 16 3 0 0.00 M M 9.5 20 210 M M 5 28 210
3 65 41 53 7 12 0 0.00 M M 9.1 21 340 M M 2 32 230
4 58 42 50 4 15 0 0.00 M M 3.8 13 160 M M 7 17 160
5 80 52 66 20 0 1 0.00 M M 7.7 12 190 M M 1 20 240
6 70 55 63 18 2 0 M M M 4.7 10 220 M M 3 16 210
7 63 53 58 13 7 0 0.03 M M 1.7 5 10 M M 9 1 M M
8 72 54 63 18 2 0 M M M 1.2 6 300 M M 9 12 M M
9 65 49 57 13 8 0 0.00 M M 3.8 9 60 M M 9 12 M M
10 62 52 57 13 8 0 0.96 M M 4.1 7 30 M M 9 13 M M
11 54 49 52 8 13 0 M M M 3.0 7 350 M M 10 1 M M
12 63 52 58 14 7 0 0.05 M M 7.7 16 150 M M 10 1 21 150
13 69 50 60 17 5 0 0.06 M M 8.8 16 160 M M 6 3 28 160
14 54 36 45 2 20 0 0.00 M M 6.4 13 300 M M 2 18 320
15 53 30 42 -1 23 0 0.00 M M 3.7 9 10 M M 0 M M
16 48 27 38 -5 27 0 0.00 M M 5.5 15 10 M M 0 18 10
17 50 25 38 -5 27 0 0.00 M M 3.1 7 260 M M 0 M M
18 56 22 39 -3 26 0 0.00 M M 5.0 14 160 M M 2 17 150
19 50 44 47 5 18 0 0.00 M M 8.3 13 150 M M 10 20 170
20 53 32 43 1 22 0 0.00 M M 6.7 13 340 M M 7 18 16 10
21 48 26 37 -5 28 0 0.00 M M 3.8 9 200 M M 3 1 16 180
22 37 10 24 -18 41 0 0.00 M M 14.1 23 340 M M 6 128 39 340
23 23 10 17 -25 48 0 0.00 M M 11.2 20 350 M M 0 28 330
24 37 19 28 -14 37 0 0.00 M M 2.0 6 160 M M 0 M M
25 52 17 35 -7 30 0 0.00 M M 4.0 9 210 M M 0 16 220
26 58 23 41 -1 24 0 0.00 M M 7.0 16 10 M M 0 26 10
27 55 17 36 -6 29 0 0.00 M M 7.0 16 180 M M 0 22 180
28 74 45 60 18 5 0 0.00 M M 14.4 24 200 M M 0 30 200
29 67 49 58 16 7 0 0.00 M M 6.1 15 200 M M 3 24 200
30 57 34 46 4 19 0 0.00 M M 0.0 M M M M 3 M M
31 72 36 54 12 11 0 0.00 M M 5.6 15 200 M M 0 22 230
================================================================================
SM 1790 1128 550 1 1.10 M 184.4 M 122
================================================================================
AV 57.7 36.4 5.9 FASTST M M 4 MAX(MPH)
MISC ----> 24 200 39 340
================================================================================
NOTES:
# LAST OF SEVERAL OCCURRENCES
COLUMN 17 PEAK WIND IN M.P.H.
PRELIMINARY LOCAL CLIMATOLOGICAL DATA (WS FORM: F-6) , PAGE 2
STATION: BRIDGEPORT
MONTH: DECEMBER
YEAR: 2022
LATITUDE: 33 10 N
LONGITUDE: 96 30 W
[TEMPERATURE DATA] [PRECIPITATION DATA] SYMBOLS USED IN COLUMN 16
AVERAGE MONTHLY: 47.1 TOTAL FOR MONTH: 1.10 1 = FOG OR MIST
DPTR FM NORMAL: 3.8 DPTR FM NORMAL: -0.97 2 = FOG REDUCING VISIBILITY
HIGHEST: 80 ON 5 GRTST 24HR 0.96 ON 10-10 TO 1/4 MILE OR LESS
LOWEST: 10 ON 23,22 3 = THUNDER
SNOW, ICE PELLETS, HAIL 4 = ICE PELLETS
TOTAL MONTH: M 5 = HAIL
GRTST 24HR M ON M 6 = FREEZING RAIN OR DRIZZLE
GRTST DEPTH: M ON M 7 = DUSTSTORM OR SANDSTORM:
VSBY 1/2 MILE OR LESS
8 = SMOKE OR HAZE
[NO. OF DAYS WITH] [WEATHER - DAYS WITH] 9 = BLOWING SNOW
X = TORNADO
MAX 32 OR BELOW: 1 0.01 INCH OR MORE: 4
MAX 90 OR ABOVE: 0 0.10 INCH OR MORE: 1
MIN 32 OR BELOW: 13 0.50 INCH OR MORE: 1
MIN 0 OR BELOW: 0 1.00 INCH OR MORE: 0
[HDD (BASE 65) ]
TOTAL THIS MO. 550 CLEAR (SCALE 0-3) 15
DPTR FM NORMAL -121 PTCLDY (SCALE 4-7) 9
TOTAL FM JUL 1 1044 CLOUDY (SCALE 8-10) 7
DPTR FM NORMAL -130
[CDD (BASE 65) ]
TOTAL THIS MO. 1
DPTR FM NORMAL 0 [PRESSURE DATA]
TOTAL FM JAN 1 2776 HIGHEST SLP M ON M
DPTR FM NORMAL 608 LOWEST SLP M ON M
[REMARKS]
#FINAL-12-22#