006
CXUS54 KFWD 110129
CF6XBP
PRELIMINARY LOCAL CLIMATOLOGICAL DATA (WS FORM: F-6)
STATION: BRIDGEPORT
MONTH: JUNE
YEAR: 2020
LATITUDE: 33 10 N
LONGITUDE: 96 30 W
TEMPERATURE IN F: :PCPN: SNOW: WIND :SUNSHINE: SKY :PK WND
================================================================================
1 2 3 4 5 6A 6B 7 8 9 10 11 12 13 14 15 16 17 18
12Z AVG MX 2MIN
DY MAX MIN AVG DEP HDD CDD WTR SNW DPTH SPD SPD DIR MIN PSBL S-S WX SPD DR
================================================================================
1 83 63 73 -2 0 8 0.00 0.0 0 3.0 8 150 M M 0 8 M M
2 88 70 79 4 0 14 0.00 0.0 0 5.6 9 160 M M 3 M M
3 91 65 78 3 0 13 0.00 0.0 0 4.2 8 220 M M 1 1 M M
4 95 72 84 8 0 19 0.00 0.0 0 6.5 13 20 M M 1 21 20
5 94 69 82 6 0 17 0.00 0.0 0 5.6 10 140 M M 1 M M
6 94 67 81 5 0 16 0.00 0.0 0 3.2 7 170 M M 0 M M
7 92 70 81 5 0 16 0.00 0.0 0 3.9 8 90 M M 1 M M
8 93 67 80 3 0 15 0.00 0.0 0 1.8 8 150 M M 0 M M
9 91 68 80 3 0 15 0.00 0.0 0 11.0 18 330 M M 0 29 330
10 87 57 72 -5 0 7 0.00 0.0 0 6.8 14 330 M M 0 22 320
11 91 52 72 -5 0 7 0.00 0.0 0 1.9 6 120 M M 0 M M
12 90 54 72 -6 0 7 0.00 0.0 0 3.3 10 120 M M 0 M M
13 92 60 76 -2 0 11 0.00 0.0 0 4.2 10 160 M M 0 M M
14 91 61 76 -2 0 11 0.00 0.0 0 4.7 10 110 M M 0 17 170
15 93 61 77 -1 0 12 0.00 0.0 0 3.3 10 160 M M 1 M M
16 93 68 81 2 0 16 0.00 0.0 0 6.0 14 190 M M 1 20 140
17 93 69 81 2 0 16 0.00 0.0 0 8.6 16 170 M M 0 23 170
18 93 73 83 4 0 18 0.00 0.0 0 9.3 15 160 M M 2 20 170
19 93 66 80 1 0 15 0.38 0.0 0 9.3 15 20 M M 5 3 27 40
20 87 65 76 -3 0 11 0.38 0.0 0 4.1 8 330 M M 2 3 17 330
21 86 64 75 -5 0 10 0.88 0.0 0 8.0 17 50 M M 2 3 25 100
22 91 65 78 -2 0 13 0.38 0.0 0 6.8 23 30 M M 3 3 40 30
23 82 66 74 -6 0 9 2.44 0.0 0 5.5 18 280 M M 6 3 24 280
24 88 67 78 -2 0 13 0.00 0.0 0 2.4 7 50 M M 1 M M
25 89 65 77 -3 0 12 0.00 0.0 0 3.8 9 120 M M 1 1 M M
26 91 71 81 1 0 16 0.00 0.0 0 7.1 13 170 M M 2 20 170
27 92 73 83 2 0 18 0.00 0.0 0 10.5 15 190 M M 2 8 23 190
28 88 76 82 1 0 17 0.00 0.0 0 12.2 20 190 M M 2 3 28 190
29 93 78 86 5 0 21 0.00 0.0 0 12.5 20 170 M M 3 3 25 180
30 93 79 86 5 0 21 0.00 0.0 0 11.8 18 180 M M 2 24 190
================================================================================
SM 2717 2001 0 414 4.46 0.0 186.9 M 42
================================================================================
AV 90.6 66.7 6.2 FASTST M M 1 MAX(MPH)
MISC ----> # 23 30 # 40 30
================================================================================
NOTES:
# LAST OF SEVERAL OCCURRENCES
COLUMN 17 PEAK WIND IN M.P.H.
PRELIMINARY LOCAL CLIMATOLOGICAL DATA (WS FORM: F-6) , PAGE 2
STATION: BRIDGEPORT
MONTH: JUNE
YEAR: 2020
LATITUDE: 33 10 N
LONGITUDE: 96 30 W
[TEMPERATURE DATA] [PRECIPITATION DATA] SYMBOLS USED IN COLUMN 16
AVERAGE MONTHLY: 78.6 TOTAL FOR MONTH: 4.46 1 = FOG OR MIST
DPTR FM NORMAL: 0.3 DPTR FM NORMAL: 0.24 2 = FOG REDUCING VISIBILITY
HIGHEST: 95 ON 4 GRTST 24HR 2.44 ON 23-23 TO 1/4 MILE OR LESS
LOWEST: 52 ON 11 3 = THUNDER
SNOW, ICE PELLETS, HAIL 4 = ICE PELLETS
TOTAL MONTH: 0.0 INCH 5 = HAIL
GRTST 24HR 0.0 6 = FREEZING RAIN OR DRIZZLE
GRTST DEPTH: 0 7 = DUSTSTORM OR SANDSTORM:
VSBY 1/2 MILE OR LESS
8 = SMOKE OR HAZE
[NO. OF DAYS WITH] [WEATHER - DAYS WITH] 9 = BLOWING SNOW
X = TORNADO
MAX 32 OR BELOW: 0 0.01 INCH OR MORE: 5
MAX 90 OR ABOVE: 21 0.10 INCH OR MORE: 5
MIN 32 OR BELOW: 0 0.50 INCH OR MORE: 2
MIN 0 OR BELOW: 0 1.00 INCH OR MORE: 1
[HDD (BASE 65) ]
TOTAL THIS MO. 0 CLEAR (SCALE 0-3) 27
DPTR FM NORMAL -1 PTCLDY (SCALE 4-7) 3
TOTAL FM JUL 1 2551 CLOUDY (SCALE 8-10) 0
DPTR FM NORMAL -413
[CDD (BASE 65) ]
TOTAL THIS MO. 414
DPTR FM NORMAL 14 [PRESSURE DATA]
TOTAL FM JAN 1 758 HIGHEST SLP M ON M
DPTR FM NORMAL 81 LOWEST SLP M ON M
[REMARKS]
#FINAL-06-20#