000
CXUS54 KTSA 010850
CF6XNA
PRELIMINARY LOCAL CLIMATOLOGICAL DATA (WS FORM: F-6)
STATION: HIGHFILL ARKANSAS
MONTH: MAY
YEAR: 2022
LATITUDE: 36 16 N
LONGITUDE: 94 19 W
TEMPERATURE IN F: :PCPN: SNOW: WIND :SUNSHINE: SKY :PK WND
================================================================================
1 2 3 4 5 6A 6B 7 8 9 10 11 12 13 14 15 16 17 18
12Z AVG MX 2MIN
DY MAX MIN AVG DEP HDD CDD WTR SNW DPTH SPD SPD DIR MIN PSBL S-S WX SPD DR
================================================================================
1 75 46 61 -1 4 0 0.00 0.0 M 3.2 14 10 M M 0 19 10
2 64 54 59 -3 6 0 0.77 0.0 M 8.4 20 210 M M 7 13 43 170
3 57 46 52 -11 13 0 M M M 8.3 14 290 M M 8 1 24 300
4 65 49 57 -6 8 0 1.94 0.0 M 10.2 20 330 M M 9 13 28 330
5 70 55 63 0 2 0 3.01 0.0 M 7.8 16 290 M M 9 13 28 320
6 66 54 60 -4 5 0 0.03 0.0 M 7.3 16 290 M M 7 1 25 290
7 79 48 64 0 1 0 0.00 0.0 M 12.4 81 110 M M 0 12 16 99
8 81 63 72 8 0 7 0.00 0.0 M 16.7 24 170 M M 1 41 170
9 84 72 78 14 0 13 0.00 0.0 M 18.2 25 190 M M 3 40 190
10 84 70 77 12 0 12 0.00 0.0 M 10.9 23 210 M M 4 35 210
11 88 66 77 12 0 12 0.00 0.0 M 8.1 20 140 M M 0 1 25 190
12 90 64 77 12 0 12 0.00 0.0 M 7.9 15 190 M M 0 20 200
13 86 65 76 11 0 11 T 0.0 M 5.6 23 140 M M 0 29 140
14 89 65 77 11 0 12 0.00 0.0 M 3.8 14 160 M M 3 3 17 180
15 83 64 74 8 0 9 0.03 0.0 M 8.1 32 10 M M 4 3 42 20
16 82 60 71 5 0 6 0.00 0.0 M 4.3 12 70 M M 1 22 70
17 81 59 70 3 0 5 T 0.0 M 9.7 30 160 M M 1 39 160
18 88 66 77 10 0 12 0.01 0.0 M 7.6 21 320 M M 1 3 30 310
19 86 67 77 10 0 12 T 0.0 M 11.6 24 220 M M 1 3 38 180
20 86 67 77 10 0 12 0.47 0.0 M 14.2 28 190 M M 3 13 40 170
21 68 53 61 -7 4 0 0.78 0.0 M 12.3 24 350 M M 10 13 36 330
22 61 49 55 -13 10 0 0.00 0.0 M 10.4 17 30 M M 6 25 40
23 60 50 55 -13 10 0 0.20 0.0 M 7.2 15 110 M M 10 13 28 70
24 70 59 65 -4 0 0 1.03 0.0 M 9.5 17 130 M M 10 13 26 130
25 70 55 63 -6 2 0 0.37 0.0 M 7.5 18 250 M M 9 1 25 250
26 61 53 57 -12 8 0 0.41 0.0 M 11.5 21 260 M M 10 1 30 270
27 79 49 64 -6 1 0 0.00 0.0 M 5.9 16 340 M M 1 1 24 350
28 83 53 68 -2 0 3 0.00 0.0 M 8.4 24 170 M M 0 33 170
29 89 65 77 7 0 12 0.00 0.0 M 17.6 28 160 M M 0 38 180
30 85 70 78 8 0 13 T 0.0 M 17.3 29 180 M M 4 39 180
31 87 72 80 9 0 15 0.00 0.0 M 13.6 23 190 M M 4 37 170
================================================================================
SM 2397 1828 74 178 9.05 0.0 305.5 M 126
================================================================================
AV 77.3 59.0 9.9 FASTST M M 4 MAX(MPH)
MISC ----> 81 110 43 170
================================================================================
NOTES:
# LAST OF SEVERAL OCCURRENCES
COLUMN 17 PEAK WIND IN M.P.H.
PRELIMINARY LOCAL CLIMATOLOGICAL DATA (WS FORM: F-6) , PAGE 2
STATION: HIGHFILL ARKANSAS
MONTH: MAY
YEAR: 2022
LATITUDE: 36 16 N
LONGITUDE: 94 19 W
[TEMPERATURE DATA] [PRECIPITATION DATA] SYMBOLS USED IN COLUMN 16
AVERAGE MONTHLY: 68.1 TOTAL FOR MONTH: 9.05 1 = FOG OR MIST
DPTR FM NORMAL: 1.8 DPTR FM NORMAL: 3.13 2 = FOG REDUCING VISIBILITY
HIGHEST: 90 ON 12 GRTST 24HR 3.01 ON 5- 5 TO 1/4 MILE OR LESS
LOWEST: 46 ON 3, 1 3 = THUNDER
SNOW, ICE PELLETS, HAIL 4 = ICE PELLETS
TOTAL MONTH: 0.0 INCH 5 = HAIL
GRTST 24HR 0.0 6 = FREEZING RAIN OR DRIZZLE
GRTST DEPTH: M ON M 7 = DUSTSTORM OR SANDSTORM:
VSBY 1/2 MILE OR LESS
8 = SMOKE OR HAZE
[NO. OF DAYS WITH] [WEATHER - DAYS WITH] 9 = BLOWING SNOW
X = TORNADO
MAX 32 OR BELOW: 0 0.01 INCH OR MORE: 12
MAX 90 OR ABOVE: 1 0.10 INCH OR MORE: 9
MIN 32 OR BELOW: 0 0.50 INCH OR MORE: 5
MIN 0 OR BELOW: 0 1.00 INCH OR MORE: 3
[HDD (BASE 65) ]
TOTAL THIS MO. 74 CLEAR (SCALE 0-3) 15
DPTR FM NORMAL 2 PTCLDY (SCALE 4-7) 8
TOTAL FM JUL 1 3517 CLOUDY (SCALE 8-10) 8
DPTR FM NORMAL -338
[CDD (BASE 65) ]
TOTAL THIS MO. 178
DPTR FM NORMAL 64 [PRESSURE DATA]
TOTAL FM JAN 1 209 HIGHEST SLP M ON M
DPTR FM NORMAL 59 LOWEST SLP 29.44 ON 20
[REMARKS]
#FINAL-05-22#