000
CXUS56 KPDT 011810
CF6YKM
PRELIMINARY LOCAL CLIMATOLOGICAL DATA (WS FORM: F-6)
STATION: YAKIMA WA
MONTH: AUGUST
YEAR: 2022
LATITUDE: 46 34 N
LONGITUDE: 120 32 W
TEMPERATURE IN F: :PCPN: SNOW: WIND :SUNSHINE: SKY :PK WND
================================================================================
1 2 3 4 5 6A 6B 7 8 9 10 11 12 13 14 15 16 17 18
12Z AVG MX 2MIN
DY MAX MIN AVG DEP HDD CDD WTR SNW DPTH SPD SPD DIR MIN PSBL S-S WX SPD DR
================================================================================
1 97 70 84 10 0 19 T M M 6.6 20 340 M M 0 26 340
2 96 60 78 4 0 13 0.00 M M 9.2 26 270 M M 0 36 270
3 97 49 73 -1 0 8 0.00 M M 6.5 22 160 M M 0 32 160
4 85 56 71 -3 0 6 0.00 M M 8.3 22 300 M M 0 36 300
5 83 48 66 -7 0 1 0.00 M M 6.3 16 330 M M 0 23 350
6 89 50 70 -3 0 5 0.00 M M 6.4 12 270 M M 0 8 17 100
7 94 52 73 0 0 8 0.00 M M 5.0 10 250 M M 0 8 17 150
8 102 53 78 5 0 13 0.00 M M 5.1 10 80 M M 0 14 150
9 95 68 82 9 0 17 T M M 6.9 21 170 M M 2 33 140
10 96 63 80 8 0 15 0.00 M M 7.1 16 260 M M 0 26 220
11 94 61 78 6 0 13 0.00 M M 5.2 13 340 M M 1 16 310
12 96 58 77 5 0 12 0.00 M M 7.4 20 180 M M 0 28 200
13 88 60 74 2 0 9 0.00 M M 5.9 16 330 M M 0 21 330
14 M M M M M M 0.00 M M M 6 M M M 0 M M
15 M M M M M M 0.00 M M M M M M M 0 M M
16 98 M M M M M 0.00 M M 4.7 10 260 M M 0 14 130
17 101 59 80 9 0 15 0.00 M M 6.4 12 220 M M 0 15 170
18 103 66 85 14 0 20 0.00 M M 5.9 14 310 M M 0 21 300
19 97 74 86 16 0 21 T M M 5.3 13 320 M M 1 15 320
20 96 68 82 12 0 17 0.00 M M 5.6 14 330 M M 0 19 330
21 96 57 77 7 0 12 0.00 M M 4.6 14 320 M M 0 20 330
22 97 63 80 10 0 15 0.00 M M 5.8 15 320 M M 0 23 290
23 94 69 82 13 0 17 0.00 M M 5.5 14 320 M M 0 20 320
24 95 64 80 11 0 15 0.00 M M 5.6 12 80 M M 0 17 350
25 96 63 80 11 0 15 0.00 M M 6.3 15 320 M M 0 22 310
26 95 59 77 9 0 12 0.00 M M 5.5 21 270 M M 0 29 270
27 76 57 67 -1 0 2 0.00 M M 10.4 21 320 M M 0 29 320
28 81 48 65 -3 0 0 0.00 M M 4.7 10 150 M M 0 15 150
29 89 51 70 2 0 5 0.00 M M 5.3 10 250 M M 0 13 130
30 97 53 75 8 0 10 0.00 M M 5.8 12 270 M M 0 8 13 260
31 98 61 80 13 0 15 0.00 M M 7.0 14 270 M M 0 8 20 270
================================================================================
SM 2721 1660 0 330 T M 180.3 M 4
================================================================================
AV 93.8 59.3 6.2 FASTST M M 0 MAX(MPH)
MISC ----> 26 270 # 36 270
================================================================================
NOTES:
# LAST OF SEVERAL OCCURRENCES
COLUMN 17 PEAK WIND IN M.P.H.
PRELIMINARY LOCAL CLIMATOLOGICAL DATA (WS FORM: F-6) , PAGE 2
STATION: YAKIMA WA
MONTH: AUGUST
YEAR: 2022
LATITUDE: 46 34 N
LONGITUDE: 120 32 W
[TEMPERATURE DATA] [PRECIPITATION DATA] SYMBOLS USED IN COLUMN 16
AVERAGE MONTHLY: 76.6 TOTAL FOR MONTH: T 1 = FOG OR MIST
DPTR FM NORMAL: 5.7 DPTR FM NORMAL: -0.21 2 = FOG REDUCING VISIBILITY
HIGHEST: 103 ON 18 GRTST 24HR T ON 1- 1 TO 1/4 MILE OR LESS
LOWEST: 48 ON 28, 5 3 = THUNDER
SNOW, ICE PELLETS, HAIL 4 = ICE PELLETS
TOTAL MONTH: M 5 = HAIL
GRTST 24HR M ON M 6 = FREEZING RAIN OR DRIZZLE
GRTST DEPTH: M ON M 7 = DUSTSTORM OR SANDSTORM:
VSBY 1/2 MILE OR LESS
8 = SMOKE OR HAZE
[NO. OF DAYS WITH] [WEATHER - DAYS WITH] 9 = BLOWING SNOW
X = TORNADO
MAX 32 OR BELOW: 0 0.01 INCH OR MORE: 0
MAX 90 OR ABOVE: 22 0.10 INCH OR MORE: 0
MIN 32 OR BELOW: 0 0.50 INCH OR MORE: 0
MIN 0 OR BELOW: 0 1.00 INCH OR MORE: 0
[HDD (BASE 65) ]
TOTAL THIS MO. 0 CLEAR (SCALE 0-3) 31
DPTR FM NORMAL -19 PTCLDY (SCALE 4-7) 0
TOTAL FM JUL 1 0 CLOUDY (SCALE 8-10) 0
DPTR FM NORMAL -30
[CDD (BASE 65) ]
TOTAL THIS MO. 330
DPTR FM NORMAL 128 [PRESSURE DATA]
TOTAL FM JAN 1 723 HIGHEST SLP 30.09 ON 7
DPTR FM NORMAL 164 LOWEST SLP 29.71 ON 3
[REMARKS]
#FINAL-08-22#