000
CXUS51 KCLE 021500
CLSYNG
CLIMATE REPORT
NATIONAL WEATHER SERVICE CLEVELAND, OH
1100 AM EDT WED JUN 02 2021
...................................
...THE YOUNGSTOWN OH CLIMATE SUMMARY FOR THE SEASON, FROM
3/1/2021 TO 5/31/2021...
CLIMATE NORMAL PERIOD 1991 TO 2020
CLIMATE RECORD PERIOD 1897 TO 2021
WEATHER OBSERVED NORMAL DEPART
VALUE DATE(S) VALUE FROM
NORMAL
................................................
TEMPERATURE (F)
RECORD
HIGH 92 05/28/2018
05/18/1962
05/18/1962
LOW -10 03/02/1980
HIGHEST 88 05/21
05/25
LOWEST 13 03/07
AVG. MAXIMUM 62.2 59.3 2.9
AVG. MINIMUM 38.8 37.8 1.0
MEAN 50.5 48.5 2.0
DAYS MAX >= 90 0 0.2
DAYS MAX <= 32 0 4.6
DAYS MIN <= 32 27 32.8
DAYS MIN <= 0 0 0.2
PRECIPITATION (INCHES)
RECORD
MAXIMUM 20.33 2011
MINIMUM 3.83 1915
TOTALS 8.46 10.68 -2.22
DAYS >= .01 35 44.0
DAYS >= .10 18 25.1
DAYS >= .50 5 6.4
DAYS >= 1.00 1 1.6
SNOWFALL (INCHES)
RECORDS
TOTAL 33.0 1987
TOTALS 5.6 13.1
DAYS >= TRACE 13
DAYS >= 1.0 4 3.8
DEGREE DAYS
HEATING TOTAL 1394 1568 -174
COOLING TOTAL 81 51 30
................................................
WIND (MPH)
HIGHEST GUST SPEED/DIRECTION 57/240 DATE 03/26
SKY COVER
POSSIBLE SUNSHINE (PERCENT) MM
NUMBER OF DAYS FAIR 13
NUMBER OF DAYS PC 34
NUMBER OF DAYS CLOUDY 45
WEATHER CONDITIONS. NUMBER OF DAYS WITH
THUNDERSTORM 3 MIXED PRECIP 0
HEAVY RAIN 3 RAIN 13
LIGHT RAIN 39 FREEZING RAIN 0
LT FREEZING RAIN 0 HAIL 0
HEAVY SNOW 1 SNOW 0
LIGHT SNOW 10 SLEET 3
FOG 33 FOG W/VIS <= 1/4 MILE 1
HAZE 0
- INDICATES NEGATIVE NUMBERS.
R INDICATES RECORD WAS SET OR TIED.
MM INDICATES DATA IS MISSING.
T INDICATES TRACE AMOUNT.
$$