000
CXUS51 KPBZ 010730
CF6ZZV
PRELIMINARY LOCAL CLIMATOLOGICAL DATA (WS FORM: F-6)
STATION: ZANESVILLE OH
MONTH: MAY
YEAR: 2022
LATITUDE: 39 56 N
LONGITUDE: 81 54 W
TEMPERATURE IN F: :PCPN: SNOW: WIND :SUNSHINE: SKY :PK WND
================================================================================
1 2 3 4 5 6A 6B 7 8 9 10 11 12 13 14 15 16 17 18
12Z AVG MX 2MIN
DY MAX MIN AVG DEP HDD CDD WTR SNW DPTH SPD SPD DIR MIN PSBL S-S WX SPD DR
================================================================================
1 76 57 67 9 0 2 0.19 M M 10.4 21 200 M M 4 138 29 210
2 72 49 61 3 4 0 0.00 M M 6.2 18 270 M M 2 24 260
3 79 50 65 6 0 0 1.41 M M 4.1 36 280 M M 5 138 47 280
4 62 53 58 -1 7 0 0.19 M M 6.7 13 310 M M 10 18 16 310
5 63 53 58 -1 7 0 0.16 M M 5.3 15 80 M M 9 1 20 70
6 64 55 60 0 5 0 0.97 M M 5.8 12 40 M M 10 1 16 40
7 60 51 56 -4 9 0 0.30 M M 11.3 21 70 M M 10 1 28 70
8 67 41 54 -6 11 0 0.00 M M 5.8 17 100 M M 1 23 100
9 75 47 61 1 4 0 0.00 M M 6.0 15 100 M M 0 21 110
10 81 47 64 3 1 0 0.00 M M 5.3 14 130 M M 0 18 140
11 83 48 66 5 0 1 0.00 M M 2.8 14 100 M M 0 20 70
12 83 48 66 5 0 1 0.00 M M 4.9 17 110 M M 0 20 120
13 82 57 70 8 0 5 T M M 5.2 17 130 M M 2 25 140
14 81 60 71 9 0 6 T M M 3.5 9 280 M M 4 13 280
15 83 60 72 10 0 7 0.00 M M 3.8 12 280 M M 1 15 270
16 74 52 63 1 2 0 0.09 M M 7.1 18 250 M M 4 13 24 260
17 75 49 62 -1 3 0 0.00 M M 6.4 21 320 M M 1 30 320
18 71 54 63 0 2 0 0.09 M M 3.9 13 160 M M 9 1 16 130
19 78 60 69 6 0 4 0.00 M M 7.5 22 200 M M 5 1 32 180
20 83 65 74 11 0 9 0.66 M M 9.2 21 200 M M 3 13 28 200
21 88 62 75 11 0 10 0.33 M M 8.1 22 270 M M 3 13 28 290
22 73 54 64 0 1 0 0.10 M M 5.2 20 320 M M 6 13 23 320
23 65 53 59 -5 6 0 0.00 M M 5.8 13 50 M M 6 15 50
24 75 49 62 -2 3 0 0.00 M M 4.6 9 110 M M 5 12 10
25 80 60 70 5 0 5 0.00 M M 8.7 17 150 M M 2 23 160
26 78 63 71 6 0 6 0.65 M M 10.5 25 170 M M 7 1 34 170
27 70 57 64 -1 1 0 0.42 M M 6.4 15 180 M M 8 1 20 180
28 74 56 65 -1 0 0 0.04 M M 4.2 9 250 M M 6 1 13 270
29 80 53 67 1 0 2 0.00 M M 3.4 12 180 M M 3 12 16 180
30 87 59 73 7 0 8 0.00 M M 5.3 16 190 M M 1 21 190
31 89 63 76 10 0 11 0.00 M M 3.9 13 280 M M 1 17 280
================================================================================
SM 2351 1685 66 77 5.60 M 187.3 M 128
================================================================================
AV 75.8 54.4 6.0 FASTST M M 4 MAX(MPH)
MISC ----> 36 280 47 280
================================================================================
NOTES:
# LAST OF SEVERAL OCCURRENCES
COLUMN 17 PEAK WIND IN M.P.H.
PRELIMINARY LOCAL CLIMATOLOGICAL DATA (WS FORM: F-6) , PAGE 2
STATION: ZANESVILLE OH
MONTH: MAY
YEAR: 2022
LATITUDE: 39 56 N
LONGITUDE: 81 54 W
[TEMPERATURE DATA] [PRECIPITATION DATA] SYMBOLS USED IN COLUMN 16
AVERAGE MONTHLY: 65.1 TOTAL FOR MONTH: 5.60 1 = FOG OR MIST
DPTR FM NORMAL: 2.8 DPTR FM NORMAL: 1.81 2 = FOG REDUCING VISIBILITY
HIGHEST: 89 ON 31 GRTST 24HR 1.60 ON 3- 4 TO 1/4 MILE OR LESS
LOWEST: 41 ON 8 3 = THUNDER
SNOW, ICE PELLETS, HAIL 4 = ICE PELLETS
TOTAL MONTH: M 5 = HAIL
GRTST 24HR M ON M 6 = FREEZING RAIN OR DRIZZLE
GRTST DEPTH: M ON M 7 = DUSTSTORM OR SANDSTORM:
VSBY 1/2 MILE OR LESS
8 = SMOKE OR HAZE
[NO. OF DAYS WITH] [WEATHER - DAYS WITH] 9 = BLOWING SNOW
X = TORNADO
MAX 32 OR BELOW: 0 0.01 INCH OR MORE: 14
MAX 90 OR ABOVE: 0 0.10 INCH OR MORE: 11
MIN 32 OR BELOW: 0 0.50 INCH OR MORE: 4
MIN 0 OR BELOW: 0 1.00 INCH OR MORE: 1
[HDD (BASE 65) ]
TOTAL THIS MO. 66 CLEAR (SCALE 0-3) 15
DPTR FM NORMAL -84 PTCLDY (SCALE 4-7) 10
TOTAL FM JUL 1 4903 CLOUDY (SCALE 8-10) 6
DPTR FM NORMAL -343
[CDD (BASE 65) ]
TOTAL THIS MO. 77
DPTR FM NORMAL 10 [PRESSURE DATA]
TOTAL FM JAN 1 94 HIGHEST SLP 30.30 ON 10
DPTR FM NORMAL 16 LOWEST SLP 29.52 ON 6
[REMARKS]
#FINAL-05-22#