000
CXUS54 KFWD 300730
CF60F2
PRELIMINARY LOCAL CLIMATOLOGICAL DATA (WS FORM: F-6)

                                          STATION:   BOWIE
                                          MONTH:     JUNE
                                          YEAR:      2015
                                          LATITUDE:   33 36 N
                                          LONGITUDE:  97 47 W

  TEMPERATURE IN F:       :PCPN:    SNOW:  WIND      :SUNSHINE: SKY     :PK WND
================================================================================
1   2   3   4   5  6A  6B    7    8   9   10  11  12  13   14  15   16   17  18
                                     12Z  AVG MX 2MIN
DY MAX MIN AVG DEP HDD CDD  WTR  SNW DPTH SPD SPD DIR MIN PSBL S-S WX    SPD DR
================================================================================

 1  80  56  68  -6   0   3 0.00  0.0    0  2.3  7 130   M    M   1         M  M
 2  84  62  73  -1   0   8 0.00  0.0    0  6.9 15 160   M    M   1        20 160
 3  85  64  75   0   0  10 0.00  0.0    0  7.6 14 160   M    M   0        23 140
 4  85  64  75   0   0  10 0.00  0.0    0  6.6 13 170   M    M   0 1      18 170
 5  85  64  75   0   0  10 0.00  0.0    0  4.3 10 140   M    M   1 1       M  M
 6  86  65  76   1   0  11 0.00  0.0    0  3.0  9 150   M    M   1 1       M  M
 7  87  65  76   0   0  11 0.00  0.0    0  6.6 14 170   M    M   0 1      21 180
 8  87  69  78   2   0  13 0.00  0.0    0  4.8  9 270   M    M   1        16 270
 9  88  67  78   2   0  13 0.00  0.0    0  1.6  6 200   M    M   0         M  M
10  90  65  78   2   0  13 0.00  0.0    0  2.5  7 240   M    M   1         M  M
11  86  67  77   0   0  12 0.00  0.0    0  9.6 15 170   M    M   0        22 160
12  85  69  77   0   0  12 0.00  0.0    0  8.7 14 160   M    M   4        23 160
13  82  63  73  -4   0   8 0.58  0.0    0  6.4 10 310   M    M   5 3      17 130
14  84  63  74  -3   0   9 0.10  0.0    0  8.3 13 230   M    M   5        28 230
15  85  66  76  -2   0  11 1.62  0.0    0  7.4 14 340   M    M   7 3      18 160
16  79  66  73  -5   0   8 0.20  0.0    0  3.5  8  80   M    M   9 3       M  M
17  70  67  69  -9   0   4 6.70  0.0    0 15.6 36 340   M    M  10        50 340
18  89  71  80   2   0  15 0.03  0.0    0  9.0 16 270   M    M   2        25 270
19  92  68  80   2   0  15 0.00  0.0    0  4.4  9 200   M    M   2         M  M
20  88  70  79   0   0  14 0.00  0.0    0  9.4 15 180   M    M   1        21 180
21  86  70  78  -1   0  13 0.00  0.0    0  7.9 13 170   M    M   2 3      20 160
22  91  71  81   2   0  16 0.00  0.0    0  9.8 16 210   M    M   1        24 190
23  90  69  80   1   0  15 0.00  0.0    0  4.7  9 180   M    M   0         M  M
24  91  72  82   3   0  17 0.00  0.0    0  5.0 10 170   M    M   0         M  M
25  91  71  81   1   0  16 0.00  0.0    0  6.2  9 220   M    M   1         M  M
26  90  69  80   0   0  15 0.07  0.0    0  5.3 13 320   M    M   2 3      17 230
27  85  66  76  -4   0  11 0.00  0.0    0  5.2 10  10   M    M   1        17  10
28  86  62  74  -6   0   9 0.00  0.0    0  1.0  5 140   M    M   0         M  M
29  90  64  77  -3   0  12 0.00  0.0    0  3.2  8 220   M    M   0         M  M
================================================================================
SM 2497 1925         0 334  9.30     0.0 176.8          M       58
================================================================================
AV 86.1 66.4                               6.1 FASTST   M    M   2    MAX(MPH)
                                 MISC ---->    36   M               # 50  340
================================================================================
NOTES:
# LAST OF SEVERAL OCCURRENCES

COLUMN 17 PEAK WIND IN M.P.H.

PRELIMINARY LOCAL CLIMATOLOGICAL DATA (WS FORM: F-6) , PAGE 2

                                          STATION:  BOWIE
                                          MONTH:    JUNE
                                          YEAR:     2015
                                          LATITUDE:   33 36 N
                                          LONGITUDE:  97 47 W

[TEMPERATURE DATA]      [PRECIPITATION DATA]       SYMBOLS USED IN COLUMN 16

AVERAGE MONTHLY: 76.2   TOTAL FOR MONTH:   9.30    1 = FOG OR MIST
DPTR FM NORMAL:  -1.2   DPTR FM NORMAL:    5.05    2 = FOG REDUCING VISIBILITY
HIGHEST:    92 ON 19    GRTST 24HR  6.70 ON 17-17      TO 1/4 MILE OR LESS
LOWEST:     56 ON  1                               3 = THUNDER
                        SNOW, ICE PELLETS, HAIL    4 = ICE PELLETS
                        TOTAL MONTH:   0.0 INCH    5 = HAIL
                        GRTST 24HR     0.0         6 = FREEZING RAIN OR DRIZZLE
                        GRTST DEPTH:   0           7 = DUSTSTORM OR SANDSTORM:
                                                       VSBY 1/2 MILE OR LESS
                                                   8 = SMOKE OR HAZE
[NO. OF DAYS WITH]      [WEATHER - DAYS WITH]      9 = BLOWING SNOW
                                                   X = TORNADO
MAX 32 OR BELOW:   0    0.01 INCH OR MORE:   7
MAX 90 OR ABOVE:   8    0.10 INCH OR MORE:   5
MIN 32 OR BELOW:   0    0.50 INCH OR MORE:   3
MIN  0 OR BELOW:   0    1.00 INCH OR MORE:   2

[HDD (BASE 65) ]
TOTAL THIS MO.     0    CLEAR  (SCALE 0-3)  23
DPTR FM NORMAL     0    PTCLDY (SCALE 4-7)   4
TOTAL FM JUL 1  2825    CLOUDY (SCALE 8-10)  2
DPTR FM NORMAL  -254

[CDD (BASE 65) ]
TOTAL THIS MO.   334
DPTR FM NORMAL   -26    [PRESSURE DATA]
TOTAL FM JAN 1   558    HIGHEST SLP M ON M
DPTR FM NORMAL   -50    LOWEST  SLP M ON M

[REMARKS]
