000
CXUS51 KBTV 260700
CF61V4
PRELIMINARY LOCAL CLIMATOLOGICAL DATA (WS FORM: F-6)

                                          STATION:   ST. JOHNSBURY VT
                                          MONTH:     OCTOBER
                                          YEAR:      2014
                                          LATITUDE:   44 25 N
                                          LONGITUDE:  72  1 W

  TEMPERATURE IN F:       :PCPN:    SNOW:  WIND      :SUNSHINE: SKY     :PK WND
================================================================================
1   2   3   4   5  6A  6B    7    8   9   10  11  12  13   14  15   16   17  18
                                     12Z  AVG MX 2MIN
DY MAX MIN AVG DEP HDD CDD  WTR  SNW DPTH SPD SPD DIR MIN PSBL S-S WX    SPD DR
================================================================================

 1  67  51  59   6   6   0 0.00  0.0    0   M   M   M   M    M   0         M  M
 2  72  47  60   7   5   0 0.00  0.0    0   M   M   M   M    M   0         M  M
 3  71  49  60   8   5   0 0.00  0.0    0   M   M   M   M    M   0         M  M
 4  60  47  54   2  11   0 1.48    M    0   M   M   M   M    M   0         M  M
 5  59  37  48  -4  17   0 0.01    M    0   M   M   M   M    M   0         M  M
 6  63  34  49  -2  16   0 0.00  0.0    0   M   M   M   M    M   0         M  M
 7  68  51  60   9   5   0 0.25  0.0    0   M   M   M   M    M   0         M  M
 8  65  49  57   7   8   0 0.26    M    0   M   M   M   M    M   0         M  M
 9  53  40  47  -3  18   0 0.03    M    0   M   M   M   M    M   0         M  M
10  54  33  44  -5  21   0 0.00  0.0    0   M   M   M   M    M   0         M  M
11  54  36  45  -4  20   0 0.00  0.0    0   M   M   M   M    M   0         M  M
12  57  32  45  -3  20   0 0.00  0.0    0   M   M   M   M    M   0         M  M
13  56  29  43  -5  22   0 0.00  0.0    0   M   M   M   M    M   0         M  M
14  75  55  65  17   0   0 0.02  0.0    0   M   M   M   M    M   0         M  M
15  77  60  69  22   0   4 0.00  0.0    0   M   M   M   M    M   0         M  M
16  72  59  66  19   0   1 0.71  0.0    0   M   M   M   M    M   0         M  M
17  66  56  61  14   4   0 0.18  0.0    0   M   M   M   M    M   0         M  M
18  58  45  52   6  13   0 0.37    M    0   M   M   M   M    M   0         M  M
19  45  38  42  -4  23   0 0.00  0.0    0   M   M   M   M    M   0         M  M
20  51  36  44  -2  21   0 0.00  0.0    0   M   M   M   M    M   0         M  M
21  48  38  43  -2  22   0 0.21    M    0   M   M   M   M    M   0         M  M
22  55  46  51   6  14   0 0.23    M    0   M   M   M   M    M   0         M  M
23  49  45  47   3  18   0 0.59    M    0   M   M   M   M    M   0         M  M
24  46  39  43  -1  22   0 0.13    M    0   M   M   M   M    M   0         M  M
25  59  33  46   2  19   0 0.27  0.0    0   M   M   M   M    M   0         M  M
================================================================================
SM 1500 1085       330   5  4.74     0.0     M          M        0
================================================================================
AV 60.0 43.4                                 M FASTST   M    M   0    MAX(MPH)
                                 MISC ---->     M   M                  M    M
================================================================================
NOTES:
# LAST OF SEVERAL OCCURRENCES

COLUMN 17 PEAK WIND IN M.P.H.

PRELIMINARY LOCAL CLIMATOLOGICAL DATA (WS FORM: F-6) , PAGE 2

                                          STATION:  ST. JOHNSBURY VT
                                          MONTH:    OCTOBER
                                          YEAR:     2014
                                          LATITUDE:   44 25 N
                                          LONGITUDE:  72  1 W

[TEMPERATURE DATA]      [PRECIPITATION DATA]       SYMBOLS USED IN COLUMN 16

AVERAGE MONTHLY: 51.7   TOTAL FOR MONTH:   4.74    1 = FOG OR MIST
DPTR FM NORMAL:   3.4   DPTR FM NORMAL:    1.59    2 = FOG REDUCING VISIBILITY
HIGHEST:    77 ON 15    GRTST 24HR  1.49 ON  4- 5      TO 1/4 MILE OR LESS
LOWEST:     29 ON 13                               3 = THUNDER
                        SNOW, ICE PELLETS, HAIL    4 = ICE PELLETS
                        TOTAL MONTH:   0.0 INCH    5 = HAIL
                        GRTST 24HR     0.0         6 = FREEZING RAIN OR DRIZZLE
                        GRTST DEPTH:   0           7 = DUSTSTORM OR SANDSTORM:
                                                       VSBY 1/2 MILE OR LESS
                                                   8 = SMOKE OR HAZE
[NO. OF DAYS WITH]      [WEATHER - DAYS WITH]      9 = BLOWING SNOW
                                                   X = TORNADO
MAX 32 OR BELOW:   0    0.01 INCH OR MORE:  14
MAX 90 OR ABOVE:   0    0.10 INCH OR MORE:  11
MIN 32 OR BELOW:   2    0.50 INCH OR MORE:   3
MIN  0 OR BELOW:   0    1.00 INCH OR MORE:   1

[HDD (BASE 65) ]
TOTAL THIS MO.   330    CLEAR  (SCALE 0-3)  25
DPTR FM NORMAL   -89    PTCLDY (SCALE 4-7)   0
TOTAL FM JUL 1   614    CLOUDY (SCALE 8-10)  0
DPTR FM NORMAL   -39

[CDD (BASE 65) ]
TOTAL THIS MO.     5
DPTR FM NORMAL     5    [PRESSURE DATA]
TOTAL FM JAN 1   252    HIGHEST SLP M ON M
DPTR FM NORMAL  -180    LOWEST  SLP M ON M

[REMARKS]
