000
CXUS51 KBTV 200700
CF61V4
PRELIMINARY LOCAL CLIMATOLOGICAL DATA (WS FORM: F-6)

                                          STATION:   ST. JOHNSBURY VT
                                          MONTH:     DECEMBER
                                          YEAR:      2014
                                          LATITUDE:   44 25 N
                                          LONGITUDE:  72  1 W

  TEMPERATURE IN F:       :PCPN:    SNOW:  WIND      :SUNSHINE: SKY     :PK WND
================================================================================
1   2   3   4   5  6A  6B    7    8   9   10  11  12  13   14  15   16   17  18
                                     12Z  AVG MX 2MIN
DY MAX MIN AVG DEP HDD CDD  WTR  SNW DPTH SPD SPD DIR MIN PSBL S-S WX    SPD DR
================================================================================

 1  45  29  37   8  28   0 0.00  0.0    0   M   M   M   M    M   0         M  M
 2  30  16  23  -6  42   0 0.21    M    0   M   M   M   M    M   0         M  M
 3  37  26  32   4  33   0 0.22    M    0   M   M   M   M    M   0         M  M
 4  35   9  22  -6  43   0 0.01    M    0   M   M   M   M    M   0         M  M
 5  30   3  17 -11  48   0 0.07    M    0   M   M   M   M    M   0         M  M
 6  35  28  32   5  33   0 0.49    M    0   M   M   M   M    M   0         M  M
 7  30   1  16 -10  49   0 0.00  0.0    0   M   M   M   M    M   0         M  M
 8  18  -4   7 -19  58   0 0.00  0.0    0   M   M   M   M    M   0         M  M
 9  35  16  26   0  39   0 0.69    M    0   M   M   M   M    M   0         M  M
10  37  34  36  11  29   0 0.50    M    0   M   M   M   M    M   0         M  M
11  36  31  34   9  31   0 0.13    M    0   M   M   M   M    M   0         M  M
12  34  28  31   7  34   0 0.04    M    0   M   M   M   M    M   0         M  M
13  31  28  30   6  35   0 0.00  0.0    0   M   M   M   M    M   0         M  M
14  34  25  30   6  35   0 0.00  0.0    0   M   M   M   M    M   0         M  M
15  32  27  30   7  35   0 0.00  0.0    0   M   M   M   M    M   0         M  M
16  36  28  32   9  33   0 0.00  0.0    0   M   M   M   M    M   0         M  M
17  37  34  36  14  29   0 0.64    M    0   M   M   M   M    M   0         M  M
18  35  30  33  11  32   0 0.05    M    0   M   M   M   M    M   0         M  M
19  30  19  25   3  40   0 0.00  0.0    0   M   M   M   M    M   0         M  M
================================================================================
SM  637  408       706   0  3.05     0.0     M          M        0
================================================================================
AV 33.5 21.5                                 M FASTST   M    M   0    MAX(MPH)
                                 MISC ---->     M   M                  M    M
================================================================================
NOTES:
# LAST OF SEVERAL OCCURRENCES

COLUMN 17 PEAK WIND IN M.P.H.

PRELIMINARY LOCAL CLIMATOLOGICAL DATA (WS FORM: F-6) , PAGE 2

                                          STATION:  ST. JOHNSBURY VT
                                          MONTH:    DECEMBER
                                          YEAR:     2014
                                          LATITUDE:   44 25 N
                                          LONGITUDE:  72  1 W

[TEMPERATURE DATA]      [PRECIPITATION DATA]       SYMBOLS USED IN COLUMN 16

AVERAGE MONTHLY: 27.5   TOTAL FOR MONTH:   3.05    1 = FOG OR MIST
DPTR FM NORMAL:   2.2   DPTR FM NORMAL:    1.07    2 = FOG REDUCING VISIBILITY
HIGHEST:    45 ON  1    GRTST 24HR  0.96 ON  9-10      TO 1/4 MILE OR LESS
LOWEST:     -4 ON  8                               3 = THUNDER
                        SNOW, ICE PELLETS, HAIL    4 = ICE PELLETS
                        TOTAL MONTH:   0.0 INCH    5 = HAIL
                        GRTST 24HR     0.0         6 = FREEZING RAIN OR DRIZZLE
                        GRTST DEPTH:   0           7 = DUSTSTORM OR SANDSTORM:
                                                       VSBY 1/2 MILE OR LESS
                                                   8 = SMOKE OR HAZE
[NO. OF DAYS WITH]      [WEATHER - DAYS WITH]      9 = BLOWING SNOW
                                                   X = TORNADO
MAX 32 OR BELOW:   7    0.01 INCH OR MORE:  11
MAX 90 OR ABOVE:   0    0.10 INCH OR MORE:   7
MIN 32 OR BELOW:  17    0.50 INCH OR MORE:   3
MIN  0 OR BELOW:   1    1.00 INCH OR MORE:   0

[HDD (BASE 65) ]
TOTAL THIS MO.   706    CLEAR  (SCALE 0-3)  19
DPTR FM NORMAL   -48    PTCLDY (SCALE 4-7)   0
TOTAL FM JUL 1  2358    CLOUDY (SCALE 8-10)  0
DPTR FM NORMAL   -52

[CDD (BASE 65) ]
TOTAL THIS MO.     0
DPTR FM NORMAL     0    [PRESSURE DATA]
TOTAL FM JAN 1   252    HIGHEST SLP M ON M
DPTR FM NORMAL  -181    LOWEST  SLP M ON M

[REMARKS]
