000
CXUS55 KBOU 011112
CF620V

PRELIMINARY LOCAL CLIMATOLOGICAL DATA (WS FORM: F-6)

                                          STATION:   KREMMLING
                                          MONTH:     AUGUST
                                          YEAR:      2014
                                          LATITUDE:   40  3 N
                                          LONGITUDE: 106 22 W

  TEMPERATURE IN F:       :PCPN:    SNOW:  WIND      :SUNSHINE: SKY     :PK WND
================================================================================
1   2   3   4   5  6A  6B    7    8   9   10  11  12  13   14  15   16   17  18
                                     12Z  AVG MX 2MIN
DY MAX MIN AVG DEP HDD CDD  WTR  SNW DPTH SPD SPD DIR MIN PSBL S-S WX    SPD DR
================================================================================

 1  77  50  64   M   1   0    M    M    M  2.8 14 190   M    M   2 3      18 190
 2  81  41  61   M   4   0    M    M    M  2.1  8 110   M    M   0         M  M
 3  84  43  64   M   1   0    M    M    M  1.9 17  70   M    M   1         M  M
 4  77  52  65   M   0   0    M    M    M  3.5 15 110   M    M   4 3      17 270
 5  79  52  66   M   0   1    M    M    M  4.2 16 350   M    M   6 3      22 350
 6  75  50  63   M   2   0    M    M    M  4.2 16 200   M    M   4 3      25 200
 7  77  43  60   M   5   0    M    M    M  4.9 21 320   M    M   2        32 320
 8  81  37  59   M   6   0    M    M    M  4.5 16 230   M    M   2        24 230
 9  77  43  60   M   5   0    M    M    M  4.0 14 200   M    M   3 3      21 320
10  79  41  60   M   5   0    M    M    M  2.7 16 100   M    M   3 3      22 100
11  82  39  61   M   4   0    M    M    M  2.3  9 110   M    M   0         M  M
12  88  41  65   M   0   0    M    M    M  2.4  8 350   M    M   0         M  M
13  84  46  65   M   0   0    M    M    M  2.1 21 150   M    M   3        27 150
14  72  50  61   M   4   0    M    M    M  2.1 14 240   M    M   7 3      20 240
15  79  43  61   M   4   0    M    M    M  2.5 15 350   M    M   5 12     27 270
16  82  37  60   M   5   0    M    M    M  1.8  6 280   M    M   1        16 320
17  82  37  60   M   5   0    M    M    M  1.9 12 340   M    M   1        20 340
18  82  37  60   M   5   0    M    M    M  3.2 15 240   M    M   2        18 210
19  82  41  62   M   3   0    M    M    M  3.7 15 190   M    M   3 3      24 190
20  77  50  64   M   1   0    M    M    M  5.0 21 350   M    M   5 3      29 350
21  77  50  64   M   1   0    M    M    M  4.2 12 240   M    M   4 3      16 240
22  70  52  61   M   4   0    M    M    M  1.2  8 100   M    M   7 3       M  M
23  64  43  54   M  11   0    M    M    M  5.9 18 220   M    M   6        25 220
24  73  34  54   M  11   0    M    M    M  4.1 15 260   M    M   3 3      24 220
25  73  46  60   M   5   0    M    M    M  4.2 10 170   M    M   3 3      17 170
26  73  41  57   M   8   0    M    M    M  2.9 15 320   M    M   5        25 340
27  70  50  60   M   5   0    M    M    M  4.9 15 260   M    M   8 3      27 250
28  61  43  52   M  13   0    M    M    M  2.3  7 250   M    M   7         M  M
29  75  37  56   M   9   0    M    M    M  4.2 21 120   M    M   5 123    29 120
30  81  36  59   M   6   0    M    M    M  4.1 18 250   M    M   2        31 250
31  72  43  58   M   7   0    M    M    M  3.8 12 290   M    M   5        21 330
================================================================================
SM 2386 1348       140   1    M     M    103.6          M      109
================================================================================
AV 77.0 43.5                               3.3 FASTST   M    M   4    MAX(MPH)
                                 MISC ---->    21   M                 32    M
================================================================================
NOTES:
# LAST OF SEVERAL OCCURRENCES

COLUMN 17 PEAK WIND IN M.P.H.

PRELIMINARY LOCAL CLIMATOLOGICAL DATA (WS FORM: F-6) , PAGE 2

                                          STATION:  KREMMLING
                                          MONTH:    AUGUST
                                          YEAR:     2014
                                          LATITUDE:   40  3 N
                                          LONGITUDE: 106 22 W

[TEMPERATURE DATA]      [PRECIPITATION DATA]       SYMBOLS USED IN COLUMN 16

AVERAGE MONTHLY: 60.2   TOTAL FOR MONTH:      M    1 = FOG OR MIST
DPTR FM NORMAL:     M   DPTR FM NORMAL:       M    2 = FOG REDUCING VISIBILITY
HIGHEST:    88 ON 12    GRTST 24HR    M  ON   M        TO 1/4 MILE OR LESS
LOWEST:     34 ON 24                               3 = THUNDER
                        SNOW, ICE PELLETS, HAIL    4 = ICE PELLETS
                        TOTAL MONTH:    M          5 = HAIL
                        GRTST 24HR    M  ON   M    6 = FREEZING RAIN OR DRIZZLE
                        GRTST DEPTH:  M  ON   M    7 = DUSTSTORM OR SANDSTORM:
                                                       VSBY 1/2 MILE OR LESS
                                                   8 = SMOKE OR HAZE
[NO. OF DAYS WITH]      [WEATHER - DAYS WITH]      9 = BLOWING SNOW
                                                   X = TORNADO
MAX 32 OR BELOW:   0    0.01 INCH OR MORE:   0
MAX 90 OR ABOVE:   0    0.10 INCH OR MORE:   0
MIN 32 OR BELOW:   0    0.50 INCH OR MORE:   0
MIN  0 OR BELOW:   0    1.00 INCH OR MORE:   0

[HDD (BASE 65) ]
TOTAL THIS MO.   140    CLEAR  (SCALE 0-3)  16
DPTR FM NORMAL     M    PTCLDY (SCALE 4-7)  15
TOTAL FM JUL 1   165    CLOUDY (SCALE 8-10)  0
DPTR FM NORMAL     M

[CDD (BASE 65) ]
TOTAL THIS MO.     1
DPTR FM NORMAL     M    [PRESSURE DATA]
TOTAL FM JAN 1    45    HIGHEST SLP M ON M
DPTR FM NORMAL     M    LOWEST  SLP M ON M

[REMARKS]
FINAL-#08-14#
