000
CXUS55 KBOU 220758
CF633V
PRELIMINARY LOCAL CLIMATOLOGICAL DATA (WS FORM: F-6)

                                          STATION:   Walden
                                          MONTH:     JULY
                                          YEAR:      2017
                                          LATITUDE:   40 45 N
                                          LONGITUDE: 106 16 W

  TEMPERATURE IN F:       :PCPN:    SNOW:  WIND      :SUNSHINE: SKY     :PK WND
================================================================================
1   2   3   4   5  6A  6B    7    8   9   10  11  12  13   14  15   16   17  18
                                     12Z  AVG MX 2MIN
DY MAX MIN AVG DEP HDD CDD  WTR  SNW DPTH SPD SPD DIR MIN PSBL S-S WX    SPD DR
================================================================================

 1  75  32  54   M  11   0    M    M    M  6.4 16 250   M    M   0        20 250
 2  79  36  58   M   7   0    M    M    M  7.0 23 330   M    M   2        31 330
 3  77  39  58   M   7   0    M    M    M  8.5 25 320   M    M   3        39 320
 4  77  39  58   M   7   0    M    M    M  6.9 18 230   M    M   1        22 230
 5  84  39  62   M   3   0    M    M    M  5.6 13 310   M    M   0        18 300
 6  84  39  62   M   3   0    M    M    M  5.8 18 330   M    M   1        28 330
 7  77  41  59   M   6   0    M    M    M  5.6 17 360   M    M   1        27 300
 8  75  41  58   M   7   0    M    M    M  5.2 15 140   M    M   2        17  30
 9  79  39  59   M   6   0    M    M    M  6.5 16 290   M    M   1        20 290
10  81  46  64   M   1   0    M    M    M  5.1 14 300   M    M   4        20 250
11  79  50  65   M   0   0    M    M    M  6.1 18 350   M    M   4        23 350
12  72  50  61   M   4   0    M    M    M  4.0  9 110   M    M   6        21 110
13  81  39  60   M   5   0    M    M    M  5.1 15 140   M    M   3        24  20
14  82  39  61   M   4   0    M    M    M  6.8 17 110   M    M   0        24 110
15  82  41  62   M   3   0    M    M    M  6.9 21  40   M    M   1        29  40
16  82  39  61   M   4   0    M    M    M  7.2 20 260   M    M   1        28 260
17  81  46  64   M   1   0    M    M    M  7.1 17 360   M    M   2        21 330
18  82  50  66   M   0   1    M    M    M  4.6 10 330   M    M   3         M  M
19  82  46  64   M   1   0    M    M    M  5.7 16 360   M    M   3        21 160
20  82  50  66   M   0   1    M    M    M  6.6 33 190   M    M   1        43 190
21  79  50  65   M   0   0    M    M    M  5.9 22 150   M    M   5        28 150
================================================================================
SM 1672  891        80   2    M     M    128.6          M       44
================================================================================
AV 79.6 42.4                               6.1 FASTST   M    M   2    MAX(MPH)
                                 MISC ---->  # 33 190               # 43  190
================================================================================
NOTES:
# LAST OF SEVERAL OCCURRENCES

COLUMN 17 PEAK WIND IN M.P.H.

PRELIMINARY LOCAL CLIMATOLOGICAL DATA (WS FORM: F-6) , PAGE 2

                                          STATION:  Walden
                                          MONTH:    JULY
                                          YEAR:     2017
                                          LATITUDE:   40 45 N
                                          LONGITUDE: 106 16 W

[TEMPERATURE DATA]      [PRECIPITATION DATA]       SYMBOLS USED IN COLUMN 16

AVERAGE MONTHLY: 61.0   TOTAL FOR MONTH:      M    1 = FOG OR MIST
DPTR FM NORMAL:     M   DPTR FM NORMAL:       M    2 = FOG REDUCING VISIBILITY
HIGHEST:    84 ON  6, 5 GRTST 24HR    M  ON   M        TO 1/4 MILE OR LESS
LOWEST:     32 ON  1                               3 = THUNDER
                        SNOW, ICE PELLETS, HAIL    4 = ICE PELLETS
                        TOTAL MONTH:    M          5 = HAIL
                        GRTST 24HR    M  ON   M    6 = FREEZING RAIN OR DRIZZLE
                        GRTST DEPTH:  M  ON   M    7 = DUSTSTORM OR SANDSTORM:
                                                       VSBY 1/2 MILE OR LESS
                                                   8 = SMOKE OR HAZE
[NO. OF DAYS WITH]      [WEATHER - DAYS WITH]      9 = BLOWING SNOW
                                                   X = TORNADO
MAX 32 OR BELOW:   0    0.01 INCH OR MORE:   0
MAX 90 OR ABOVE:   0    0.10 INCH OR MORE:   0
MIN 32 OR BELOW:   1    0.50 INCH OR MORE:   0
MIN  0 OR BELOW:   0    1.00 INCH OR MORE:   0

[HDD (BASE 65) ]
TOTAL THIS MO.    80    CLEAR  (SCALE 0-3)  17
DPTR FM NORMAL     M    PTCLDY (SCALE 4-7)   4
TOTAL FM JUL 1    80    CLOUDY (SCALE 8-10)  0
DPTR FM NORMAL     M

[CDD (BASE 65) ]
TOTAL THIS MO.     2
DPTR FM NORMAL     M    [PRESSURE DATA]
TOTAL FM JAN 1     2    HIGHEST SLP M ON M
DPTR FM NORMAL     M    LOWEST  SLP M ON M

[REMARKS]
