000
CXUS56 KMFR 231000
CF6AAT
PRELIMINARY LOCAL CLIMATOLOGICAL DATA (WS FORM: F-6)

                                          STATION:   ALTURAS CA
                                          MONTH:     JULY
                                          YEAR:      2017
                                          LATITUDE:   41 29 N
                                          LONGITUDE: 120 34 W

  TEMPERATURE IN F:       :PCPN:    SNOW:  WIND      :SUNSHINE: SKY     :PK WND
================================================================================
1   2   3   4   5  6A  6B    7    8   9   10  11  12  13   14  15   16   17  18
                                     12Z  AVG MX 2MIN
DY MAX MIN AVG DEP HDD CDD  WTR  SNW DPTH SPD SPD DIR MIN PSBL S-S WX    SPD DR
================================================================================

 1  90  54  72   8   0   7 0.00    M    M  5.8 15 320   M    M   0        17 290
 2  93  59  76  12   0  11 0.00    M    M  5.1 14 270   M    M   0        21 270
 3  93  51  72   8   0   7 0.00    M    M  5.3 18 260   M    M   0        24 260
 4  92  49  71   7   0   6 0.00    M    M  6.8 20 270   M    M   0        25 290
 5  94  42  68   3   0   3 0.00    M    M  9.6 21 280   M    M   0        30 250
 6  95  47  71   6   0   6 0.00    M    M  5.3 17 250   0    0   0        36 230
 7  95  45  70   5   0   5 0.00    M    M  5.6 16 270   M    M   0        21 290
 8  98  46  72   6   0   7 0.00    M    M  5.6 20 270   M    M   0        25 280
 9  97  49  73   7   0   8 0.00    M    M  6.5 21 270   0    0   0        36 270
10  91   M   M   M   M   M 0.00    M    M  6.2 20 260   M    M   0        27 260
11  91   M   M   M   M   M 0.00    M    M  5.4 15 260   M    M   0        25 260
12  92  51  72   6   0   7 0.00    M    M  6.3 20 280   M    M   0        28 290
13  92  47  70   4   0   5 0.00    M    M  6.3 18 270   M    M   0        23 290
14  96  45  71   4   0   6 0.00    M    M  5.2 17 270   M    M   0        22 260
15  93  49  71   4   0   6 0.00    M    M  5.3 16 280   M    M   0        22 280
16  92  47  70   3   0   5 0.00    M    M  5.3 16 310   M    M   0        18 280
17  90  46  68   1   0   3 0.00    M    M  8.9 24 260   0    0   0        38 200
18  88  49  69   2   0   4 0.00    M    M  8.2 24 270   M    M   0        32 260
19  89  39  64  -3   1   0 0.00    M    M  5.5 23 280   M    M   0        29 270
20  87  44  66  -1   0   1 0.00    M    M  5.5 20 280   M    M   0        24 250
21  90  46  68   1   0   3 0.00    M    M  4.5 14 330   M    M   0        19 270
22  96  50  73   6   0   8 0.00    M    M  4.5 14  10   M    M   0        19  20
================================================================================
SM 2034  955         1 108  0.00    M    132.7            0      0
================================================================================
AV 92.5 47.8                               6.0 FASTST    0   0   0    MAX(MPH)
                                 MISC ---->  # 24 260               # 38  200
================================================================================
NOTES:
# LAST OF SEVERAL OCCURRENCES

COLUMN 17 PEAK WIND IN M.P.H.

PRELIMINARY LOCAL CLIMATOLOGICAL DATA (WS FORM: F-6) , PAGE 2

                                          STATION:  ALTURAS CA
                                          MONTH:    JULY
                                          YEAR:     2017
                                          LATITUDE:   41 29 N
                                          LONGITUDE: 120 34 W

[TEMPERATURE DATA]      [PRECIPITATION DATA]       SYMBOLS USED IN COLUMN 16

AVERAGE MONTHLY: 70.1   TOTAL FOR MONTH:   0.00    1 = FOG OR MIST
DPTR FM NORMAL:   4.2   DPTR FM NORMAL:   -0.19    2 = FOG REDUCING VISIBILITY
HIGHEST:    98 ON  8    GRTST 24HR  0.00 ON 22-22      TO 1/4 MILE OR LESS
LOWEST:     39 ON 19                               3 = THUNDER
                        SNOW, ICE PELLETS, HAIL    4 = ICE PELLETS
                        TOTAL MONTH:    M          5 = HAIL
                        GRTST 24HR    M  ON   M    6 = FREEZING RAIN OR DRIZZLE
                        GRTST DEPTH:  M  ON   M    7 = DUSTSTORM OR SANDSTORM:
                                                       VSBY 1/2 MILE OR LESS
                                                   8 = SMOKE OR HAZE
[NO. OF DAYS WITH]      [WEATHER - DAYS WITH]      9 = BLOWING SNOW
                                                   X = TORNADO
MAX 32 OR BELOW:   0    0.01 INCH OR MORE:   0
MAX 90 OR ABOVE:  19    0.10 INCH OR MORE:   0
MIN 32 OR BELOW:   0    0.50 INCH OR MORE:   0
MIN  0 OR BELOW:   0    1.00 INCH OR MORE:   0

[HDD (BASE 65) ]
TOTAL THIS MO.     1    CLEAR  (SCALE 0-3)  22
DPTR FM NORMAL   -31    PTCLDY (SCALE 4-7)   0
TOTAL FM JUL 1     1    CLOUDY (SCALE 8-10)  0
DPTR FM NORMAL   -31

[CDD (BASE 65) ]
TOTAL THIS MO.   108
DPTR FM NORMAL    56    [PRESSURE DATA]
TOTAL FM JAN 1   190    HIGHEST SLP  0.00 ON M
DPTR FM NORMAL   127    LOWEST  SLP 29.85 ON 11

[REMARKS]
