000
CXUS56 KMFR 211000
CF6AAT
PRELIMINARY LOCAL CLIMATOLOGICAL DATA (WS FORM: F-6)

                                          STATION:   ALTURAS CA
                                          MONTH:     FEBRUARY
                                          YEAR:      2017
                                          LATITUDE:   41 29 N
                                          LONGITUDE: 120 34 W

  TEMPERATURE IN F:       :PCPN:    SNOW:  WIND      :SUNSHINE: SKY     :PK WND
================================================================================
1   2   3   4   5  6A  6B    7    8   9   10  11  12  13   14  15   16   17  18
                                     12Z  AVG MX 2MIN
DY MAX MIN AVG DEP HDD CDD  WTR  SNW DPTH SPD SPD DIR MIN PSBL S-S WX    SPD DR
================================================================================

 1  47  22  35   3  30   0 0.00    M    M  2.2  8  50   M    M   3 18      9  50
 2  47  28  38   6  27   0 0.03    M    M  6.2 16 170   M    M   8 18     20 190
 3  48  37  43  11  22   0 0.18    M    M 13.7 26 180   M    M   9        36 180
 4  49  32  41   9  24   0    T    M    M 10.3 24 220   M    M   8        31 220
 5  52  37  45  13  20   0    T    M    M 15.2 30 190   M    M   7        39 190
 6  43  33  38   6  27   0 0.66    M    M 10.5 26 220   M    M  10 1      34 220
 7  51  33  42  10  23   0 0.29    M    M 12.1 31 230   M    M   7 18     40 240
 8  53  35  44  11  21   0 0.05    M    M  9.7 28 210   M    M   8 1      36 200
 9  53  39  46  13  19   0 0.20    M    M 20.0 28 180   M    M   M        46 170
10  48  33  41   8  24   0 0.15    M    M  6.7270  17   M    M   M       260  20
11  44  24  34   1  31   0 0.00    M    M  2.4 12  40   M    M   M        15  80
12  51  19  35   2  30   0 0.00    M    M  1.8  8  70   M    M   M         9 120
13  56  27  42   8  23   0 0.00    M    M  3.2 10 180   M    M   0 18     14 200
14  58  21  40   6  25   0 0.00    M    M  6.1 20 170   M    M   0 18     26 160
15  57  32  45  11  20   0    T    M    M 11.8 35 190   M    M   6        44 200
16  51  35  43   9  22   0 0.10    M    M 15.9 36 200   M    M   7        46 200
17  42  33  38   4  27   0 0.08    M    M  5.3 20  60   M    M   9 8      25  70
18  43  35  39   4  26   0 0.03    M    M  7.0 14 240   M    M   9        18 230
19  46  32  39   4  26   0 0.05    M    M 11.3 28 200   M    M   8 1      37 210
20  44  35  40   5  25   0 0.63    M    M 17.0 33 180   M    M   9 1      42 180
================================================================================
SM  983  622       492   0  2.45    M    188.4          M      108
================================================================================
AV 49.2 31.1                               9.4 FASTST   M    M   7    MAX(MPH)
                                 MISC ---->  #270  17               #260   20
================================================================================
NOTES:
# LAST OF SEVERAL OCCURRENCES

COLUMN 17 PEAK WIND IN M.P.H.

PRELIMINARY LOCAL CLIMATOLOGICAL DATA (WS FORM: F-6) , PAGE 2

                                          STATION:  ALTURAS CA
                                          MONTH:    FEBRUARY
                                          YEAR:     2017
                                          LATITUDE:   41 29 N
                                          LONGITUDE: 120 34 W

[TEMPERATURE DATA]      [PRECIPITATION DATA]       SYMBOLS USED IN COLUMN 16

AVERAGE MONTHLY: 40.1   TOTAL FOR MONTH:   2.45    1 = FOG OR MIST
DPTR FM NORMAL:   6.9   DPTR FM NORMAL:    1.44    2 = FOG REDUCING VISIBILITY
HIGHEST:    58 ON 14    GRTST 24HR  0.95 ON  6- 7      TO 1/4 MILE OR LESS
LOWEST:     19 ON 12                               3 = THUNDER
                        SNOW, ICE PELLETS, HAIL    4 = ICE PELLETS
                        TOTAL MONTH:    M          5 = HAIL
                        GRTST 24HR    M  ON   M    6 = FREEZING RAIN OR DRIZZLE
                        GRTST DEPTH:  M  ON   M    7 = DUSTSTORM OR SANDSTORM:
                                                       VSBY 1/2 MILE OR LESS
                                                   8 = SMOKE OR HAZE
[NO. OF DAYS WITH]      [WEATHER - DAYS WITH]      9 = BLOWING SNOW
                                                   X = TORNADO
MAX 32 OR BELOW:   0    0.01 INCH OR MORE:  12
MAX 90 OR ABOVE:   0    0.10 INCH OR MORE:   7
MIN 32 OR BELOW:   9    0.50 INCH OR MORE:   2
MIN  0 OR BELOW:   0    1.00 INCH OR MORE:   0

[HDD (BASE 65) ]
TOTAL THIS MO.   492    CLEAR  (SCALE 0-3)   3
DPTR FM NORMAL  -143    PTCLDY (SCALE 4-7)   7
TOTAL FM JUL 1  4353    CLOUDY (SCALE 8-10)  6
DPTR FM NORMAL  -280

[CDD (BASE 65) ]
TOTAL THIS MO.     0
DPTR FM NORMAL     0    [PRESSURE DATA]
TOTAL FM JAN 1     0    HIGHEST SLP M ON M
DPTR FM NORMAL     0    LOWEST  SLP 29.36 ON 17

[REMARKS]
