000
CXUS56 KMFR 301000
CF6AAT
PRELIMINARY LOCAL CLIMATOLOGICAL DATA (WS FORM: F-6)

                                          STATION:   ALTURAS CA
                                          MONTH:     AUGUST
                                          YEAR:      2015
                                          LATITUDE:   41 29 N
                                          LONGITUDE: 120 34 W

  TEMPERATURE IN F:       :PCPN:    SNOW:  WIND      :SUNSHINE: SKY     :PK WND
================================================================================
1   2   3   4   5  6A  6B    7    8   9   10  11  12  13   14  15   16   17  18
                                     12Z  AVG MX 2MIN
DY MAX MIN AVG DEP HDD CDD  WTR  SNW DPTH SPD SPD DIR MIN PSBL S-S WX    SPD DR
================================================================================

 1  99  59  79  12   0  14    T    M    M  5.2 23  90   M    M   0 3      36  90
 2  87  61  74   7   0   9 0.08    M    M  7.0 21 170   M    M   4 138    28 170
 3  90  51  71   4   0   6 0.00    M    M  5.0 21 270   M    M   1 12     26 270
 4  89  46  68   1   0   3 0.00    M    M  6.1 25 260   M    M   1        31 240
 5  83  51  67   0   0   2 0.00    M    M  6.9 18 260   M    M   4 8      29 180
 6  88  44  66  -1   0   1 0.00    M    M  2.8 12 350   M    M   0 8      21 350
 7  82  51  67   1   0   2 0.19    M    M  5.5 20 150   M    M   2 38     37 200
 8  84  45  65  -1   0   0 0.00    M    M  5.4 22 170   M    M   1        39 230
 9  88  41  65  -1   0   0 0.00    M    M  5.9 23 260   M    M   1 8      30 260
10  86  50  68   2   0   3 0.00    M    M  5.9 22 190   M    M   2        28 180
11  88  46  67   1   0   2 0.00    M    M  6.3 22 170   M    M   0        28 190
12  90  43  67   1   0   2 0.00    M    M  6.5 22 170   M    M   0 8      30 170
13  93  41  67   1   0   2 0.00    M    M  8.6 29 180   M    M   0 8      37 210
14  82  41  62  -3   3   0 0.00    M    M  9.2 25 280   M    M   0        33 270
15  88  37  63  -2   2   0 0.00    M    M  1.8 13 330   M    M   0        16 310
16  93  40  67   2   0   2 0.00    M    M  3.6 14 310   M    M   0        17 310
17  93  41  67   2   0   2 0.00    M    M  3.3 12 320   M    M   0 8      16 130
18  95  41  68   4   0   3 0.00    M    M  2.3 14 330   M    M   0 8      18 310
19  94  44  69   5   0   4 0.00    M    M  4.7 16 250   M    M   1 8      23 300
20  90  46  68   4   0   3 0.00    M    M  4.8 17 270   M    M   2 8      23 280
21  90  45  68   4   0   3 0.00    M    M  4.4 17 230   M    M   0 8      30 270
22  92  42  67   4   0   2 0.00    M    M  4.8 16 270   M    M   0        22 270
23  91  45  68   5   0   3 0.00    M    M  6.5 23 270   M    M   0        27 270
24  90  48  69   6   0   4 0.00    M    M  6.9 24 260   M    M   0        30 250
25  91  41  66   3   0   1 0.00    M    M  4.6 22 270   M    M   0        28 270
26  90  39  65   3   0   0 0.00    M    M  5.9 22 240   M    M   0        29 250
27  90  48  69   7   0   4 0.00    M    M  6.3 22 270   M    M   0        30 240
28  89  46  68   6   0   3 0.00    M    M  9.2 26 160   M    M   0        33 170
29  78  50  64   2   1   0    T    M    M 15.7 29 180   M    M   4        37 230
================================================================================
SM 2583 1323         6  80  0.27    M    171.1          M       23
================================================================================
AV 89.1 45.6                               5.9 FASTST   M    M   1    MAX(MPH)
                                 MISC ---->  # 29 180               # 39  230
================================================================================
NOTES:
# LAST OF SEVERAL OCCURRENCES

COLUMN 17 PEAK WIND IN M.P.H.

PRELIMINARY LOCAL CLIMATOLOGICAL DATA (WS FORM: F-6) , PAGE 2

                                          STATION:  ALTURAS CA
                                          MONTH:    AUGUST
                                          YEAR:     2015
                                          LATITUDE:   41 29 N
                                          LONGITUDE: 120 34 W

[TEMPERATURE DATA]      [PRECIPITATION DATA]       SYMBOLS USED IN COLUMN 16

AVERAGE MONTHLY: 67.3   TOTAL FOR MONTH:   0.27    1 = FOG OR MIST
DPTR FM NORMAL:   2.5   DPTR FM NORMAL:   -0.06    2 = FOG REDUCING VISIBILITY
HIGHEST:    99 ON  1    GRTST 24HR  0.19 ON  7- 7      TO 1/4 MILE OR LESS
LOWEST:     37 ON 15                               3 = THUNDER
                        SNOW, ICE PELLETS, HAIL    4 = ICE PELLETS
                        TOTAL MONTH:    M          5 = HAIL
                        GRTST 24HR    M  ON   M    6 = FREEZING RAIN OR DRIZZLE
                        GRTST DEPTH:  M  ON   M    7 = DUSTSTORM OR SANDSTORM:
                                                       VSBY 1/2 MILE OR LESS
                                                   8 = SMOKE OR HAZE
[NO. OF DAYS WITH]      [WEATHER - DAYS WITH]      9 = BLOWING SNOW
                                                   X = TORNADO
MAX 32 OR BELOW:   0    0.01 INCH OR MORE:   2
MAX 90 OR ABOVE:  16    0.10 INCH OR MORE:   1
MIN 32 OR BELOW:   0    0.50 INCH OR MORE:   0
MIN  0 OR BELOW:   0    1.00 INCH OR MORE:   0

[HDD (BASE 65) ]
TOTAL THIS MO.     6    CLEAR  (SCALE 0-3)  26
DPTR FM NORMAL   -55    PTCLDY (SCALE 4-7)   3
TOTAL FM JUL 1    29    CLOUDY (SCALE 8-10)  0
DPTR FM NORMAL   -73

[CDD (BASE 65) ]
TOTAL THIS MO.    80
DPTR FM NORMAL    26    [PRESSURE DATA]
TOTAL FM JAN 1   314    HIGHEST SLP M ON M
DPTR FM NORMAL   165    LOWEST  SLP 29.67 ON 29

[REMARKS]
