000
CXUS51 KPHI 290800
CF6ABE
PRELIMINARY LOCAL CLIMATOLOGICAL DATA (WS FORM: F-6)

                                          STATION:   ALLENTOWN PA
                                          MONTH:     AUGUST
                                          YEAR:      2014
                                          LATITUDE:   40 39 N
                                          LONGITUDE:  75 26 W

  TEMPERATURE IN F:       :PCPN:    SNOW:  WIND      :SUNSHINE: SKY     :PK WND
================================================================================
1   2   3   4   5  6A  6B    7    8   9   10  11  12  13   14  15   16   17  18
                                     12Z  AVG MX 2MIN
DY MAX MIN AVG DEP HDD CDD  WTR  SNW DPTH SPD SPD DIR MIN PSBL S-S WX    SPD DR
================================================================================

 1  84  62  73   0   0   8 0.07  0.0    0  4.1 18 130   M    M   7 18     25 190
 2  81  67  74   1   0   9    T  0.0    0  4.2 12  40   M    M   8 18     14 160
 3  76  66  71  -2   0   6    T  0.0    0  2.8  8 100   M    M  10 18     10 110
 4  85  65  75   2   0  10 0.00  0.0    0  4.1 13 320   M    M   5 12     16 320
 5  88  60  74   1   0   9 0.00  0.0    0  3.9 21 330   M    M   0 1      28 310
 6  83  63  73   0   0   8 0.00  0.0    0  5.8 14 350   M    M   2        20 310
 7  83  57  70  -3   0   5 0.00  0.0    0  6.3 17 330   M    M   2        25 310
 8  83  52  68  -5   0   3 0.00  0.0    0  4.0 10 310   M    M   1        15 320
 9  86  55  71  -2   0   6 0.00  0.0    0  2.3  8 310   M    M   1        13  20
10  87  57  72   0   0   7 0.00  0.0    0  2.6  8 230   M    M   1        12 230
11  87  61  74   2   0   9 0.00  0.0    0  5.4 15 190   M    M   4        22 130
12  75  69  72   0   0   7 0.42  0.0    0  9.2 18 110   M    M   9 1      24 100
13  83  65  74   2   0   9 0.41  0.0    0  7.8 22 280   M    M   7 1      31 300
14  78  54  66  -6   0   1 0.00  0.0    0  6.4 17 240   M    M   2        23 240
15  74  50  62 -10   3   0 0.00  0.0    0  5.3 15 250   M    M   4 8      20 250
16  78  50  64  -8   1   0 0.00  0.0    0  3.6 15 260   M    M   0 1      23 280
17  81  56  69  -3   0   4 0.06  0.0    0  5.0 16 340   M    M   5 1      22  10
18  82  51  67  -5   0   2 0.00  0.0    0  3.6 12 250   M    M   1        16 250
19  85  54  70  -2   0   5 0.00  0.0    0  3.2  9  70   M    M   3        13 130
20  85  64  75   4   0  10 0.01  0.0    0  4.4 12 200   M    M   7        17 140
21  83  67  75   4   0  10 0.49  0.0    0  5.3 20  70   M    M   6 13     26 190
22  77  66  72   1   0   7 0.16  0.0    0  5.3 13 100   M    M   9 18     17 110
23  72  62  67  -4   0   2 0.23  0.0    0  4.3 12  70   M    M  10 1      17  90
24  82  60  71   0   0   6 0.00  0.0    0  3.3 12  20   M    M   4 18     15  60
25  86  55  71   1   0   6 0.00  0.0    0  1.6  8 110   M    M   1 1      13 110
26  88  58  73   3   0   8 0.00  0.0    0  2.1  9 310   M    M   0 1      13 310
27  89  61  75   5   0  10    T  0.0    0  4.4 13 260   M    M   1 18     16 270
28  77  59  68  -2   0   3 0.00  0.0    0  8.9 21 320   M    M   1        26 330
================================================================================
SM 2298 1666         4 170  1.85     0.0 129.2          M      111
================================================================================
AV 82.1 59.5                               4.6 FASTST   M    M   4    MAX(MPH)
                                 MISC ---->  # 22 280               # 31  300
================================================================================
NOTES:
# LAST OF SEVERAL OCCURRENCES

COLUMN 17 PEAK WIND IN M.P.H.

PRELIMINARY LOCAL CLIMATOLOGICAL DATA (WS FORM: F-6) , PAGE 2

                                          STATION:  ALLENTOWN PA
                                          MONTH:    AUGUST
                                          YEAR:     2014
                                          LATITUDE:   40 39 N
                                          LONGITUDE:  75 26 W

[TEMPERATURE DATA]      [PRECIPITATION DATA]       SYMBOLS USED IN COLUMN 16

AVERAGE MONTHLY: 70.8   TOTAL FOR MONTH:   1.85    1 = FOG OR MIST
DPTR FM NORMAL:  -1.1   DPTR FM NORMAL:   -1.53    2 = FOG REDUCING VISIBILITY
HIGHEST:    89 ON 27    GRTST 24HR  0.78 ON 12-13      TO 1/4 MILE OR LESS
LOWEST:     50 ON 16,15                            3 = THUNDER
                        SNOW, ICE PELLETS, HAIL    4 = ICE PELLETS
                        TOTAL MONTH:   0.0 INCH    5 = HAIL
                        GRTST 24HR     0.0         6 = FREEZING RAIN OR DRIZZLE
                        GRTST DEPTH:   0           7 = DUSTSTORM OR SANDSTORM:
                                                       VSBY 1/2 MILE OR LESS
                                                   8 = SMOKE OR HAZE
[NO. OF DAYS WITH]      [WEATHER - DAYS WITH]      9 = BLOWING SNOW
                                                   X = TORNADO
MAX 32 OR BELOW:   0    0.01 INCH OR MORE:   8
MAX 90 OR ABOVE:   0    0.10 INCH OR MORE:   5
MIN 32 OR BELOW:   0    0.50 INCH OR MORE:   0
MIN  0 OR BELOW:   0    1.00 INCH OR MORE:   0

[HDD (BASE 65) ]
TOTAL THIS MO.     4    CLEAR  (SCALE 0-3)  14
DPTR FM NORMAL     3    PTCLDY (SCALE 4-7)  10
TOTAL FM JUL 1     4    CLOUDY (SCALE 8-10)  4
DPTR FM NORMAL     0

[CDD (BASE 65) ]
TOTAL THIS MO.   170
DPTR FM NORMAL   -29    [PRESSURE DATA]
TOTAL FM JAN 1   670    HIGHEST SLP M ON M
DPTR FM NORMAL     6    LOWEST  SLP 29.69 ON 13

[REMARKS]
