000
CXUS54 KSJT 250900
CF6ABI
PRELIMINARY LOCAL CLIMATOLOGICAL DATA (WS FORM: F-6)

                                          STATION:   ABILENE
                                          MONTH:     NOVEMBER
                                          YEAR:      2014
                                          LATITUDE:   32 25 N
                                          LONGITUDE:  99 41 W

  TEMPERATURE IN F:       :PCPN:    SNOW:  WIND      :SUNSHINE: SKY     :PK WND
================================================================================
1   2   3   4   5  6A  6B    7    8   9   10  11  12  13   14  15   16   17  18
                                     12Z  AVG MX 2MIN
DY MAX MIN AVG DEP HDD CDD  WTR  SNW DPTH SPD SPD DIR MIN PSBL S-S WX    SPD DR
================================================================================

 1  68  39  54  -7  11   0 0.00  0.0    0 12.4 25 140   M    M   0        31 150
 2  73  47  60   0   5   0 0.00  0.0    0 19.4 36 180   M    M   2        46 180
 3  76  62  69   9   0   4 0.00  0.0    0 17.2 29 200   M    M   7        42 200
 4  69  48  59  -1   6   0 1.99  0.0    0 10.7 26  10   M    M  10 1      33 360
 5  56  48  52  -7  13   0 0.09  0.0    0  5.8 14 330   M    M   7 1      18 330
 6  71  39  55  -4  10   0 0.00  0.0    0  4.4 14  50   M    M   0 1      18  50
 7  69  43  56  -2   9   0 0.00  0.0    0 10.3 23 210   M    M   0        28 210
 8  68  46  57  -1   8   0 0.00  0.0    0 10.0 24 360   M    M   0 8      32  10
 9  76  44  60   2   5   0 0.00  0.0    0 12.1 22 220   M    M   0        28 210
10  84  55  70  13   0   5 0.00  0.0    0 18.8 29 210   M    M   0        34 200
11  66  32  49  -8  16   0 0.00  0.0    0 17.5 37 350   M    M   0        43 350
12  37  27  32 -24  33   0 0.00  0.0    0 16.2 24 360   M    M   4        31 350
13  35  25  30 -26  35   0 0.00  0.0    0 11.5 23  10   M    M   7        29  10
14  45  29  37 -18  28   0 0.00  0.0    0  8.5 17 140   M    M   5        22 140
15  64  32  48  -7  17   0 0.00  0.0    0 14.7 24 190   M    M   0        32 180
16  52  23  38 -16  27   0 0.04  0.1    0 15.8 26 350   M    M   7 1246   32 350
17  44  21  33 -21  32   0 0.00  0.0    0  6.7 13  10   M    M   0        17 350
18  55  24  40 -14  25   0 0.00  0.0    0 11.9 25 220   M    M   0        32 220
19  69  39  54   1  11   0 0.00  0.0    0 11.1 23 210   M    M   0        32 210
20  72  47  60   7   5   0 0.00  0.0    0 11.8 23 210   M    M   1        29 220
21  72  54  63  11   2   0 0.00  0.0    0 11.8 23 210   M    M   4        28 230
22  68  51  60   8   5   0 0.32  0.0    0 12.1 32 120   M    M   7 13     38 110
23  75  43  59   8   6   0 0.00  0.0    0 16.2 32 280   M    M   1        41 270
24  59  35  47  -4  18   0 0.00  0.0    0  5.3 24 190   M    M   0        26 200
================================================================================
SM 1523  953       327   9  2.44     0.1 292.2          M       62
================================================================================
AV 63.5 39.7                              12.2 FASTST   M    M   3    MAX(MPH)
                                 MISC ---->  # 37 350               # 46  180
================================================================================
NOTES:
# LAST OF SEVERAL OCCURRENCES

COLUMN 17 PEAK WIND IN M.P.H.

PRELIMINARY LOCAL CLIMATOLOGICAL DATA (WS FORM: F-6) , PAGE 2

                                          STATION:  ABILENE
                                          MONTH:    NOVEMBER
                                          YEAR:     2014
                                          LATITUDE:   32 25 N
                                          LONGITUDE:  99 41 W

[TEMPERATURE DATA]      [PRECIPITATION DATA]       SYMBOLS USED IN COLUMN 16

AVERAGE MONTHLY: 51.6   TOTAL FOR MONTH:   2.44    1 = FOG OR MIST
DPTR FM NORMAL:  -4.4   DPTR FM NORMAL:    1.26    2 = FOG REDUCING VISIBILITY
HIGHEST:    84 ON 10    GRTST 24HR  2.00 ON  4- 5      TO 1/4 MILE OR LESS
LOWEST:     21 ON 17                               3 = THUNDER
                        SNOW, ICE PELLETS, HAIL    4 = ICE PELLETS
                        TOTAL MONTH:   0.1 INCH    5 = HAIL
                        GRTST 24HR   0.1 ON   M    6 = FREEZING RAIN OR DRIZZLE
                        GRTST DEPTH:   0           7 = DUSTSTORM OR SANDSTORM:
                                                       VSBY 1/2 MILE OR LESS
                                                   8 = SMOKE OR HAZE
[NO. OF DAYS WITH]      [WEATHER - DAYS WITH]      9 = BLOWING SNOW
                                                   X = TORNADO
MAX 32 OR BELOW:   0    0.01 INCH OR MORE:   4
MAX 90 OR ABOVE:   0    0.10 INCH OR MORE:   2
MIN 32 OR BELOW:   8    0.50 INCH OR MORE:   1
MIN  0 OR BELOW:   0    1.00 INCH OR MORE:   1

[HDD (BASE 65) ]
TOTAL THIS MO.   327    CLEAR  (SCALE 0-3)  15
DPTR FM NORMAL    91    PTCLDY (SCALE 4-7)   8
TOTAL FM JUL 1   354    CLOUDY (SCALE 8-10)  1
DPTR FM NORMAL    14

[CDD (BASE 65) ]
TOTAL THIS MO.     9
DPTR FM NORMAL    -6    [PRESSURE DATA]
TOTAL FM JAN 1  2819    HIGHEST SLP M ON M
DPTR FM NORMAL   415    LOWEST  SLP 29.44 ON 23

[REMARKS]
