968
CXUS56 KEKA 241230
CF6ACV
PRELIMINARY LOCAL CLIMATOLOGICAL DATA (WS FORM: F-6)

                                          STATION:   ARCATA CA
                                          MONTH:     JANUARY
                                          YEAR:      2017
                                          LATITUDE:   40 58 N
                                          LONGITUDE: 124  6 W

  TEMPERATURE IN F:       :PCPN:    SNOW:  WIND      :SUNSHINE: SKY     :PK WND
================================================================================
1   2   3   4   5  6A  6B    7    8   9   10  11  12  13   14  15   16   17  18
                                     12Z  AVG MX 2MIN
DY MAX MIN AVG DEP HDD CDD  WTR  SNW DPTH SPD SPD DIR MIN PSBL S-S WX    SPD DR
================================================================================

 1  46  35  41  -5  24   0 0.46    M    0  5.2 22 340   M    M   9 1      29 340
 2  45  36  41  -6  24   0 0.47    M    0  9.0 24 270   M    M   9 1      32 280
 3  43  37  40  -7  25   0 1.52    M    0  4.5 10 350   M    M  10 1      13  30
 4  48  30  39  -8  26   0 0.03    M    0  4.8 20 310   M    M   4 18     23 310
 5  48  27  38  -9  27   0 0.00  0.0    0  4.7 12 310   M    M   0 1      14  30
 6  51  28  40  -7  25   0 0.06    M    0  4.3  9 190   M    M   3 1      15  80
 7  59  41  50   3  15   0 0.74    M    0 10.5 25 140   M    M   8 1      36 140
 8  61  46  54   7  11   0 1.11    M    0 12.5 24 190   M    M   9 1      37 210
 9  52  42  47   0  18   0 0.32    M    0 13.4 28 240   M    M   9 13     38 240
10  58  47  53   6  12   0 1.43    M    0 15.6 32 200   M    M  10 1      44 210
11  52  40  46  -1  19   0 0.40  0.0    0  5.7 15 300   M    M   7 1      22 300
12  49  32  41  -6  24   0 0.00  0.0    0  5.9 16 330   M    M   1 1      19 320
13  51  30  41  -6  24   0 0.00  0.0    0  3.4  8 310   M    M   0 1      11 170
14  51  32  42  -5  23   0 0.00  0.0    0  3.9  9 250   M    M   0 1      10 260
15  51  34  43  -4  22   0 0.00  0.0    0  3.8 14 330   M    M   1 1      17 320
16  56  32  44  -3  21   0 0.00  0.0    0  3.7  9 280   M    M   1 18     10 280
17  55  37  46  -1  19   0 0.25    M    0  7.0 20 130   M    M   6 18     28 140
18  59  49  54   7  11   0 1.35    M    0 15.0 31 140   M    M   9 1      41 140
19  55  45  50   3  15   0 0.49    M    0 10.3 21 210   M    M  10 18     28 220
20  49  43  46  -1  19   0 1.43    M    0 12.6 31 150   M    M  10 1      41 140
21  53  44  49   2  16   0 0.26    M    0 12.5 38 140   M    M   9 18     50 150
22  51  42  47   0  18   0 0.52    M    0 11.5 28 200   M    M   7 13     40 140
23  52  39  46  -1  19   0 0.19    M    0  8.2 24 170   M    M   5 1      29 180
================================================================================
SM 1195  868       457   0 11.03     0.0 188.0          M      137
================================================================================
AV 52.0 37.7                               8.2 FASTST   M    M   6    MAX(MPH)
                                 MISC ---->  # 38 140               # 50  150
================================================================================
NOTES:
# LAST OF SEVERAL OCCURRENCES

COLUMN 17 PEAK WIND IN M.P.H.

PRELIMINARY LOCAL CLIMATOLOGICAL DATA (WS FORM: F-6) , PAGE 2

                                          STATION:  ARCATA CA
                                          MONTH:    JANUARY
                                          YEAR:     2017
                                          LATITUDE:   40 58 N
                                          LONGITUDE: 124  6 W

[TEMPERATURE DATA]      [PRECIPITATION DATA]       SYMBOLS USED IN COLUMN 16

AVERAGE MONTHLY: 44.8   TOTAL FOR MONTH:  11.03    1 = FOG OR MIST
DPTR FM NORMAL:  -2.1   DPTR FM NORMAL:    4.43    2 = FOG REDUCING VISIBILITY
HIGHEST:    61 ON  8    GRTST 24HR  1.62 ON  2- 3      TO 1/4 MILE OR LESS
LOWEST:     27 ON  5                               3 = THUNDER
                        SNOW, ICE PELLETS, HAIL    4 = ICE PELLETS
                        TOTAL MONTH:   0.0 INCH    5 = HAIL
                        GRTST 24HR     0.0         6 = FREEZING RAIN OR DRIZZLE
                        GRTST DEPTH:   0           7 = DUSTSTORM OR SANDSTORM:
                                                       VSBY 1/2 MILE OR LESS
                                                   8 = SMOKE OR HAZE
[NO. OF DAYS WITH]      [WEATHER - DAYS WITH]      9 = BLOWING SNOW
                                                   X = TORNADO
MAX 32 OR BELOW:   0    0.01 INCH OR MORE:  17
MAX 90 OR ABOVE:   0    0.10 INCH OR MORE:  15
MIN 32 OR BELOW:   7    0.50 INCH OR MORE:   7
MIN  0 OR BELOW:   0    1.00 INCH OR MORE:   5

[HDD (BASE 65) ]
TOTAL THIS MO.   457    CLEAR  (SCALE 0-3)   6
DPTR FM NORMAL    43    PTCLDY (SCALE 4-7)   7
TOTAL FM JUL 1  2404    CLOUDY (SCALE 8-10) 10
DPTR FM NORMAL  -258

[CDD (BASE 65) ]
TOTAL THIS MO.     0
DPTR FM NORMAL     0    [PRESSURE DATA]
TOTAL FM JAN 1     0    HIGHEST SLP M ON M
DPTR FM NORMAL     0    LOWEST  SLP 29.11 ON 20

[REMARKS]
