000
CXUS54 KLCH 010211
CF6AEX
PRELIMINARY LOCAL CLIMATOLOGICAL DATA (WS FORM: F-6)

                                          STATION:   ALEXANDRIA
                                          MONTH:     JUNE
                                          YEAR:      2015
                                          LATITUDE:   31 19 N
                                          LONGITUDE:  92 33 W

  TEMPERATURE IN F:       :PCPN:    SNOW:  WIND      :SUNSHINE: SKY     :PK WND
================================================================================
1   2   3   4   5  6A  6B    7    8   9   10  11  12  13   14  15   16   17  18
                                     12Z  AVG MX 2MIN
DY MAX MIN AVG DEP HDD CDD  WTR  SNW DPTH SPD SPD DIR MIN PSBL S-S WX    SPD DR
================================================================================

 1  86  65  76  -2   0  11    T  0.0    0  2.9 10 310   M    M   1 1      15 320
 2  86  66  76  -2   0  11 0.00  0.0    0  4.4 10  10   M    M   1 1      15  40
 3  87  65  76  -2   0  11 0.00  0.0    0  3.2  9  30   M    M   1        12  10
 4  89  65  77  -1   0  12 0.00  0.0    0  3.9 12 350   M    M   1 1      15  60
 5  91  66  79   0   0  14 0.00  0.0    0  2.4  9  50   M    M   0 1      12 360
 6  92  67  80   1   0  15 0.00  0.0    0  1.6  8  50   M    M   0 1      11  90
 7  95  70  83   4   0  18 0.00  0.0    0  2.6 15 120   M    M   1 18     18 120
 8  93  73  83   4   0  18 0.00  0.0    0  3.5 12 240   M    M   1 138    15 240
 9  95  74  85   6   0  20    T  0.0    0  7.3 21 150   M    M   2 138    28 150
10  93  68  81   2   0  16 0.16  0.0    0  5.4 26 140   M    M   1 13     31 150
11  92  68  80   0   0  15 0.00  0.0    0  5.7 15 160   M    M   2 13     20 150
12  88  72  80   0   0  15    T  0.0    0  9.2 18 130   M    M   1 3      23 140
13  83  72  78  -2   0  13 0.94  0.0    0  7.0 18 180   M    M   5 13     30 170
14  90  72  81   1   0  16 0.11  0.0    0  6.9 29 120   M    M   3 13     36 120
15  91  74  83   3   0  18 0.07  0.0    0  9.2 21 150   M    M   1 138    28 170
16  90  73  82   2   0  17 0.35  0.0    0  9.6 22 120   M    M   3 13     44 140
17  90  76  83   3   0  18    T  0.0    0 10.0 23 150   M    M   8 13     31 150
18  87  77  82   1   0  17    T  0.0    0  7.0 13 200   M    M   3 1      20 190
19  91  76  84   3   0  19 0.00  0.0    0  7.1 14 200   M    M   3 1      18 210
20  92  76  84   3   0  19 0.21  0.0    0  4.7 15 330   M    M   6 13     18 330
21  90  75  83   2   0  18 0.00  0.0    0  4.0  9 190   M    M   1 1      14 200
22  92  73  83   2   0  18 0.00  0.0    0  3.5 10 220   M    M   0 1      14 140
23  95  73  84   3   0  19 0.00  0.0    0  1.5  8  80   M    M   1        11 300
24  94  72  83   2   0  18 0.32  0.0    0  3.6 26 130   M    M   2 13     36 140
25  91  70  81   0   0  16 0.03  0.0    0  2.7 14 170   M    M   1 13     19 160
26  90  73  82   0   0  17    T  0.0    0  5.6 14 150   M    M   1 13     18 240
27  89  72  81  -1   0  16 2.54  0.0    0  6.4 22 300   M    M   3 1238   28 300
28  90  70  80  -2   0  15 0.00  0.0    0  1.4  9 360   M    M   4 128    10 360
29  91  74  83   1   0  18 0.00  0.0    0  6.2 16 190   M    M   3 13     20 200
================================================================================
SM 2623 2067         0 468  4.73     0.0 148.5          M       60
================================================================================
AV 90.4 71.3                               5.1 FASTST   M    M   2    MAX(MPH)
                                 MISC ---->  # 29 120                 44    M
================================================================================
NOTES:
# LAST OF SEVERAL OCCURRENCES

COLUMN 17 PEAK WIND IN M.P.H.

PRELIMINARY LOCAL CLIMATOLOGICAL DATA (WS FORM: F-6) , PAGE 2

                                          STATION:  ALEXANDRIA
                                          MONTH:    JUNE
                                          YEAR:     2015
                                          LATITUDE:   31 19 N
                                          LONGITUDE:  92 33 W

[TEMPERATURE DATA]      [PRECIPITATION DATA]       SYMBOLS USED IN COLUMN 16

AVERAGE MONTHLY: 80.9   TOTAL FOR MONTH:   4.73    1 = FOG OR MIST
DPTR FM NORMAL:   0.8   DPTR FM NORMAL:   -0.20    2 = FOG REDUCING VISIBILITY
HIGHEST:    95 ON 23, 9 GRTST 24HR  2.54 ON 27-27      TO 1/4 MILE OR LESS
LOWEST:     65 ON  4, 3                            3 = THUNDER
                        SNOW, ICE PELLETS, HAIL    4 = ICE PELLETS
                        TOTAL MONTH:   0.0 INCH    5 = HAIL
                        GRTST 24HR     0.0         6 = FREEZING RAIN OR DRIZZLE
                        GRTST DEPTH:   0           7 = DUSTSTORM OR SANDSTORM:
                                                       VSBY 1/2 MILE OR LESS
                                                   8 = SMOKE OR HAZE
[NO. OF DAYS WITH]      [WEATHER - DAYS WITH]      9 = BLOWING SNOW
                                                   X = TORNADO
MAX 32 OR BELOW:   0    0.01 INCH OR MORE:   9
MAX 90 OR ABOVE:  21    0.10 INCH OR MORE:   7
MIN 32 OR BELOW:   0    0.50 INCH OR MORE:   2
MIN  0 OR BELOW:   0    1.00 INCH OR MORE:   1

[HDD (BASE 65) ]
TOTAL THIS MO.     0    CLEAR  (SCALE 0-3)  23
DPTR FM NORMAL     0    PTCLDY (SCALE 4-7)   6
TOTAL FM JUL 1  2057    CLOUDY (SCALE 8-10)  0
DPTR FM NORMAL   106

[CDD (BASE 65) ]
TOTAL THIS MO.   468
DPTR FM NORMAL    32    [PRESSURE DATA]
TOTAL FM JAN 1   990    HIGHEST SLP M ON M
DPTR FM NORMAL   100    LOWEST  SLP 29.80 ON 10

[REMARKS]
#FINAL-06-15#
