000
CXUS54 KLCH 240830
CF6AEX
PRELIMINARY LOCAL CLIMATOLOGICAL DATA (WS FORM: F-6)
STATION: ALEXANDRIA
MONTH: APRIL
YEAR: 2024
LATITUDE: 31 19 N
LONGITUDE: 92 33 W
TEMPERATURE IN F: :PCPN: SNOW: WIND :SUNSHINE: SKY :PK WND
================================================================================
1 2 3 4 5 6A 6B 7 8 9 10 11 12 13 14 15 16 17 18
12Z AVG MX 2MIN
DY MAX MIN AVG DEP HDD CDD WTR SNW DPTH SPD SPD DIR MIN PSBL S-S WX SPD DR
================================================================================
1 79 69 74 11 0 9 0.00 0.0 M 11.7 20 170 M M 7 18 29 160
2 80 56 68 4 0 3 0.66 0.0 M 11.1 30 320 M M 5 1238 41 330
3 74 46 60 -4 5 0 0.00 0.0 M 11.4 28 290 M M 0 45 290
4 78 37 58 -6 7 0 0.00 0.0 M 4.6 16 320 M M 0 24 300
5 83 47 65 1 0 0 0.00 0.0 M 1.9 8 110 M M 0 11 120
6 80 50 65 1 0 0 0.00 0.0 M 7.7 20 180 M M 0 25 170
7 82 60 71 6 0 6 0.00 0.0 M 10.5 22 170 M M 6 1 29 170
8 77 63 70 5 0 5 1.23 0.0 M 9.2 23 110 M M 10 13 31 120
9 80 61 71 6 0 6 0.86 0.0 M 11.5 24 360 M M 10 138 35 10
10 77 59 68 3 0 3 3.50 0.0 M 11.1 32 270 M M 8 13 43 250
11 76 53 65 -1 0 0 T 0.0 M 15.4 28 330 M M 3 46 320
12 79 48 64 -2 1 0 0.00 0.0 M 2.2 9 310 M M 0 1 13 290
13 83 51 67 1 0 2 0.00 0.0 M 5.0 14 210 M M 0 20 210
14 82 56 69 3 0 4 0.00 0.0 M 8.9 21 190 M M 1 28 200
15 82 62 72 6 0 7 0.00 0.0 M 8.3 17 170 M M 5 8 27 180
16 85 67 76 9 0 11 0.00 0.0 M 13.6 29 140 M M 5 8 43 130
17 80 70 75 8 0 10 0.00 0.0 M 7.8 15 170 M M 7 20 170
18 84 68 76 9 0 11 0.04 0.0 M 8.8 20 170 M M 5 13 28 160
19 87 65 76 9 0 11 0.00 0.0 M 3.5 10 60 M M 6 1 14 60
20 68 51 60 -8 5 0 1.54 0.0 M 8.0 20 30 M M 10 13 29 30
21 68 51 60 -8 5 0 0.21 0.0 M 9.2 20 360 M M 6 1 29 10
22 71 43 57 -11 8 0 0.00 0.0 M 2.9 12 100 M M 0 1 18 10
23 77 44 61 -7 4 0 0.00 0.0 M 5.7 15 160 M M 1 1 21 200
================================================================================
SM 1812 1277 35 88 8.04 0.0 190.0 M 95
================================================================================
AV 78.8 55.5 8.3 FASTST M M 4 MAX(MPH)
MISC ----> 32 270 46 320
================================================================================
NOTES:
# LAST OF SEVERAL OCCURRENCES
COLUMN 17 PEAK WIND IN M.P.H.
PRELIMINARY LOCAL CLIMATOLOGICAL DATA (WS FORM: F-6) , PAGE 2
STATION: ALEXANDRIA
MONTH: APRIL
YEAR: 2024
LATITUDE: 31 19 N
LONGITUDE: 92 33 W
[TEMPERATURE DATA] [PRECIPITATION DATA] SYMBOLS USED IN COLUMN 16
AVERAGE MONTHLY: 67.2 TOTAL FOR MONTH: 8.04 1 = FOG OR MIST
DPTR FM NORMAL: 1.4 DPTR FM NORMAL: 4.11 2 = FOG REDUCING VISIBILITY
HIGHEST: 87 ON 19 GRTST 24HR 4.36 ON 9-10 TO 1/4 MILE OR LESS
LOWEST: 37 ON 4 3 = THUNDER
SNOW, ICE PELLETS, HAIL 4 = ICE PELLETS
TOTAL MONTH: 0.0 INCH 5 = HAIL
GRTST 24HR 0.0 6 = FREEZING RAIN OR DRIZZLE
GRTST DEPTH: M ON M 7 = DUSTSTORM OR SANDSTORM:
VSBY 1/2 MILE OR LESS
8 = SMOKE OR HAZE
[NO. OF DAYS WITH] [WEATHER - DAYS WITH] 9 = BLOWING SNOW
X = TORNADO
MAX 32 OR BELOW: 0 0.01 INCH OR MORE: 7
MAX 90 OR ABOVE: 0 0.10 INCH OR MORE: 6
MIN 32 OR BELOW: 0 0.50 INCH OR MORE: 5
MIN 0 OR BELOW: 0 1.00 INCH OR MORE: 3
[HDD (BASE 65) ]
TOTAL THIS MO. 35 CLEAR (SCALE 0-3) 9
DPTR FM NORMAL -24 PTCLDY (SCALE 4-7) 11
TOTAL FM JUL 1 1696 CLOUDY (SCALE 8-10) 3
DPTR FM NORMAL -185
[CDD (BASE 65) ]
TOTAL THIS MO. 88
DPTR FM NORMAL 13 [PRESSURE DATA]
TOTAL FM JAN 1 140 HIGHEST SLP M ON M
DPTR FM NORMAL 3 LOWEST SLP 29.54 ON 10
[REMARKS]