000
CXUS54 KFWD 300730
CF6AFW
PRELIMINARY LOCAL CLIMATOLOGICAL DATA (WS FORM: F-6)

                                          STATION:   FORT WORTH ALLIANCE
                                          MONTH:     SEPTEMBER
                                          YEAR:      2014
                                          LATITUDE:   32 58 N
                                          LONGITUDE:  97 19 W

  TEMPERATURE IN F:       :PCPN:    SNOW:  WIND      :SUNSHINE: SKY     :PK WND
================================================================================
1   2   3   4   5  6A  6B    7    8   9   10  11  12  13   14  15   16   17  18
                                     12Z  AVG MX 2MIN
DY MAX MIN AVG DEP HDD CDD  WTR  SNW DPTH SPD SPD DIR MIN PSBL S-S WX    SPD DR
================================================================================

 1  97  76  87   5   0  22 0.00  0.0    0 14.1 22 150   M    M   2        31 150
 2  97  77  87   6   0  22 0.00  0.0    0 12.1 21 160   M    M   2        26 150
 3  97  77  87   6   0  22 0.00  0.0    0 11.5 23 170   M    M   2        30 160
 4  97  76  87   6   0  22 0.00  0.0    0 10.7 20 140   M    M   4        26 190
 5  97  69  83   3   0  18 0.00  0.0    0  6.6 14 120   M    M   4        18 160
 6  94  71  83   3   0  18 0.04  0.0    0  8.5 20  10   M    M   7 18     26  10
 7  86  69  78  -2   0  13 0.00  0.0    0  5.9 13 360   M    M   7        17 350
 8  96  68  82   3   0  17 0.00  0.0    0  5.8 14 220   M    M   3        19 140
 9  99  75  87   8   0  22 0.00  0.0    0 11.3 18 170   M    M   2        29 170
10 102  78  90  11   0  25 0.00  0.0    0 11.6 21 220   M    M   2        29 220
11  83  71  77  -1   0  12 0.00  0.0    0 10.2 16 360   M    M   8        21 340
12  71  58  65 -13   0   0 0.02  0.0    0 13.8 23  10   M    M  10 1      30  10
13  70  55  63 -15   2   0 0.00  0.0    0  9.0 22 360   M    M   8        26  10
14  77  58  68  -9   0   3 0.00  0.0    0  4.1  9 120   M    M   8        12 100
15  85  67  76  -1   0  11    T  0.0    0  3.1 12 160   M    M   9        14 140
16  91  71  81   4   0  16 0.00  0.0    0  3.5 10  90   M    M   8        14 150
17  95  70  83   7   0  18 0.01  0.0    0  2.4 13 160   M    M   8        17 160
18  89  71  80   4   0  15 0.00  0.0    0  6.0 23  40   M    M   8        29  40
19  89  64  77   1   0  12    T  0.0    0  6.1 14 130   M    M   7        18 150
20  91  71  81   6   0  16    T  0.0    0  6.7 14 140   M    M   5 1      20 150
21  94  62  78   3   0  13 0.00  0.0    0  3.1 13  40   M    M   2        21 130
22  88  65  77   3   0  12 0.00  0.0    0  8.9 16  60   M    M   5        21  60
23  85  53  69  -5   0   4 0.00  0.0    0  4.8 13  80   M    M   4 18     16  80
24  87  49  68  -6   0   3 0.00  0.0    0  3.4 14 160   M    M   2        20 160
25  87  51  69  -4   0   4 0.00  0.0    0  2.8 16 110   M    M   4        20 100
26  87  57  72  -1   0   7 0.00  0.0    0  2.7 13 110   M    M   6        17 160
27  88  58  73   0   0   8 0.00  0.0    0  3.9 14 120   M    M   6        20 110
28  88  59  74   2   0   9 0.00  0.0    0  3.4 15 120   M    M   4        19 130
29  89  57  73   1   0   8 0.00  0.0    0  3.3 13  60   M    M   2        19  80
================================================================================
SM 2596 1903         2 372  0.07     0.0 199.3          M      149
================================================================================
AV 89.5 65.6                               6.9 FASTST   M    M   5    MAX(MPH)
                                 MISC ---->  # 23 170               # 31  150
================================================================================
NOTES:
# LAST OF SEVERAL OCCURRENCES

COLUMN 17 PEAK WIND IN M.P.H.

PRELIMINARY LOCAL CLIMATOLOGICAL DATA (WS FORM: F-6) , PAGE 2

                                          STATION:  FORT WORTH ALLIANCE
                                          MONTH:    SEPTEMBER
                                          YEAR:     2014
                                          LATITUDE:   32 58 N
                                          LONGITUDE:  97 19 W

[TEMPERATURE DATA]      [PRECIPITATION DATA]       SYMBOLS USED IN COLUMN 16

AVERAGE MONTHLY: 77.6   TOTAL FOR MONTH:   0.07    1 = FOG OR MIST
DPTR FM NORMAL:   0.7   DPTR FM NORMAL:   -2.82    2 = FOG REDUCING VISIBILITY
HIGHEST:   102 ON 10    GRTST 24HR  0.04 ON  6- 6      TO 1/4 MILE OR LESS
LOWEST:     49 ON 24                               3 = THUNDER
                        SNOW, ICE PELLETS, HAIL    4 = ICE PELLETS
                        TOTAL MONTH:   0.0 INCH    5 = HAIL
                        GRTST 24HR     0.0         6 = FREEZING RAIN OR DRIZZLE
                        GRTST DEPTH:   0           7 = DUSTSTORM OR SANDSTORM:
                                                       VSBY 1/2 MILE OR LESS
                                                   8 = SMOKE OR HAZE
[NO. OF DAYS WITH]      [WEATHER - DAYS WITH]      9 = BLOWING SNOW
                                                   X = TORNADO
MAX 32 OR BELOW:   0    0.01 INCH OR MORE:   3
MAX 90 OR ABOVE:  13    0.10 INCH OR MORE:   0
MIN 32 OR BELOW:   0    0.50 INCH OR MORE:   0
MIN  0 OR BELOW:   0    1.00 INCH OR MORE:   0

[HDD (BASE 65) ]
TOTAL THIS MO.     2    CLEAR  (SCALE 0-3)   9
DPTR FM NORMAL    -3    PTCLDY (SCALE 4-7)  16
TOTAL FM JUL 1     2    CLOUDY (SCALE 8-10)  4
DPTR FM NORMAL    -3

[CDD (BASE 65) ]
TOTAL THIS MO.   372
DPTR FM NORMAL    22    [PRESSURE DATA]
TOTAL FM JAN 1  2332    HIGHEST SLP M ON M
DPTR FM NORMAL   -90    LOWEST  SLP 29.69 ON 10

[REMARKS]
