000
CXUS52 KFFC 281110
CF6AHN
PRELIMINARY LOCAL CLIMATOLOGICAL DATA (WS FORM: F-6)

                                          STATION:   ATHENS
                                          MONTH:     JULY
                                          YEAR:      2015
                                          LATITUDE:   33 57 N
                                          LONGITUDE:  83 19 W

  TEMPERATURE IN F:       :PCPN:    SNOW:  WIND      :SUNSHINE: SKY     :PK WND
================================================================================
1   2   3   4   5  6A  6B    7    8   9   10  11  12  13   14  15   16   17  18
                                     12Z  AVG MX 2MIN
DY MAX MIN AVG DEP HDD CDD  WTR  SNW DPTH SPD SPD DIR MIN PSBL S-S WX    SPD DR
================================================================================

 1  86  66  76  -4   0  11 0.07  0.0    0  3.6 17 250   M    M   2 13     28 230
 2  88  67  78  -2   0  13 1.59  0.0    0  3.0 25 330   M    M   5 1      40 320
 3  82  68  75  -5   0  10 1.41  0.0    0  5.3 15 260   M    M   4 13     26 270
 4  85  68  77  -3   0  12 0.30  0.0    0  5.2 13 250   M    M   3 13     24 240
 5  86  69  78  -2   0  13 0.01  0.0    0  4.3 13 230   M    M   4        19 240
 6  87  68  78  -2   0  13 0.00  0.0    0  1.8  8 220   M    M   2 1      13 240
 7  92  70  81   1   0  16 0.00  0.0    0  3.3  9 280   M    M   1 1      14 300
 8  94  71  83   3   0  18 0.00  0.0    0  2.1 10 290   M    M   1        16 290
 9  95  71  83   2   0  18 0.00  0.0    0  2.9 10 300   M    M   1 1      15 310
10  97  72  85   4   0  20 0.00  0.0    0  2.9 10 320   M    M   0        15 330
11  95  72  84   3   0  19 0.00  0.0    0  5.3 14 300   M    M   0 8      20 300
12  94  72  83   2   0  18 0.00  0.0    0  3.7 10 310   M    M   0 3      14 340
13  95  71  83   2   0  18    T  0.0    0  4.6 13 270   M    M   2 38     23 270
14  92  69  81   0   0  16 1.14  0.0    0  5.1 23  20   M    M   0 138    30  20
15  92  69  81   0   0  16 0.00  0.0    0  5.9 13 310   M    M   1        20 300
16  92  70  81   0   0  16 0.00  0.0    0  3.0  9  80   M    M   2        13  60
17  94  72  83   2   0  18 0.00  0.0    0  3.0  9  70   M    M   3 18     13  40
18  95  72  84   3   0  19 0.00  0.0    0  1.3  7 280   M    M   1 1       9 210
19  97  73  85   4   0  20    T  0.0    0  3.0 21 320   M    M   1        29 330
20  97  73  85   4   0  20 0.00  0.0    0  2.8  9 310   M    M   2 138    13 240
21  97  72  85   4   0  20 0.47  0.0    0  4.5 22 320   M    M   1 18     31 340
22  94  71  83   2   0  18 0.00  0.0    0  4.3 13 310   M    M   0 1      18 300
23  92  73  83   2   0  18 0.09  0.0    0  4.4 15 290   M    M   2 8      22 310
24  93  74  84   3   0  19 0.00  0.0    0  3.9  9  80   M    M   4 8      13  80
25  92  72  82   1   0  17 0.00  0.0    0  3.5 10  80   M    M   2 18     14  80
26  94  69  82   1   0  17 0.00  0.0    0  0.9  7  80   M    M   1        10 360
27  97  70  84   3   0  19 0.00  0.0    0  2.1  8  80   M    M   0 18     13  70
================================================================================
SM 2494 1904         0 452  5.08     0.0  95.7          M       45
================================================================================
AV 92.4 70.5                               3.5 FASTST   M    M   2    MAX(MPH)
                                 MISC ---->  # 25 330               # 40  320
================================================================================
NOTES:
# LAST OF SEVERAL OCCURRENCES

COLUMN 17 PEAK WIND IN M.P.H.

PRELIMINARY LOCAL CLIMATOLOGICAL DATA (WS FORM: F-6) , PAGE 2

                                          STATION:  ATHENS
                                          MONTH:    JULY
                                          YEAR:     2015
                                          LATITUDE:   33 57 N
                                          LONGITUDE:  83 19 W

[TEMPERATURE DATA]      [PRECIPITATION DATA]       SYMBOLS USED IN COLUMN 16

AVERAGE MONTHLY: 81.4   TOTAL FOR MONTH:   5.08    1 = FOG OR MIST
DPTR FM NORMAL:   0.7   DPTR FM NORMAL:    1.17    2 = FOG REDUCING VISIBILITY
HIGHEST:    97 ON 27,21 GRTST 24HR  2.96 ON  2- 3      TO 1/4 MILE OR LESS
LOWEST:     66 ON  1                               3 = THUNDER
                        SNOW, ICE PELLETS, HAIL    4 = ICE PELLETS
                        TOTAL MONTH:   0.0 INCH    5 = HAIL
                        GRTST 24HR     0.0         6 = FREEZING RAIN OR DRIZZLE
                        GRTST DEPTH:   0           7 = DUSTSTORM OR SANDSTORM:
                                                       VSBY 1/2 MILE OR LESS
                                                   8 = SMOKE OR HAZE
[NO. OF DAYS WITH]      [WEATHER - DAYS WITH]      9 = BLOWING SNOW
                                                   X = TORNADO
MAX 32 OR BELOW:   0    0.01 INCH OR MORE:   8
MAX 90 OR ABOVE:  21    0.10 INCH OR MORE:   5
MIN 32 OR BELOW:   0    0.50 INCH OR MORE:   3
MIN  0 OR BELOW:   0    1.00 INCH OR MORE:   3

[HDD (BASE 65) ]
TOTAL THIS MO.     0    CLEAR  (SCALE 0-3)  22
DPTR FM NORMAL     0    PTCLDY (SCALE 4-7)   5
TOTAL FM JUL 1     0    CLOUDY (SCALE 8-10)  0
DPTR FM NORMAL     0

[CDD (BASE 65) ]
TOTAL THIS MO.   452
DPTR FM NORMAL    27    [PRESSURE DATA]
TOTAL FM JAN 1  1247    HIGHEST SLP M ON M
DPTR FM NORMAL   204    LOWEST  SLP 29.75 ON 14

[REMARKS]
