000
CXUS51 KPHI 011511
CF6AIY

PRELIMINARY LOCAL CLIMATOLOGICAL DATA (WS FORM: F-6)

                                          STATION:   ATLANTIC CITY MARINA
                                          MONTH:     SEPTEMBER
                                          YEAR:      2014
                                          LATITUDE:   39 16 N
                                          LONGITUDE:  74 20 W

  TEMPERATURE IN F:       :PCPN:    SNOW:  WIND      :SUNSHINE: SKY     :PK WND
================================================================================
1   2   3   4   5  6A  6B    7    8   9   10  11  12  13   14  15   16   17  18
                                     12Z  AVG MX 2MIN
DY MAX MIN AVG DEP HDD CDD  WTR  SNW DPTH SPD SPD DIR MIN PSBL S-S WX    SPD DR
================================================================================
1   84 74  79  6    0  14   0.20  M   M   6.6 12  200  M   M    M   M    19  290
2   90 74  82  9    0  17   0.25  M   0   8.0 14  230  M   M    M   M    29  320
3   80 74  77  4    0  12   0.00  M   0   5.3  8  160# M   M    M   M    14  330
4   79 71  75  2    0  10   0.00  M   0   6.0 10  190  M   M    M   M    17  190
5   81 76  79  7    0  14   0.00  M   0   7.9 13  230  M   M    M   M    22  230
6   84 74  79  7    0  14   1.09  M   0  10.5 14  210# M   M    M   M    36  280
7   80 67  74  2    0   9   0.02  M   0   7.8 15   80# M   M    M   M    22   90
8   73 72  73  1    0   8   0.00  M   0  16.5 22  100# M   M    M   M    32   90
9   73 70  72  1    0   7   0.00  M   0  14.2 19   90  M   M    M   M    26   70#
10  73 67  70 -1    0   5   0.00  M   0   7.6 11   90  M   M    M   M    17   90
11  81 72  77  6    0  12   0.00  M   0   9.6 18  230  M   M    M   M    28  220
12  73 64  69 -2    0   4   0.00  M   0   7.8 11  100# M   M    M   M    17   30
13  73 63  68 -2    0   3   0.44  M   0  11.4 18  100  M   M    M   M    26  100
14  65 56  61 -9    4   0   0.00  M   0   5.0  8  330# M   M    M   M    20   10
15  68 56  62 -8    3   0   0.00  M   0   4.6  6  200# M   M    M   M    14  320
16  74 64  69  0    0   4   0.00  M   0   6.0* 10  30  M   M    M   M    20* 210
17  70 60  65 -4    0   0   0.00  M   0   5.3* 11 110  M   M    M   M    18* 110
18  73 61  67 -2    0   2   0.00  M   0   4.2* 10 150  M   M    M   M    13* 320
19  68 61  65 -3    0   0   0.00  M   0  11.6  17 100  M   M    M   M    26   70
20  73 67  67  2    0   5   0.00  M   0  10.0  13 130# M   M    M   M    24  130
21  74 68  71  3    0   6   0.12  M   0   4.7  11 260# M   M    M   M    18  230
22  73 58  66 -1    0   1   0.00  M   0   7.4  10 320# M   M    M   M    23  310
23  64 53  59 -8    6   0   0.00  M   0   5.4   9 110  M   M    M   M    17  330
24  70 62  66  0    0   1   0.18  M   0  17.1  22  90  M   M    M   M    32   80
25  68 61  65 -1    0   0   2.40  M   0  15.6  26  80  M   M    M   M    40   80
26  71 58  65 -1    0   0   0.00  M   0   6.9  12  70# M   M    M   M    19   70
27  74 60  67  2    0   2   0.00  M   0   4.9  11  90  M   M    M   M    17   70
28  74 63  69  4    0   4   0.00  M   0   5.6  11 230  M   M    M   M    19  230
29  74 66  70  5    0   5   0.00  M   0   6.1   9 270  M   M    M   M    17  230
30  70 64  67  3    0   2   0.05  M   0   7.0  14  80  M   M    M   M    19   80
31
================================================================================
SM 2227 1956           258  4.75  M   M   231.1
================================================================================
AV 74.2  65.2                      M FASTST   M    M   M    MAX(MPH)
                                 MISC ---->     M   M                  M    M
================================================================================
NOTES:
# LAST OF SEVERAL OCCURRENCES

COLUMN 17 PEAK WIND IN M.P.H.

PRELIMINARY LOCAL CLIMATOLOGICAL DATA (WS FORM: F-6) , PAGE 2

                                          STATION:  ATLANTIC CITY MARINA
                                          MONTH:    SEPTEMBER
                                          YEAR:     2014
                                          LATITUDE:   39 16 N
                                          LONGITUDE:  74 20 W

[TEMPERATURE DATA]      [PRECIPITATION DATA]       SYMBOLS USED IN COLUMN 16

AVERAGE MONTHLY:  69.7  TOTAL FOR MONTH:     4.75  1 = FOG OR MIST
DPTR FM NORMAL:   0.6   DPTR FM NORMAL:     1.67   2 = FOG REDUCING VISIBILITY
HIGHEST:    90 ON  2ND  GRTST 24HR   2.40  ON 25TH     TO 1/4 MILE OR LESS
LOWEST:     53 ON  23RD                            3 = THUNDER
                        SNOW, ICE PELLETS, HAIL    4 = ICE PELLETS
                        TOTAL MONTH:    M          5 = HAIL
                        GRTST 24HR    M  ON   M    6 = FREEZING RAIN OR DRIZZLE
                        GRTST DEPTH:  M  ON   M    7 = DUSTSTORM OR SANDSTORM:
                                                       VSBY 1/2 MILE OR LESS
                                                   8 = SMOKE OR HAZE
[NO. OF DAYS WITH]      [WEATHER - DAYS WITH]      9 = BLOWING SNOW
                                                   X = TORNADO
MAX 32 OR BELOW:   0    0.01 INCH OR MORE:   9
MAX 70 OR ABOVE:  25    0.10 INCH OR MORE:   7
MIN 32 OR BELOW:   0    0.50 INCH OR MORE:   2
MIN  0 OR BELOW:   0    1.00 INCH OR MORE:   2

[HDD (BASE 65) ]
TOTAL THIS MO.     13   CLEAR  (SCALE 0-3)   0
DPTR FM NORMAL     14   PTCLDY (SCALE 4-7)   0
TOTAL FM JUL 1     13   CLOUDY (SCALE 8-10)  0
DPTR FM NORMAL     14

[CDD (BASE 65) ]
TOTAL THIS MO.   161
DPTR FM NORMAL    -9    [PRESSURE DATA]
TOTAL FM JAN 1   898    HIGHEST SLP M ON M
DPTR FM NORMAL  -101    LOWEST  SLP M ON M

[REMARKS]
#LAST OF SEVERAL OCCURANCES
TRACES OF PRECIPITATION NOT RECORDED
* 1 HOUR MISSING DATA FOR DAY
