000
CXUS51 KPHI 031250
CF6AIY

PRELIMINARY LOCAL CLIMATOLOGICAL DATA (WS FORM: F-6)

                                          STATION:   ATLANTIC CITY MARINA
                                          MONTH:     MARCH
                                          YEAR:      2014
                                          LATITUDE:   39 16 N
                                          LONGITUDE:  74 20 W

  TEMPERATURE IN F:       :PCPN:    SNOW:  WIND      :SUNSHINE: SKY     :PK WND
================================================================================
1   2   3   4   5  6A  6B    7    8   9   10  11  12  13   14  15   16   17  18
                                     12Z  AVG MX 2MIN
DY MAX MIN AVG DEP HDD CDD  WTR  SNW DPTH SPD SPD DIR MIN PSBL S-S WX    SPD DR
================================================================================

1  39  24  32  -8  33   0  0.00   M   M   5.0  7 200#  M   M    M  M     15 230
2  45  35  40   0  25   0  0.10   M   M   5.6 11 230   M   M    M  M     21 330
3  36  19  28 -12  37   0  0.09   M   M   8.8 12  30   M   M    M  M     25 330
4  29  15  22 -18  43   0  0.00   M   M   5.3  8  40#  M   M    M  M     20 320
5  37  26  32  -9  33   0  0.23   M   M   6.2 11  90   M   M    M  M     16  70
6  33  27  30 -11  35   0  0.00   M   M  14.1 18  50   M   M    M  M     29  50
7  37  32  35  -6  30   0  0.03   M   M  14.1 19  40#  M   M    M  M     30  40
8  58  33  46   5  19   0  0.00   M   M   6.5 11  90   M   M    M  M     28 300
9  49  38  44   2  21   0  0.00   M   M   6.9 11 330#  M   M    M  M     23 320
10 52  38  45   3  20   0  0.00   M   M   9.3 13 270   M   M    M  M     22 230
11 64  45  55  13  10   0  0.00   M   M   7.8 13 250#  M   M    M  M     22 230
12 54  32  43   1  22   0  0.33   M   M  11.8 19 300   M   M    M  M     48 300
13 50  22  36  -6  29   0  0.00   M   M  12.5 17 320   M   M    M  M     42 310
14 44  28  36  -7  29   0  0.00   M   M  13.0 20 220   M   M    M  M     33 230
15 61  42  52   9  13   0  0.00   M   M  13.2 23 290   M   M    M  M     43 290
16 50  29  40  -3  25   0  0.00   M   M   8.0 15  50   M   M    M  M     22  50
17 33  28  31 -12  34   0  0.00   M   M  14.9 22  40   M   M    M  M     32  40
18 38  32  35  -9  30   0  0.02   M   M  14.1 18  80#  M   M    M  M     30 80#
19 51  38  45   1  20   0  0.32   M   M  11.3 18 160   M   M    M  M     43 240
20 56  43  50   6  15   0  0.00   M   M  10.8 17 290   M   M    M  M     36 290
21 54  38  46   2  19   0  0.00   M   M   9.0 16 290   M   M    M  M     32 290
22 65  44  55  10  10   0  0.00   M   M  10.6 18 230#  M   M    M  M     31 270
23 56  32  44  -1  21   0  0.00   M   M   5.1  9 330   M   M    M  M     21 320
24 36  24  30 -15  35   0  0.00   M   M   7.5 13 320#  M   M    M  M     26 320
25 37  31  34 -12  31   0  0.00   M   M   9.0 15  90   M   M    M  M     26  40
26 36  28  32 -14  33   0  0.02   M   M  15.7 43 350   M   M    M  M     59 350
27 41  26  34 -12  31   0  0.00   M   M   9.2 15 220   M   M    M  M     25 220
28 50  39  45  -1  20   0  0.00   M   M  16.5 20 230   M   M    M  M     35 230
29 55  45  50   3  15   0  1.86   M   M   9.5 22 170   M   M    M  M     39 170
30 55  40  48   1  17   0  0.28   M   M   8.7 15 320#  M   M    M  M     48 320
31 55  38  47   0  18   0  0.02   M   M  16.3 16 320   M   M    M  M     48 320

================================================================================
SM 1456 1011       773  0  3.30   M   M  316.3        M
================================================================================
AV 47.0 32.6                              10.2  FASTST   M    M   6    MAX(MPH)
                                 MISC ---->     M   M                  M    M
================================================================================
NOTES:
# LAST OF SEVERAL OCCURRENCES

COLUMN 17 PEAK WIND IN M.P.H.

PRELIMINARY LOCAL CLIMATOLOGICAL DATA (WS FORM: F-6) , PAGE 2

                                          STATION:  ATLANTIC CITY MARINA
                                          MONTH:    MARCH
                                          YEAR:     2014
                                          LATITUDE:   39 16 N
                                          LONGITUDE:  74 20 W

[TEMPERATURE DATA]      [PRECIPITATION DATA]       SYMBOLS USED IN COLUMN 16

AVERAGE MONTHLY:  39.8  TOTAL FOR MONTH:     3.30  1 = FOG OR MIST
DPTR FM NORMAL:   -3.5  DPTR FM NORMAL:     +0.08  2 = FOG REDUCING VISIBILITY
HIGHEST:     65 ON 22ND GRTST 24HR   1.86 ON 23RD      TO 1/4 MILE OR LESS
LOWEST:      15 ON  4TH                            3 = THUNDER
                        SNOW, ICE PELLETS, HAIL    4 = ICE PELLETS
                        TOTAL MONTH:    M          5 = HAIL
                        GRTST 24HR    M  ON   M    6 = FREEZING RAIN OR DRIZZLE
                        GRTST DEPTH:  M  ON   M    7 = DUSTSTORM OR SANDSTORM:
                                                       VSBY 1/2 MILE OR LESS
                                                   8 = SMOKE OR HAZE
[NO. OF DAYS WITH]      [WEATHER - DAYS WITH]      9 = BLOWING SNOW
                                                   X = TORNADO
MAX 32 OR BELOW:   1    0.01 INCH OR MORE:  11
MAX 90 OR ABOVE:   0    0.10 INCH OR MORE:   6
MIN 32 OR BELOW:  16    0.50 INCH OR MORE:   1
MIN  0 OR BELOW:   0    1.00 INCH OR MORE:   1

[HDD (BASE 65) ]
TOTAL THIS MO.    773   CLEAR  (SCALE 0-3)   0
DPTR FM NORMAL     99   PTCLDY (SCALE 4-7)   0
TOTAL FM JUL 1   4112   CLOUDY (SCALE 8-10)  0
DPTR FM NORMAL    255

[CDD (BASE 65) ]
TOTAL THIS MO.     0
DPTR FM NORMAL     0    [PRESSURE DATA]
TOTAL FM JAN 1     0    HIGHEST SLP M ON M
DPTR FM NORMAL     0    LOWEST  SLP M ON M

[REMARKS]
#LAST OF SEVERAL OCCURANCES
TRACES OF PRECIPITATION NOT RECORDED
