000
CXAK56 PAJK 221332
CF6AJN
PRELIMINARY LOCAL CLIMATOLOGICAL DATA (WS FORM: F-6)

                                          STATION:   JUNEAU
                                          MONTH:     FEBRUARY
                                          YEAR:      2018
                                          LATITUDE:   58 22 N
                                          LONGITUDE: 134 35 W

  TEMPERATURE IN F:       :PCPN:    SNOW:  WIND      :SUNSHINE: SKY     :PK WND
================================================================================
1   2   3   4   5  6A  6B    7    8   9   10  11  12  13   14  15   16   17  18
                                     12Z  AVG MX 2MIN
DY MAX MIN AVG DEP HDD CDD  WTR  SNW DPTH SPD SPD DIR MIN PSBL S-S WX    SPD DR
================================================================================

 1  21  17  19 -10  46   0 0.00  0.0    3  5.8 18 150   M    M  10        22 100
 2  20  13  17 -12  48   0    T    T    3 12.1 20  90   M    M   5        27 130
 3  23   6  15 -14  50   0 0.00  0.0    3  7.6 22 110   M    M   2        40 120
 4  30   6  18 -11  47   0 0.00  0.0    3  1.6  9 280   M    M   2        10 230
 5  27   8  18 -11  47   0 0.00  0.0    2  1.7  7  70   M    M   3         8  60
 6  28  17  23  -6  42   0 0.07  0.1    2  1.9 10  70   M    M  10 16     13  80
 7  31  16  24  -6  41   0 0.05  0.4    3  1.7  9  80   M    M   7 16     11  90
 8  30   9  20 -10  45   0 0.00  0.0    3  3.5 14 120   M    M   2        20 110
 9  28   4  16 -14  49   0 0.00  0.0    3  0.8  7 110   M    M   0         8 310
10  28   4  16 -14  49   0 0.00  0.0    3  1.1  7 110   M    M   1 1       8 110
11  29   5  17 -13  48   0 0.00  0.0    3  3.8 14  80   M    M   5        18  80
12  33  27  30   0  35   0 0.52  2.0    3 14.4 22  90   M    M  10 16     27 100
13  38  26  32   2  33   0 0.20  0.2    5  5.1 18 100   M    M  10 12     23 110
14  32  20  26  -4  39   0 0.00  0.0    4  2.9 15 100   M    M   7 12     18  80
15  33  28  31   1  34   0 0.17  2.1    4 10.4 24 120   M    M  10 1      30 130
16  30  15  23  -7  42   0 0.00  0.0    6  1.7 17  90   M    M   6 12     24  80
17  32   8  20 -10  45   0 0.00  0.0    6  3.3 16  70   M    M   1 1      23  50
18  30   6  18 -12  47   0 0.00  0.0    6  2.2  8  60   M    M   4 1       M  M
19  33  16  25  -6  40   0 0.00  0.0    6  4.7 14  80   M    M   8 1      22  80
20  33  14  24  -7  41   0 0.01  0.5    5  2.8 14 110   M    M   7 12     16 110
21  36  19  28  -3  37   0    T    T    6  1.1  7 250   M    M   7 12     10 250
================================================================================
SM  625  284       905   0  1.02     5.3  90.2          M      117
================================================================================
AV 29.8 13.5                               4.3 FASTST   M    M   6    MAX(MPH)
                                 MISC ---->  # 24 120               # 40  120
================================================================================
NOTES:
# LAST OF SEVERAL OCCURRENCES

COLUMN 17 PEAK WIND IN M.P.H.

PRELIMINARY LOCAL CLIMATOLOGICAL DATA (WS FORM: F-6) , PAGE 2

                                          STATION:  JUNEAU
                                          MONTH:    FEBRUARY
                                          YEAR:     2018
                                          LATITUDE:   58 22 N
                                          LONGITUDE: 134 35 W

[TEMPERATURE DATA]      [PRECIPITATION DATA]       SYMBOLS USED IN COLUMN 16

AVERAGE MONTHLY: 21.6   TOTAL FOR MONTH:   1.02    1 = FOG OR MIST
DPTR FM NORMAL:  -8.2   DPTR FM NORMAL:   -2.10    2 = FOG REDUCING VISIBILITY
HIGHEST:    38 ON 13    GRTST 24HR  0.52 ON 12-12      TO 1/4 MILE OR LESS
LOWEST:      4 ON 10, 9                            3 = THUNDER
                        SNOW, ICE PELLETS, HAIL    4 = ICE PELLETS
                        TOTAL MONTH:   5.3 INCHES  5 = HAIL
                        GRTST 24HR   2.1 ON 15-15  6 = FREEZING RAIN OR DRIZZLE
                        GRTST DEPTH:   6 ON 21,19  7 = DUSTSTORM OR SANDSTORM:
                                                       VSBY 1/2 MILE OR LESS
                                                   8 = SMOKE OR HAZE
[NO. OF DAYS WITH]      [WEATHER - DAYS WITH]      9 = BLOWING SNOW
                                                   X = TORNADO
MAX 32 OR BELOW:  15    0.01 INCH OR MORE:   6
MAX 90 OR ABOVE:   0    0.10 INCH OR MORE:   3
MIN 32 OR BELOW:  21    0.50 INCH OR MORE:   1
MIN  0 OR BELOW:   0    1.00 INCH OR MORE:   0

[HDD (BASE 65) ]
TOTAL THIS MO.   905    CLEAR  (SCALE 0-3)   7
DPTR FM NORMAL   165    PTCLDY (SCALE 4-7)   9
TOTAL FM JUL 1  5845    CLOUDY (SCALE 8-10)  5
DPTR FM NORMAL   245

[CDD (BASE 65) ]
TOTAL THIS MO.     0
DPTR FM NORMAL     0    [PRESSURE DATA]
TOTAL FM JAN 1     0    HIGHEST SLP M ON M
DPTR FM NORMAL     0    LOWEST  SLP 29.57 ON  2

[REMARKS]
