000
CXAK56 PAJK 211251
CF6AJN
PRELIMINARY LOCAL CLIMATOLOGICAL DATA (WS FORM: F-6)

                                          STATION:   JUNEAU
                                          MONTH:     NOVEMBER
                                          YEAR:      2017
                                          LATITUDE:   58 22 N
                                          LONGITUDE: 134 35 W

  TEMPERATURE IN F:       :PCPN:    SNOW:  WIND      :SUNSHINE: SKY     :PK WND
================================================================================
1   2   3   4   5  6A  6B    7    8   9   10  11  12  13   14  15   16   17  18
                                     12Z  AVG MX 2MIN
DY MAX MIN AVG DEP HDD CDD  WTR  SNW DPTH SPD SPD DIR MIN PSBL S-S WX    SPD DR
================================================================================

 1  46  30  38   1  27   0 0.00  0.0    0  6.9 23  80   M    M   3 1      33  90
 2  41  25  33  -4  32   0 0.00  0.0    0  1.7 12  90   M    M   3        19 110
 3  36  25  31  -5  34   0 0.00  0.0    0  0.7  7 110   M    M   8         8 100
 4  44  23  34  -2  31   0 0.00  0.0    0  4.2 20  80   M    M   2        26  90
 5  37  20  29  -7  36   0 0.00  0.0    0  0.7  7  70   M    M   4         9  80
 6  41  27  34  -1  31   0 0.00  0.0    0  9.6 28  80   M    M   9        38  90
 7  40  21  31  -4  34   0 0.00  0.0    0 11.6 29  90   M    M   4        36  80
 8  36  19  28  -7  37   0 0.00  0.0    0  1.2  7 210   M    M   1         8 210
 9  38  18  28  -7  37   0 0.00  0.0    0  2.0 16  70   M    M   2        22  60
10  34  31  33  -1  32   0 0.41  3.5    3  9.5 22 120   M    M  10 1      26 130
11  33  20  27  -7  38   0    T    T    3  2.3 15 100   M    M   7 1      19 100
12  30  16  23 -11  42   0 0.03  0.9    3  2.4 16  90   M    M   6 1      19  90
13  35  18  27  -7  38   0 0.01  0.5    4  8.6 26 100   M    M   7 1      35 130
14  32  27  30  -3  35   0 0.00  0.0    4 15.6 25  90   M    M   5        31  90
15  29  16  23 -10  42   0 0.00  0.0    4 11.4 25  90   M    M   1        37  80
16  29  11  20 -13  45   0 0.01    T    4  7.0 20 120   M    M   5 1      24 110
17  30  26  28  -5  37   0 0.39 10.2    9  8.6 23 120   M    M  10 12     27 130
18  29  21  25  -8  40   0 0.02  0.6   10  1.2  7 110   M    M  10 1       9 130
19  22   7  15 -17  50   0    T    T   11  1.7  8  30   M    M   6 1      10  20
20  25  17  21 -11  44   0    T    T   10  2.1  7  60   M    M  10 1      11  80
================================================================================
SM  687  418       742   0  0.87    15.7 109.0          M      113
================================================================================
AV 34.4 20.9                               5.4 FASTST   M    M   6    MAX(MPH)
                                 MISC ---->  # 29  90               # 38   90
================================================================================
NOTES:
# LAST OF SEVERAL OCCURRENCES

COLUMN 17 PEAK WIND IN M.P.H.

PRELIMINARY LOCAL CLIMATOLOGICAL DATA (WS FORM: F-6) , PAGE 2

                                          STATION:  JUNEAU
                                          MONTH:    NOVEMBER
                                          YEAR:     2017
                                          LATITUDE:   58 22 N
                                          LONGITUDE: 134 35 W

[TEMPERATURE DATA]      [PRECIPITATION DATA]       SYMBOLS USED IN COLUMN 16

AVERAGE MONTHLY: 27.6   TOTAL FOR MONTH:   0.87    1 = FOG OR MIST
DPTR FM NORMAL:  -6.7   DPTR FM NORMAL:   -3.12    2 = FOG REDUCING VISIBILITY
HIGHEST:    46 ON  1    GRTST 24HR  0.41 ON 10-10      TO 1/4 MILE OR LESS
LOWEST:      7 ON 19                               3 = THUNDER
                        SNOW, ICE PELLETS, HAIL    4 = ICE PELLETS
                        TOTAL MONTH:  15.7 INCHES  5 = HAIL
                        GRTST 24HR  10.2 ON 17-17  6 = FREEZING RAIN OR DRIZZLE
                        GRTST DEPTH:  11 ON 19     7 = DUSTSTORM OR SANDSTORM:
                                                       VSBY 1/2 MILE OR LESS
                                                   8 = SMOKE OR HAZE
[NO. OF DAYS WITH]      [WEATHER - DAYS WITH]      9 = BLOWING SNOW
                                                   X = TORNADO
MAX 32 OR BELOW:   8    0.01 INCH OR MORE:   6
MAX 90 OR ABOVE:   0    0.10 INCH OR MORE:   2
MIN 32 OR BELOW:  20    0.50 INCH OR MORE:   0
MIN  0 OR BELOW:   0    1.00 INCH OR MORE:   0

[HDD (BASE 65) ]
TOTAL THIS MO.   742    CLEAR  (SCALE 0-3)   6
DPTR FM NORMAL   129    PTCLDY (SCALE 4-7)   9
TOTAL FM JUL 1  2399    CLOUDY (SCALE 8-10)  5
DPTR FM NORMAL   101

[CDD (BASE 65) ]
TOTAL THIS MO.     0
DPTR FM NORMAL     0    [PRESSURE DATA]
TOTAL FM JAN 1     1    HIGHEST SLP M ON M
DPTR FM NORMAL    -1    LOWEST  SLP 29.31 ON 17

[REMARKS]
