000
CXUS56 KSGX 271545
CF6AJO
PRELIMINARY LOCAL CLIMATOLOGICAL DATA (WS FORM: F-6)

                                          STATION:   CORONA AIRPORT CA
                                          MONTH:     JULY
                                          YEAR:      2016
                                          LATITUDE:   33 53 N
                                          LONGITUDE: 117 36 W

  TEMPERATURE IN F:       :PCPN:    SNOW:  WIND      :SUNSHINE: SKY     :PK WND
================================================================================
1   2   3   4   5  6A  6B    7    8   9   10  11  12  13   14  15   16   17  18
                                     12Z  AVG MX 2MIN
DY MAX MIN AVG DEP HDD CDD  WTR  SNW DPTH SPD SPD DIR MIN PSBL S-S WX    SPD DR
================================================================================

 1  85  61  73   M   0   8 0.00  0.0    0  7.8 17 280   M    M   0 1      25 280
 2  86  54  70   M   0   5 0.00  0.0    0  6.9 16 290   M    M   1 1      24 290
 3  83  54  69   M   0   4 0.00  0.0    0  7.4 17 280   M    M   1        24 300
 4  85  52  69   M   0   4 0.00  0.0    0  6.8 17 270   M    M   1 18     24 270
 5  86  59  73   M   0   8 0.00  0.0    0  6.7 17 280   M    M   3 18     25 270
 6  84  59  72   M   0   7 0.00  0.0    0  7.1 17 290   M    M   2        23 280
 7  89  56  73   M   0   8 0.00  0.0    0  6.0 20 280   M    M   2 1      27 300
 8  88  57  73   M   0   8 0.00  0.0    0  7.1 18 280   M    M   0 1      24 300
 9  91  58  75   M   0  10 0.00  0.0    0  7.2 16 280   M    M   0 18     23 280
10  90  61  76   M   0  11 0.00  0.0    0  8.2 16 260   M    M   0        23 280
11  87  57  72   M   0   7 0.00  0.0    0  6.8 16 290   M    M   0 1      22 290
12  87  62  75   M   0  10 0.00  0.0    0  7.0 20 290   M    M   3        24 290
13  93  59  76   M   0  11 0.00  0.0    0  7.1 17 290   M    M   0 1      24 300
14  91  61  76   M   0  11 0.00  0.0    0  6.6 15 300   M    M   0 1      23 300
15  90  62  76   M   0  11 0.00  0.0    0  7.6 17 290   M    M   0 1      24 290
16  90  57  74   M   0   9 0.00  0.0    0  7.1 18 280   M    M   1 1      24 280
17  88  56  72   M   0   7 0.00  0.0    0  6.9 16 280   M    M   0 1      27 280
18  90  56  73   M   0   8 0.00  0.0    0  6.5 16 280   M    M   0        24 290
19  95  67  81   M   0  16 0.00  0.0    0  7.4 18 310   M    M   0 1      23 310
20 100  59  80   M   0  15 0.00  0.0    0  5.0 14 260   M    M   0        24 290
21 101  58  80   M   0  15 0.00  0.0    0  6.7 15 270   M    M   0        21 280
22 105  58  82   M   0  17 0.00  0.0    0  4.7 17 290   M    M   0        23 290
23 104  62  83   M   0  18 0.00  0.0    0  5.9 17 300   M    M   0        25 270
24  96  62  79   M   0  14 0.00  0.0    0  7.1 20 300   M    M   0        22 290
25  99  63  81   M   0  16 0.00  0.0    0  6.5 16 270   M    M   0 1      24 280
26  98  64  81   M   0  16 0.00  0.0    0  7.2 18 290   M    M   0        27 290
================================================================================
SM 2381 1534         0 274  0.00     0.0 177.3          M       14
================================================================================
AV 91.6 59.0                               6.8 FASTST   M    M   1    MAX(MPH)
                                 MISC ---->    20   M               # 27  300
================================================================================
NOTES:
# LAST OF SEVERAL OCCURRENCES

COLUMN 17 PEAK WIND IN M.P.H.

PRELIMINARY LOCAL CLIMATOLOGICAL DATA (WS FORM: F-6) , PAGE 2

                                          STATION:  CORONA AIRPORT CA
                                          MONTH:    JULY
                                          YEAR:     2016
                                          LATITUDE:   33 53 N
                                          LONGITUDE: 117 36 W

[TEMPERATURE DATA]      [PRECIPITATION DATA]       SYMBOLS USED IN COLUMN 16

AVERAGE MONTHLY: 75.3   TOTAL FOR MONTH:   0.00    1 = FOG OR MIST
DPTR FM NORMAL:     M   DPTR FM NORMAL:       M    2 = FOG REDUCING VISIBILITY
HIGHEST:   105 ON 22    GRTST 24HR  0.00 ON 26-26      TO 1/4 MILE OR LESS
LOWEST:     52 ON  4                               3 = THUNDER
                        SNOW, ICE PELLETS, HAIL    4 = ICE PELLETS
                        TOTAL MONTH:   0.0 INCH    5 = HAIL
                        GRTST 24HR     0.0         6 = FREEZING RAIN OR DRIZZLE
                        GRTST DEPTH:   0           7 = DUSTSTORM OR SANDSTORM:
                                                       VSBY 1/2 MILE OR LESS
                                                   8 = SMOKE OR HAZE
[NO. OF DAYS WITH]      [WEATHER - DAYS WITH]      9 = BLOWING SNOW
                                                   X = TORNADO
MAX 32 OR BELOW:   0    0.01 INCH OR MORE:   0
MAX 90 OR ABOVE:  15    0.10 INCH OR MORE:   0
MIN 32 OR BELOW:   0    0.50 INCH OR MORE:   0
MIN  0 OR BELOW:   0    1.00 INCH OR MORE:   0

[HDD (BASE 65) ]
TOTAL THIS MO.     0    CLEAR  (SCALE 0-3)  26
DPTR FM NORMAL     M    PTCLDY (SCALE 4-7)   0
TOTAL FM JUL 1     0    CLOUDY (SCALE 8-10)  0
DPTR FM NORMAL     M

[CDD (BASE 65) ]
TOTAL THIS MO.   274
DPTR FM NORMAL     M    [PRESSURE DATA]
TOTAL FM JAN 1   579    HIGHEST SLP M ON M
DPTR FM NORMAL     M    LOWEST  SLP M ON M

[REMARKS]
