022
CXAK56 PAFC 211320
CF6AKN
PRELIMINARY LOCAL CLIMATOLOGICAL DATA (WS FORM: F-6)

                                          STATION:   KING SALMON
                                          MONTH:     FEBRUARY
                                          YEAR:      2017
                                          LATITUDE:   58 41 N
                                          LONGITUDE: 156 39 W

  TEMPERATURE IN F:       :PCPN:    SNOW:  WIND      :SUNSHINE: SKY     :PK WND
================================================================================
1   2   3   4   5  6A  6B    7    8   9   10  11  12  13   14  15   16   17  18
                                     12Z  AVG MX 2MIN
DY MAX MIN AVG DEP HDD CDD  WTR  SNW DPTH SPD SPD DIR MIN PSBL S-S WX    SPD DR
================================================================================

 1  36   5  21   4  44   0 0.00  0.0    T  2.7  8 350   M    M   2 12     10  10
 2  32   8  20   3  45   0 0.00  0.0    T  6.9 14 360   M    M   1        17 360
 3  24  -1  12  -5  53   0 0.00  0.0    T  3.0  9 350   M    M   0        10 350
 4  25   3  14  -3  51   0 0.00  0.0    T  3.2  9 340   M    M   0        11  10
 5  22   1  12  -5  53   0 0.00  0.0    0  3.5 12 340   M    M   1        14 330
 6  21  -2  10  -7  55   0 0.00  0.0    T  1.8  8  50   M    M   3        10  50
 7  33   4  19   1  46   0 0.04    M    0  1.4  7 140   M    M   7 18      7 150
 8  31  16  24   6  41   0    T    T    T  8.3 15 250   M    M  10 1      20 240
 9  16   0   8 -10  57   0    T    T    T  8.6 23 350   M    M   6 1      32 330
10   2 -10  -4 -22  69   0 0.00  0.0    T 11.2 22 350   M    M   3        29 360
11  -3 -16  -9 -27  74   0 0.00  0.0    T  7.7 17 360   M    M   0        21 330
12   8 -18  -5 -23  70   0 0.04  0.6    T 13.8 26 350   M    M   5 8      35  10
13  21   5  13  -6  52   0 0.03  0.4    1  6.5 25 360   M    M   9 1      31 350
14  29   4  17  -2  48   0 0.26  2.8    4  6.8 18 170   M    M   8 1      22 180
15  35   1  18  -1  47   0 0.00  0.0    0  8.6 20  80   M    M   6        28  80
16  35  25  30  11  35   0 0.10  1.4    4 14.3 25  80   M    M  10 1      34  90
17  27  22  25   6  40   0 0.07  1.4    7 10.6 20 170   M    M  10 1      23 170
18  22   9  16  -3  49   0    T  0.1    7  5.4 13 220   M    M   9 18     16 210
19  10 -18  -4 -24  69   0    T    T    6  8.8 17 360   M    M   2 18     23 340
20  -1 -23 -12 -32  77   0 0.00  0.0    6  7.6 14  20   M    M   1        16  20
================================================================================
SM  425   15      1075   0  0.54     6.7 140.7          M       93
================================================================================
AV 21.3  0.8                               7.0 FASTST   M    M   5    MAX(MPH)
                                 MISC ---->  # 26 350               # 35   10
================================================================================
NOTES:
# LAST OF SEVERAL OCCURRENCES

COLUMN 17 PEAK WIND IN M.P.H.

PRELIMINARY LOCAL CLIMATOLOGICAL DATA (WS FORM: F-6) , PAGE 2

                                          STATION:  KING SALMON
                                          MONTH:    FEBRUARY
                                          YEAR:     2017
                                          LATITUDE:   58 41 N
                                          LONGITUDE: 156 39 W

[TEMPERATURE DATA]      [PRECIPITATION DATA]       SYMBOLS USED IN COLUMN 16

AVERAGE MONTHLY: 11.0   TOTAL FOR MONTH:   0.54    1 = FOG OR MIST
DPTR FM NORMAL:  -7.2   DPTR FM NORMAL:   -0.02    2 = FOG REDUCING VISIBILITY
HIGHEST:    36 ON  1    GRTST 24HR  0.26 ON 14-14      TO 1/4 MILE OR LESS
LOWEST:    -23 ON 20                               3 = THUNDER
                        SNOW, ICE PELLETS, HAIL    4 = ICE PELLETS
                        TOTAL MONTH:   6.7 INCHES  5 = HAIL
                        GRTST 24HR   2.8 ON   M    6 = FREEZING RAIN OR DRIZZLE
                        GRTST DEPTH:   7 ON 18,17  7 = DUSTSTORM OR SANDSTORM:
                                                       VSBY 1/2 MILE OR LESS
                                                   8 = SMOKE OR HAZE
[NO. OF DAYS WITH]      [WEATHER - DAYS WITH]      9 = BLOWING SNOW
                                                   X = TORNADO
MAX 32 OR BELOW:  16    0.01 INCH OR MORE:   6
MAX 90 OR ABOVE:   0    0.10 INCH OR MORE:   2
MIN 32 OR BELOW:  20    0.50 INCH OR MORE:   0
MIN  0 OR BELOW:   8    1.00 INCH OR MORE:   0

[HDD (BASE 65) ]
TOTAL THIS MO.  1075    CLEAR  (SCALE 0-3)  10
DPTR FM NORMAL   139    PTCLDY (SCALE 4-7)   5
TOTAL FM JUL 1  6839    CLOUDY (SCALE 8-10)  5
DPTR FM NORMAL  -425

[CDD (BASE 65) ]
TOTAL THIS MO.     0
DPTR FM NORMAL     0    [PRESSURE DATA]
TOTAL FM JAN 1     0    HIGHEST SLP M ON M
DPTR FM NORMAL     0    LOWEST  SLP 28.42 ON 14

[REMARKS]
