000
CXAK56 PAFC 242232
CF6AKN

PRELIMINARY LOCAL CLIMATOLOGICAL DATA (WS FORM: F-6)

                                          STATION:   KING SALMON
                                          MONTH:     FEBRUARY
                                          YEAR:      2018
                                          LATITUDE:   58 41 N
                                          LONGITUDE: 156 39 W

  TEMPERATURE IN F:       :PCPN:    SNOW:  WIND      :SUNSHINE: SKY     :PK WND
================================================================================
1   2   3   4   5  6A  6B    7    8   9   10  11  12  13   14  15   16   17  18
                                     12Z  AVG MX 2MIN
DY MAX MIN AVG DEP HDD CDD  WTR  SNW DPTH SPD SPD DIR MIN PSBL S-S WX    SPD DR
================================================================================

 1  14   2   8  -9  57   0 0.00  0.0    4 21.3 28  10   M    M   0        36  20
 2  29   1  15  -2  50   0 0.00  0.0    4 16.0 22  10   M    M   0        31  10
 3  37  27  32  15  33   0 0.00  0.0    4 18.9 27 100   M    M   5        40 100
 4  31   8  20   3  45   0 0.00  0.0    3  4.9  9 360   M    M   0         M  M
 5  37   3  20   3  45   0 0.81  0.6    3  7.3 20  90   M    M   6 1      30  90
 6  37  25  31  14  34   0    T  0.0    4  3.7 13 110   M    M   8        17 110
 7  28  13  21   3  44   0 0.00  0.0    3  4.2 10 360   M    M   1 18     12  10
 8  36   5  21   3  44   0 0.00  0.0    3  3.0 14 110   M    M   0        18 100
 9  40  32  36  18  29   0    T  0.0    3 27.6 45 100   M    M   5        63 120
10  41  35  38  20  27   0    T  0.0    2 15.1 28 100   M    M   7        38 100
11  44  34  39  21  26   0 0.01  0.0    1 16.9 31 150   M    M   6        45 110
12  42  31  37  19  28   0 0.10  0.1    T 17.3 25 270   M    M   9 1      33 160
13  36  25  31  12  34   0 0.00  0.0    T  7.5 15 270   M    M   5        25 280
14  37  26  32  13  33   0 0.02    M    T  5.8 14 230   M    M   8 1      18 220
15  32  19  26   7  39   0 0.05    M    T  4.9 10  90   M    M   5 1      12  70
16  32  11  22   3  43   0 0.26  2.6    3  6.3 13  10   M    M   7 1      18  80
17  38   8  23   4  42   0 0.00  0.0    3  4.5 12 100   M    M   2 1       M  M
18  41  32  37  18  28   0 0.05  0.3    3 10.5 31 160   M    M   9 1      41 160
19  44  21  33  13  32   0    T  0.0    1  3.9 10 170   M    M   5 1      12 170
20  36  32  34  14  31   0 0.01  0.0    T  3.9  8 240   M    M  10 12      M  M
21  46  29  38  18  27   0 0.01  0.0    T  4.1 12 210   M    M   7 1      17 220
22  39  26  33  13  32   0 0.14  0.0    T 12.9 24 270   M    M   7 1      31 270
23  35  23  29   9  36   0 0.41  3.2    2  9.8 28 260   M    M   7 128    39 270
================================================================================
SM  832  468       839   0  1.87     6.8 230.3          M      119
================================================================================
AV 36.2 20.4                              10.0 FASTST   M    M   5    MAX(MPH)
                                 MISC ---->  # 45 100               # 63  120
================================================================================
NOTES:
# LAST OF SEVERAL OCCURRENCES

COLUMN 17 PEAK WIND IN M.P.H.

PRELIMINARY LOCAL CLIMATOLOGICAL DATA (WS FORM: F-6) , PAGE 2

                                          STATION:  KING SALMON
                                          MONTH:    FEBRUARY
                                          YEAR:     2018
                                          LATITUDE:   58 41 N
                                          LONGITUDE: 156 39 W

[TEMPERATURE DATA]      [PRECIPITATION DATA]       SYMBOLS USED IN COLUMN 16

AVERAGE MONTHLY: 28.3   TOTAL FOR MONTH:   1.87    1 = FOG OR MIST
DPTR FM NORMAL:   9.8   DPTR FM NORMAL:    1.24    2 = FOG REDUCING VISIBILITY
HIGHEST:    46 ON 21    GRTST 24HR  0.81 ON  5- 5      TO 1/4 MILE OR LESS
LOWEST:      1 ON  2                               3 = THUNDER
                        SNOW, ICE PELLETS, HAIL    4 = ICE PELLETS
                        TOTAL MONTH:   6.8 INCHES  5 = HAIL
                        GRTST 24HR   3.2 ON 23-23  6 = FREEZING RAIN OR DRIZZLE
                        GRTST DEPTH:   4 ON  6, 3  7 = DUSTSTORM OR SANDSTORM:
                                                       VSBY 1/2 MILE OR LESS
                                                   8 = SMOKE OR HAZE
[NO. OF DAYS WITH]      [WEATHER - DAYS WITH]      9 = BLOWING SNOW
                                                   X = TORNADO
MAX 32 OR BELOW:   6    0.01 INCH OR MORE:  11
MAX 90 OR ABOVE:   0    0.10 INCH OR MORE:   5
MIN 32 OR BELOW:  21    0.50 INCH OR MORE:   1
MIN  0 OR BELOW:   0    1.00 INCH OR MORE:   0

[HDD (BASE 65) ]
TOTAL THIS MO.   839    CLEAR  (SCALE 0-3)   6
DPTR FM NORMAL  -232    PTCLDY (SCALE 4-7)  14
TOTAL FM JUL 1  6279    CLOUDY (SCALE 8-10)  3
DPTR FM NORMAL -1120

[CDD (BASE 65) ]
TOTAL THIS MO.     0
DPTR FM NORMAL     0    [PRESSURE DATA]
TOTAL FM JAN 1     0    HIGHEST SLP M ON M
DPTR FM NORMAL     0    LOWEST  SLP 29.47 ON M

[REMARKS]
