000
CXUS56 KPDT 211832
CF6ALW
PRELIMINARY LOCAL CLIMATOLOGICAL DATA (WS FORM: F-6)

                                          STATION:   WALLA WALLA WA
                                          MONTH:     AUGUST
                                          YEAR:      2017
                                          LATITUDE:   46  5 N
                                          LONGITUDE: 118 17 W

  TEMPERATURE IN F:       :PCPN:    SNOW:  WIND      :SUNSHINE: SKY     :PK WND
================================================================================
1   2   3   4   5  6A  6B    7    8   9   10  11  12  13   14  15   16   17  18
                                     12Z  AVG MX 2MIN
DY MAX MIN AVG DEP HDD CDD  WTR  SNW DPTH SPD SPD DIR MIN PSBL S-S WX    SPD DR
================================================================================

 1 102  65  84   7   0  19 0.00  0.0    0  6.1 15 360   M    M   0        19  10
 2  98  68  83   6   0  18 0.00  0.0    0  6.0 12 170   M    M   0 8      14 170
 3  97  67  82   5   0  17 0.00  0.0    0  5.6 12 210   M    M   0 8      15 200
 4 100  73  87  10   0  22 0.00  0.0    0  9.6 17 210   M    M   3 8      22 220
 5  94  72  83   6   0  18 0.00  0.0    0  7.7 16 210   M    M   1 8      19 210
 6  95  66  81   5   0  16 0.00  0.0    0  6.7 16 240   M    M   0 8      18 220
 7  94  69  82   6   0  17 0.00  0.0    0  5.1 10 110   M    M   0 8      12 110
 8 101  68  85   9   0  20 0.00  0.0    0  6.2 15  20   M    M   0 8      19  20
 9 102  69  86  10   0  21 0.00  0.0    0  5.9 13  50   M    M   0 8      15  40
10 103  70  87  11   0  22 0.00  0.0    0  5.3 14  80   M    M   0 8      17 360
11 101  72  87  11   0  22 0.00  0.0    0  6.0 12 120   M    M   0 8      14 200
12  94  75  85   9   0  20    T  0.0    0  9.7 21 180   M    M   0 8      25 190
13  82  63  73  -2   0   8 0.01  0.0    0 12.9 26 220   M    M   3 8      32 230
14  79  57  68  -7   0   3 0.00  0.0    0  8.6 17 200   M    M   0        25 220
15  85  55  70  -5   0   5 0.00  0.0    0  5.9 14 270   M    M   0        16 270
16  89  62  76   2   0  11 0.00  0.0    0  8.2 16 300   M    M   0        18 290
17  89  67  78   4   0  13 0.00  0.0    0  9.5 17 210   M    M   0        22 190
18  92  65  79   5   0  14 0.00  0.0    0 10.4 17 260   M    M   0        23 230
19  82  62  72  -2   0   7 0.00  0.0    0  8.0 15 200   M    M   1        18 170
20  84  57  71  -3   0   6 0.00  0.0    0  5.8 12 260   M    M   0        15 220
================================================================================
SM 1863 1322         0 299  0.01     0.0 149.2          M        8
================================================================================
AV 93.2 66.1                               7.5 FASTST   M    M   0    MAX(MPH)
                                 MISC ---->  # 26 220               # 32  230
================================================================================
NOTES:
# LAST OF SEVERAL OCCURRENCES

COLUMN 17 PEAK WIND IN M.P.H.

PRELIMINARY LOCAL CLIMATOLOGICAL DATA (WS FORM: F-6) , PAGE 2

                                          STATION:  WALLA WALLA WA
                                          MONTH:    AUGUST
                                          YEAR:     2017
                                          LATITUDE:   46  5 N
                                          LONGITUDE: 118 17 W

[TEMPERATURE DATA]      [PRECIPITATION DATA]       SYMBOLS USED IN COLUMN 16

AVERAGE MONTHLY: 79.6   TOTAL FOR MONTH:   0.01    1 = FOG OR MIST
DPTR FM NORMAL:   4.0   DPTR FM NORMAL:   -0.34    2 = FOG REDUCING VISIBILITY
HIGHEST:   103 ON 10    GRTST 24HR  0.01 ON 13-13      TO 1/4 MILE OR LESS
LOWEST:     55 ON 15                               3 = THUNDER
                        SNOW, ICE PELLETS, HAIL    4 = ICE PELLETS
                        TOTAL MONTH:   0.0 INCH    5 = HAIL
                        GRTST 24HR     0.0         6 = FREEZING RAIN OR DRIZZLE
                        GRTST DEPTH:   0           7 = DUSTSTORM OR SANDSTORM:
                                                       VSBY 1/2 MILE OR LESS
                                                   8 = SMOKE OR HAZE
[NO. OF DAYS WITH]      [WEATHER - DAYS WITH]      9 = BLOWING SNOW
                                                   X = TORNADO
MAX 32 OR BELOW:   0    0.01 INCH OR MORE:   1
MAX 90 OR ABOVE:  13    0.10 INCH OR MORE:   0
MIN 32 OR BELOW:   0    0.50 INCH OR MORE:   0
MIN  0 OR BELOW:   0    1.00 INCH OR MORE:   0

[HDD (BASE 65) ]
TOTAL THIS MO.     0    CLEAR  (SCALE 0-3)  20
DPTR FM NORMAL     0    PTCLDY (SCALE 4-7)   0
TOTAL FM JUL 1     0    CLOUDY (SCALE 8-10)  0
DPTR FM NORMAL    -6

[CDD (BASE 65) ]
TOTAL THIS MO.   299
DPTR FM NORMAL    85    [PRESSURE DATA]
TOTAL FM JAN 1   997    HIGHEST SLP M ON M
DPTR FM NORMAL   324    LOWEST  SLP 29.68 ON  4

[REMARKS]
