000
CXUS56 KPDT 201832
CF6ALW
PRELIMINARY LOCAL CLIMATOLOGICAL DATA (WS FORM: F-6)

                                          STATION:   WALLA WALLA WA
                                          MONTH:     APRIL
                                          YEAR:      2014
                                          LATITUDE:   46  5 N
                                          LONGITUDE: 118 17 W

  TEMPERATURE IN F:       :PCPN:    SNOW:  WIND      :SUNSHINE: SKY     :PK WND
================================================================================
1   2   3   4   5  6A  6B    7    8   9   10  11  12  13   14  15   16   17  18
                                     12Z  AVG MX 2MIN
DY MAX MIN AVG DEP HDD CDD  WTR  SNW DPTH SPD SPD DIR MIN PSBL S-S WX    SPD DR
================================================================================

 1  55  42  49  -1  16   0    T    M    0  8.0 14 180   M    M   4        16 210
 2  59  42  51   1  14   0 0.00  0.0    0 10.8 18 200   M    M   2        24 190
 3  64  41  53   3  12   0 0.05  0.0    0  8.6 22 230   M    M   3 1      26 230
 4  59  44  52   2  13   0 0.17  0.0    0 10.7 20 260   M    M   8 1      25 250
 5  60  41  51   0  14   0 0.08  0.0    0 10.5 20 250   M    M   7 1      24 260
 6  66  48  57   6   8   0 0.00  0.0    0 12.0 21 260   M    M   4        26 220
 7  75  44  60   9   5   0 0.00  0.0    0  4.9 12  90   M    M   0        15 160
 8  75  51  63  12   2   0 0.00  0.0    0  8.5 16 220   M    M   0        23 210
 9  64  47  56   5   9   0 0.02  0.0    0  8.4 21 230   M    M   5        25 220
10  65  38  52   1  13   0 0.00  0.0    0  7.2 16 210   M    M   0        24 190
11  68  43  56   5   9   0 0.00  0.0    0  7.6 16 230   M    M   0        25 230
12  63  42  53   1  12   0    T  0.0    0  6.6 22  50   M    M   4        31  40
13  62  36  49  -3  16   0 0.00  0.0    0  7.2 20  20   M    M   0        25  10
14  72  37  55   3  10   0 0.00  0.0    0  5.8 16 210   M    M   1 8      22 220
15  63  47  55   3  10   0 0.00  0.0    0 14.3 23 250   M    M   3        30 230
16  63  42  53   1  12   0    T    M    0  9.1 20 210   M    M   7        23 210
17  54  50  52   0  13   0 0.48  0.0    0  8.0 20 210   M    M  10 1      25 240
18  60  40  50  -2  15   0 0.00  0.0    0 14.0 25 210   M    M   2        34 210
19  66  36  51  -2  14   0 0.00  0.0    0  8.7 29 250   M    M   3        36 250
================================================================================
SM 1213  811       217   0  0.80     0.0 170.9          M       63
================================================================================
AV 63.8 42.7                               9.0 FASTST   M    M   3    MAX(MPH)
                                 MISC ---->  # 29 250               # 36  250
================================================================================
NOTES:
# LAST OF SEVERAL OCCURRENCES

COLUMN 17 PEAK WIND IN M.P.H.

PRELIMINARY LOCAL CLIMATOLOGICAL DATA (WS FORM: F-6) , PAGE 2

                                          STATION:  WALLA WALLA WA
                                          MONTH:    APRIL
                                          YEAR:     2014
                                          LATITUDE:   46  5 N
                                          LONGITUDE: 118 17 W

[TEMPERATURE DATA]      [PRECIPITATION DATA]       SYMBOLS USED IN COLUMN 16

AVERAGE MONTHLY: 53.3   TOTAL FOR MONTH:   0.80    1 = FOG OR MIST
DPTR FM NORMAL:   2.0   DPTR FM NORMAL:   -0.41    2 = FOG REDUCING VISIBILITY
HIGHEST:    75 ON  8, 7 GRTST 24HR  0.48 ON 16-17      TO 1/4 MILE OR LESS
LOWEST:     36 ON 19,13                            3 = THUNDER
                        SNOW, ICE PELLETS, HAIL    4 = ICE PELLETS
                        TOTAL MONTH:   0.0 INCH    5 = HAIL
                        GRTST 24HR     0.0         6 = FREEZING RAIN OR DRIZZLE
                        GRTST DEPTH:   0           7 = DUSTSTORM OR SANDSTORM:
                                                       VSBY 1/2 MILE OR LESS
                                                   8 = SMOKE OR HAZE
[NO. OF DAYS WITH]      [WEATHER - DAYS WITH]      9 = BLOWING SNOW
                                                   X = TORNADO
MAX 32 OR BELOW:   0    0.01 INCH OR MORE:   5
MAX 90 OR ABOVE:   0    0.10 INCH OR MORE:   2
MIN 32 OR BELOW:   0    0.50 INCH OR MORE:   0
MIN  0 OR BELOW:   0    1.00 INCH OR MORE:   0

[HDD (BASE 65) ]
TOTAL THIS MO.   217    CLEAR  (SCALE 0-3)  10
DPTR FM NORMAL   -44    PTCLDY (SCALE 4-7)   8
TOTAL FM JUL 1  4699    CLOUDY (SCALE 8-10)  1
DPTR FM NORMAL    81

[CDD (BASE 65) ]
TOTAL THIS MO.     0
DPTR FM NORMAL     0    [PRESSURE DATA]
TOTAL FM JAN 1     0    HIGHEST SLP M ON M
DPTR FM NORMAL     0    LOWEST  SLP 29.69 ON  1

[REMARKS]
