000
CXUS54 KAMA 311015
CF6AMA
PRELIMINARY LOCAL CLIMATOLOGICAL DATA (WS FORM: F-6)

                                          STATION:   AMARILLO
                                          MONTH:     JULY
                                          YEAR:      2015
                                          LATITUDE:   35 13 N
                                          LONGITUDE: 101 42 W

  TEMPERATURE IN F:       :PCPN:    SNOW:  WIND      :SUNSHINE: SKY     :PK WND
================================================================================
1   2   3   4   5  6A  6B    7    8   9   10  11  12  13   14  15   16   17  18
                                     12Z  AVG MX 2MIN
DY MAX MIN AVG DEP HDD CDD  WTR  SNW DPTH SPD SPD DIR MIN PSBL S-S WX    SPD DR
================================================================================

 1  94  67  81   3   0  16 0.00  0.0    0 14.3 24 230   M    M   0        31 240
 2  88  66  77  -1   0  12 0.01  0.0    0  7.5 31  50   M    M   3 3      39  50
 3  88  64  76  -2   0  11 0.27  0.0    0 10.7 41  30   M    M   2 3      51  30
 4  89  60  75  -3   0  10 0.00  0.0    0  9.7 20 190   M    M   0        25 190
 5  90  69  80   2   0  15 0.00  0.0    0 14.9 24 170   M    M   0        36 150
 6  90  66  78   0   0  13 1.27  0.0    0 14.2 24  20   M    M   3 13     30  10
 7  71  59  65 -13   0   0 0.07  0.0    0 12.8 24  20   M    M   9 18     29  20
 8  80  56  68 -10   0   3 0.75  0.0    0  9.8 38 120   M    M   3 1238   45 120
 9  83  60  72  -6   0   7 1.31  0.0    0 15.2 36 210   M    M   4 13     43 210
10  83  65  74  -4   0   9 0.06  0.0    0 15.0 23 190   M    M   3 3      29 160
11  87  66  77  -1   0  12 0.00  0.0    0 13.4 23 190   M    M   0        27 180
12  98  69  84   6   0  19 0.00  0.0    0 11.0 20 200   M    M   0        25 200
13  97  70  84   6   0  19 0.00  0.0    0 10.3 17 230   M    M   0        25 230
14  95  67  81   3   0  16 0.00  0.0    0 10.4 20 180   M    M   0        23 180
15  92  66  79   1   0  14 0.00  0.0    0 13.6 23 170   M    M   0        29 180
16  93  69  81   3   0  16 0.18  0.0    0 10.7 26 280   M    M   0 3      37 280
17  94  70  82   4   0  17 0.03  0.0    0 13.9 32 250   M    M   0 3      43 240
18  94  71  83   5   0  18 0.00  0.0    0 13.9 22 210   M    M   0        26 210
19  92  69  81   3   0  16 0.00  0.0    0 12.6 25 140   M    M   0        30 140
20  88  66  77  -1   0  12 1.07  0.0    0  9.5 24 270   M    M   2 13     28 270
21  83  65  74  -4   0   9 0.18  0.0    0  9.4 20 130   M    M   4 13     23 130
22  91  70  81   3   0  16 0.00  0.0    0 12.0 23 130   M    M   4        27 130
23  93  69  81   3   0  16 0.00  0.0    0 12.5 22 210   M    M   0        28 210
24  94  72  83   5   0  18 0.00  0.0    0 12.5 20 170   M    M   0        25 160
25  94  71  83   5   0  18 0.00  0.0    0 12.8 18 160   M    M   1        28 150
26  95  71  83   5   0  18 0.00  0.0    0 12.1 21 150   M    M   0        25 140
27  95  71  83   5   0  18 0.00  0.0    0 15.0 25 170   M    M   0        32 160
28  95  66  81   3   0  16 0.65  0.0    0 12.3 32 290   M    M   2 13     41 290
29  86  65  76  -2   0  11 0.00  0.0    0  8.8 17  30   M    M   0        21  20
30  84  68  76  -2   0  11 0.00  0.0    0  9.2 20  30   M    M   3 1      24 310
================================================================================
SM 2696 2003         0 406  5.85     0.0 360.0          M       43
================================================================================
AV 89.9 66.8                              12.0 FASTST   M    M   1    MAX(MPH)
                                 MISC ---->  # 41  30               # 51   30
================================================================================
NOTES:
# LAST OF SEVERAL OCCURRENCES

COLUMN 17 PEAK WIND IN M.P.H.

PRELIMINARY LOCAL CLIMATOLOGICAL DATA (WS FORM: F-6) , PAGE 2

                                          STATION:  AMARILLO
                                          MONTH:    JULY
                                          YEAR:     2015
                                          LATITUDE:   35 13 N
                                          LONGITUDE: 101 42 W

[TEMPERATURE DATA]      [PRECIPITATION DATA]       SYMBOLS USED IN COLUMN 16

AVERAGE MONTHLY: 78.3   TOTAL FOR MONTH:   5.85    1 = FOG OR MIST
DPTR FM NORMAL:   0.3   DPTR FM NORMAL:    3.11    2 = FOG REDUCING VISIBILITY
HIGHEST:    98 ON 12    GRTST 24HR  1.76 ON  8- 9      TO 1/4 MILE OR LESS
LOWEST:     56 ON  8                               3 = THUNDER
                        SNOW, ICE PELLETS, HAIL    4 = ICE PELLETS
                        TOTAL MONTH:   0.0 INCH    5 = HAIL
                        GRTST 24HR     0.0         6 = FREEZING RAIN OR DRIZZLE
                        GRTST DEPTH:   0           7 = DUSTSTORM OR SANDSTORM:
                                                       VSBY 1/2 MILE OR LESS
                                                   8 = SMOKE OR HAZE
[NO. OF DAYS WITH]      [WEATHER - DAYS WITH]      9 = BLOWING SNOW
                                                   X = TORNADO
MAX 32 OR BELOW:   0    0.01 INCH OR MORE:  12
MAX 90 OR ABOVE:  18    0.10 INCH OR MORE:   8
MIN 32 OR BELOW:   0    0.50 INCH OR MORE:   5
MIN  0 OR BELOW:   0    1.00 INCH OR MORE:   3

[HDD (BASE 65) ]
TOTAL THIS MO.     0    CLEAR  (SCALE 0-3)  25
DPTR FM NORMAL     0    PTCLDY (SCALE 4-7)   4
TOTAL FM JUL 1     0    CLOUDY (SCALE 8-10)  1
DPTR FM NORMAL     0

[CDD (BASE 65) ]
TOTAL THIS MO.   406
DPTR FM NORMAL     8    [PRESSURE DATA]
TOTAL FM JAN 1   764    HIGHEST SLP M ON M
DPTR FM NORMAL   -47    LOWEST  SLP 29.70 ON 14

[REMARKS]
