000
CXUS54 KBMX 241216
CF6ANB
PRELIMINARY LOCAL CLIMATOLOGICAL DATA (WS FORM: F-6)

                                          STATION:   ANNISTON
                                          MONTH:     JUNE
                                          YEAR:      2017
                                          LATITUDE:   33 35 N
                                          LONGITUDE:  85 51 W

  TEMPERATURE IN F:       :PCPN:    SNOW:  WIND      :SUNSHINE: SKY     :PK WND
================================================================================
1   2   3   4   5  6A  6B    7    8   9   10  11  12  13   14  15   16   17  18
                                     12Z  AVG MX 2MIN
DY MAX MIN AVG DEP HDD CDD  WTR  SNW DPTH SPD SPD DIR MIN PSBL S-S WX    SPD DR
================================================================================

 1  82  64  73  -1   0   8    M  0.0    0  2.4 14 170   M    M   3 123    21 170
 2  84  68  76   2   0  11 0.00  0.0    0  2.0  8 250   M    M   4        11 230
 3  88  66  77   3   0  12 0.00  0.0    0  1.8 12 240   M    M   3 13     15 240
 4  81  71  76   1   0  11    M  0.0    0  1.8  9 240   M    M   8 13     13 170
 5  83  70  77   2   0  12    M  0.0    0  3.1 22 270   M    M   6 13     29 280
 6  78   M   M   M   M   M 0.38  0.0    0  3.2  8  40   M    M   5 1       M  M
 7  83  62  73  -2   0   8 0.00  0.0    0  7.3 15  10   M    M   2        20  10
 8  83  60  72  -4   0   7 0.00  0.0    0  2.9  9 280   M    M   4        13 280
 9  84  59  72  -4   0   7 0.00  0.0    0  3.6 13 270   M    M   1        18 240
10  86  62  74  -2   0   9 0.00  0.0    0  3.2 10 160   M    M   2        13 150
11  88  67  78   2   0  13 0.00  0.0    0  5.2 13 170   M    M   2        17 160
12  89  70  80   4   0  15 0.69  0.0    0  2.6 20 110   M    M   2 13     29 110
13  89  68  79   2   0  14 0.00  0.0    0  2.6  8  60   M    M   3 1      11  80
14  88  67  78   1   0  13 0.00  0.0    0  3.3 13 200   M    M   1        15 250
15  92  67  80   3   0  15 1.19  0.0    0  3.1 31 340   M    M   3 138    53 330
16  84  67  76  -1   0  11 0.00  0.0    0  3.6 12 250   M    M   4 1      14 240
17  86  67  77   0   0  12 0.21  0.0    0  3.7 14 260   M    M   3 123    16 250
18  85  71  78   0   0  13 0.52  0.0    0  3.4 21 270   M    M   7 13     26 270
19  87  71  79   1   0  14 0.01  0.0    0  4.8 14 320   M    M   4 13     19 330
20  82  72  77  -1   0  12 0.09  0.0    0  1.8 13 180   M    M  10 1      17 170
21  78  70  74  -4   0   9 0.34  0.0    0  5.5 10  80   M    M   8 1      13  70
22  81  72  77  -1   0  12 1.05  0.0    0  5.2 13 180   M    M   8 1      22 160
23  88  72  80   2   0  15 1.58  0.0    0  9.1 29 260   M    M   6 13     39 260
================================================================================
SM 1949 1483         0 253  6.06     0.0  85.2          M       99
================================================================================
AV 84.7 67.4                               3.7 FASTST   M    M   4    MAX(MPH)
                                 MISC ---->  # 31 340               # 53  330
================================================================================
NOTES:
# LAST OF SEVERAL OCCURRENCES

COLUMN 17 PEAK WIND IN M.P.H.

PRELIMINARY LOCAL CLIMATOLOGICAL DATA (WS FORM: F-6) , PAGE 2

                                          STATION:  ANNISTON
                                          MONTH:    JUNE
                                          YEAR:     2017
                                          LATITUDE:   33 35 N
                                          LONGITUDE:  85 51 W

[TEMPERATURE DATA]      [PRECIPITATION DATA]       SYMBOLS USED IN COLUMN 16

AVERAGE MONTHLY: 76.1   TOTAL FOR MONTH:   6.06    1 = FOG OR MIST
DPTR FM NORMAL:  -0.2   DPTR FM NORMAL:    2.98    2 = FOG REDUCING VISIBILITY
HIGHEST:    92 ON 15    GRTST 24HR  1.58 ON 23-23      TO 1/4 MILE OR LESS
LOWEST:     59 ON  9                               3 = THUNDER
                        SNOW, ICE PELLETS, HAIL    4 = ICE PELLETS
                        TOTAL MONTH:   0.0 INCH    5 = HAIL
                        GRTST 24HR     0.0         6 = FREEZING RAIN OR DRIZZLE
                        GRTST DEPTH:   0           7 = DUSTSTORM OR SANDSTORM:
                                                       VSBY 1/2 MILE OR LESS
                                                   8 = SMOKE OR HAZE
[NO. OF DAYS WITH]      [WEATHER - DAYS WITH]      9 = BLOWING SNOW
                                                   X = TORNADO
MAX 32 OR BELOW:   0    0.01 INCH OR MORE:  10
MAX 90 OR ABOVE:   1    0.10 INCH OR MORE:   8
MIN 32 OR BELOW:   0    0.50 INCH OR MORE:   5
MIN  0 OR BELOW:   0    1.00 INCH OR MORE:   3

[HDD (BASE 65) ]
TOTAL THIS MO.     0    CLEAR  (SCALE 0-3)  10
DPTR FM NORMAL     0    PTCLDY (SCALE 4-7)  11
TOTAL FM JUL 1  1838    CLOUDY (SCALE 8-10)  2
DPTR FM NORMAL  -942

[CDD (BASE 65) ]
TOTAL THIS MO.   253
DPTR FM NORMAL    -8    [PRESSURE DATA]
TOTAL FM JAN 1   573    HIGHEST SLP M ON M
DPTR FM NORMAL    72    LOWEST  SLP 29.77 ON  7

[REMARKS]
