726
CXUS53 KAPX 200631
CF6ANJ
PRELIMINARY LOCAL CLIMATOLOGICAL DATA (WS FORM: F-6)

                                          STATION:   SAULT STE MARIE MI
                                          MONTH:     NOVEMBER
                                          YEAR:      2017
                                          LATITUDE:   46 28 N
                                          LONGITUDE:  84 21 W

  TEMPERATURE IN F:       :PCPN:    SNOW:  WIND      :SUNSHINE: SKY     :PK WND
================================================================================
1   2   3   4   5  6A  6B    7    8   9   10  11  12  13   14  15   16   17  18
                                     12Z  AVG MX 2MIN
DY MAX MIN AVG DEP HDD CDD  WTR  SNW DPTH SPD SPD DIR MIN PSBL S-S WX    SPD DR
================================================================================

 1  43  32  38  -2  27   0    T    T    T  3.9 14 150   M    M   7 1      18 150
 2  46  38  42   3  23   0 0.01  0.0    0  6.7 17 280   M    M  10 18     26 290
 3  43  33  38  -1  27   0 0.02    T    0 12.5 23 310   M    M   9        34 300
 4  40  33  37  -2  28   0 0.11  0.7    T  7.4 15 100   M    M  10 1      24 110
 5  48  36  42   4  23   0 0.06  0.0    0  8.7 24 310   M    M  10 1      32 320
 6  38  34  36  -2  29   0    T    T    0 12.1 21 310   M    M  10        31 300
 7  36  26  31  -7  34   0 0.03  0.3    T  8.8 17 310   M    M   9 1      24 320
 8  39  22  31  -6  34   0 0.00  0.0    T  8.8 15 260   M    M   3        23 270
 9  35   7  21 -16  44   0 0.30  5.0    T 11.7 25 330   M    M  10 128    39 330
10  25   0  13 -23  52   0 0.00  0.0    4  4.6 15  10   M    M   0        22  30
11  30  15  23 -13  42   0 0.15  1.3    3  8.6 17 180   M    M   8 1      24 160
12  36  30  33  -3  32   0 0.06    T    4  0.6  7 150   M    M  10 1       9 160
13  37  33  35   0  30   0 0.14  0.8    3  0.9  6 200   M    M  10 12      7 200
14  42  32  37   2  28   0    T  0.0    3  6.1 12 140   M    M  10 18     16 140
15  41  35  38   4  27   0 1.77    T    1  8.2 15 150   M    M  10 18     22 150
16  38  22  30  -4  35   0 0.02    T    T 10.4 20 340   M    M   7        30 330
17  38  21  30  -4  35   0 0.25  0.1    T  9.6 22 140   M    M   9 1      30 120
18  39  33  36   3  29   0 0.36  1.1    1  5.8 15 330   M    M   9 13     24 360
19  34  23  29  -4  36   0 0.07  1.3    T 11.1 23 310   M    M  10 1      30 330
================================================================================
SM  728  505       615   0  3.35    10.6 146.5          M      161
================================================================================
AV 38.3 26.6                               7.7 FASTST   M    M   8    MAX(MPH)
                                 MISC ---->  # 25 330               # 39  330
================================================================================
NOTES:
# LAST OF SEVERAL OCCURRENCES

COLUMN 17 PEAK WIND IN M.P.H.

PRELIMINARY LOCAL CLIMATOLOGICAL DATA (WS FORM: F-6) , PAGE 2

                                          STATION:  SAULT STE MARIE MI
                                          MONTH:    NOVEMBER
                                          YEAR:     2017
                                          LATITUDE:   46 28 N
                                          LONGITUDE:  84 21 W

[TEMPERATURE DATA]      [PRECIPITATION DATA]       SYMBOLS USED IN COLUMN 16

AVERAGE MONTHLY: 32.5   TOTAL FOR MONTH:   3.35    1 = FOG OR MIST
DPTR FM NORMAL:  -3.9   DPTR FM NORMAL:    1.20    2 = FOG REDUCING VISIBILITY
HIGHEST:    48 ON  5    GRTST 24HR  1.77 ON 15-15      TO 1/4 MILE OR LESS
LOWEST:      0 ON 10                               3 = THUNDER
                        SNOW, ICE PELLETS, HAIL    4 = ICE PELLETS
                        TOTAL MONTH:  10.6 INCHES  5 = HAIL
                        GRTST 24HR   5.0 ON  9- 9  6 = FREEZING RAIN OR DRIZZLE
                        GRTST DEPTH:   4 ON 12,10  7 = DUSTSTORM OR SANDSTORM:
                                                       VSBY 1/2 MILE OR LESS
                                                   8 = SMOKE OR HAZE
[NO. OF DAYS WITH]      [WEATHER - DAYS WITH]      9 = BLOWING SNOW
                                                   X = TORNADO
MAX 32 OR BELOW:   2    0.01 INCH OR MORE:  14
MAX 90 OR ABOVE:   0    0.10 INCH OR MORE:   7
MIN 32 OR BELOW:  11    0.50 INCH OR MORE:   1
MIN  0 OR BELOW:   1    1.00 INCH OR MORE:   1

[HDD (BASE 65) ]
TOTAL THIS MO.   615    CLEAR  (SCALE 0-3)   2
DPTR FM NORMAL    70    PTCLDY (SCALE 4-7)   3
TOTAL FM JUL 1  1248    CLOUDY (SCALE 8-10) 14
DPTR FM NORMAL  -302

[CDD (BASE 65) ]
TOTAL THIS MO.     0
DPTR FM NORMAL     0    [PRESSURE DATA]
TOTAL FM JAN 1   214    HIGHEST SLP M ON M
DPTR FM NORMAL    18    LOWEST  SLP 29.45 ON 18

[REMARKS]
