000
CXUS53 KIWX 250800
CF6AOH
PRELIMINARY LOCAL CLIMATOLOGICAL DATA (WS FORM: F-6)

                                          STATION:   LIMA
                                          MONTH:     MAY
                                          YEAR:      2016
                                          LATITUDE:   40 42 N
                                          LONGITUDE:  84  1 W

  TEMPERATURE IN F:       :PCPN:    SNOW:  WIND      :SUNSHINE: SKY     :PK WND
================================================================================
1   2   3   4   5  6A  6B    7    8   9   10  11  12  13   14  15   16   17  18
                                     12Z  AVG MX 2MIN
DY MAX MIN AVG DEP HDD CDD  WTR  SNW DPTH SPD SPD DIR MIN PSBL S-S WX    SPD DR
================================================================================

 1  70  51  61   5   4   0 0.40  0.0    0  7.6 18  30   M    M   7 1238   21  50
 2  53  48  51  -6  14   0 0.08  0.0    0  7.7 13  40   M    M  10 1      16  10
 3  59  47  53  -4  12   0 0.00  0.0    0  5.7 12 240   M    M   8 1      14 230
 4  57  41  49  -8  16   0 0.06  0.0    0 11.9 24 270   M    M   8 1      30 270
 5  63  40  52  -6  13   0 0.12  0.0    0  8.4 18  30   M    M   8 1      30  20
 6  68  42  55  -3  10   0 0.00  0.0    0  6.2 16 310   M    M   1        29 300
 7  75  50  63   5   2   0 0.03  0.0    0 12.3 25 260   M    M   3        30 290
 8  67  41  54  -4  11   0 0.00  0.0    0  5.8 18 250   M    M   1        23 240
 9  54  44  49 -10  16   0 0.29  0.0    0  7.9 16 140   M    M   8 1      21 100
10  69  49  59   0   6   0 0.11  0.0    0 10.7 21 120   M    M   7 1      27 120
11  75  59  67   8   0   2    T  0.0    0  4.5 10 190   M    M   6        13 190
12  78  60  69   9   0   4 0.73  0.0    0  9.9 22 280   M    M   6 13     28 280
13  64  52  58  -2   7   0 0.00  0.0    0 12.4 20 280   M    M   4 1      24 280
14  58  41  50 -10  15   0 0.11    M    0 16.6 28 280   M    M   9 1      35 290
15  51  36  44 -17  21   0 0.00  0.0    0 13.9 26 310   M    M   6        34 310
16  65  35  50 -11  15   0 0.00  0.0    0  9.5 20 240   M    M   0        25 180
17  61  50  56  -5   9   0 0.15  0.0    0  3.6 12  60   M    M  10 1      15  60
18  64  44  54  -8  11   0 0.04    M    0  7.3 16  10   M    M   4 1      20  20
19  69  39  54  -8  11   0 0.00  0.0    0  4.0 12 360   M    M   0        17 100
20  70  44  57  -5   8   0 0.10  0.0    0  8.1 14  30   M    M   3         M  M
21  66  50  58  -4   7   0 0.08  0.0    0  9.1 20  10   M    M   8 1      25  20
22  73  45  59  -4   6   0 0.00  0.0    0  7.5 22  20   M    M   2        27  20
23  77  41  59  -4   6   0 0.00  0.0    0  3.3  9 180   M    M   0        13 170
24  82  54  68   5   0   3 0.00  0.0    0  7.4 14 260   M    M   0 8      20 260
================================================================================
SM 1588 1103       220   9  2.30     0.0 201.3          M      119
================================================================================
AV 66.2 46.0                               8.4 FASTST   M    M   5    MAX(MPH)
                                 MISC ---->  # 28 280               # 35  290
================================================================================
NOTES:
# LAST OF SEVERAL OCCURRENCES

COLUMN 17 PEAK WIND IN M.P.H.

PRELIMINARY LOCAL CLIMATOLOGICAL DATA (WS FORM: F-6) , PAGE 2

                                          STATION:  LIMA
                                          MONTH:    MAY
                                          YEAR:     2016
                                          LATITUDE:   40 42 N
                                          LONGITUDE:  84  1 W

[TEMPERATURE DATA]      [PRECIPITATION DATA]       SYMBOLS USED IN COLUMN 16

AVERAGE MONTHLY: 56.1   TOTAL FOR MONTH:   2.30    1 = FOG OR MIST
DPTR FM NORMAL:  -3.8   DPTR FM NORMAL:   -0.72    2 = FOG REDUCING VISIBILITY
HIGHEST:    82 ON 24    GRTST 24HR  0.74 ON 30- 1      TO 1/4 MILE OR LESS
LOWEST:     35 ON 16                               3 = THUNDER
                        SNOW, ICE PELLETS, HAIL    4 = ICE PELLETS
                        TOTAL MONTH:   0.0 INCH    5 = HAIL
                        GRTST 24HR     0.0         6 = FREEZING RAIN OR DRIZZLE
                        GRTST DEPTH:   0           7 = DUSTSTORM OR SANDSTORM:
                                                       VSBY 1/2 MILE OR LESS
                                                   8 = SMOKE OR HAZE
[NO. OF DAYS WITH]      [WEATHER - DAYS WITH]      9 = BLOWING SNOW
                                                   X = TORNADO
MAX 32 OR BELOW:   0    0.01 INCH OR MORE:  13
MAX 90 OR ABOVE:   0    0.10 INCH OR MORE:   8
MIN 32 OR BELOW:   0    0.50 INCH OR MORE:   1
MIN  0 OR BELOW:   0    1.00 INCH OR MORE:   0

[HDD (BASE 65) ]
TOTAL THIS MO.   220    CLEAR  (SCALE 0-3)   8
DPTR FM NORMAL    64    PTCLDY (SCALE 4-7)  11
TOTAL FM JUL 1  5001    CLOUDY (SCALE 8-10)  5
DPTR FM NORMAL  -800

[CDD (BASE 65) ]
TOTAL THIS MO.     9
DPTR FM NORMAL   -24    [PRESSURE DATA]
TOTAL FM JAN 1    10    HIGHEST SLP M ON M
DPTR FM NORMAL   -33    LOWEST  SLP 29.59 ON  4

[REMARKS]
