000
CXUS53 KAPX 310631
CF6APN
PRELIMINARY LOCAL CLIMATOLOGICAL DATA (WS FORM: F-6)

                                          STATION:   ALPENA MI
                                          MONTH:     JANUARY
                                          YEAR:      2015
                                          LATITUDE:   45  4 N
                                          LONGITUDE:  83 34 W

  TEMPERATURE IN F:       :PCPN:    SNOW:  WIND      :SUNSHINE: SKY     :PK WND
================================================================================
1   2   3   4   5  6A  6B    7    8   9   10  11  12  13   14  15   16   17  18
                                     12Z  AVG MX 2MIN
DY MAX MIN AVG DEP HDD CDD  WTR  SNW DPTH SPD SPD DIR MIN PSBL S-S WX    SPD DR
================================================================================

 1  28  17  23   2  42   0    T    T    0 12.3 22 260   M    M   9 1      33 260
 2  25   8  17  -4  48   0 0.00    T    T  4.1 15 240   M    M   6        20 260
 3  32  10  21   1  44   0 0.20  3.0    T  5.7 14 130   M    M   8 1      19 140
 4  32   8  20   0  45   0 0.18  2.0    3 10.0 22 320   M    M  10 19     30 310
 5   9   1   5 -15  60   0 0.01    T    5  9.5 23 270   M    M   5 189    31 270
 6  16   2   9 -11  56   0    T    T    4 10.2 18 240   M    M   8 18     26 230
 7  10  -2   4 -16  61   0 0.10  1.0    3 13.6 28 320   M    M   7 1289   40 330
 8  16   5  11  -9  54   0 0.10  1.0    3 13.6 21 180   M    M   7 18     27 260
 9  12   2   7 -13  58   0 0.01    T    4  9.4 18 260   M    M   5 189    25 300
10  18   0   9 -10  56   0 0.00  0.0    4  9.6 21 250   M    M   4        30 240
11  26  15  21   2  44   0    T    T    M  5.7 13 210   M    M  10 8      18 220
12  23   2  13  -6  52   0 0.02  1.5    4 10.0 25 330   M    M   9 9      31 320
13  16 -10   3 -16  62   0 0.00  0.0    4  3.5 10 200   M    M   5        13 200
14  23 -14   5 -14  60   0    T    T    4  4.8 12 190   M    M   7        15 270
15  33  20  27   8  38   0 0.02  0.2    4 10.4 22 310   M    M   9 18     31 320
16  25  -8   9 -10  56   0 0.01  0.6    5  7.8 20 310   M    M   5 18     29 320
17  38  -3  18  -1  47   0 0.00  0.0    5 11.0 26 150   M    M   7 18     32 160
18  38  26  32  13  33   0 0.04  0.2    M  8.0 15 310   M    M  10 1      20 320
19  26   2  14  -5  51   0    T    T    3  6.9 16 340   M    M   6 18     22 320
20  23  -2  11  -8  54   0    T    T    3  1.3 12  40   M    M   7 1      13  40
21  25  -3  11  -8  54   0    T    T    3  0.9  9  90   M    M   6 18     10  90
22  30   4  17  -2  48   0    T  0.1    3  4.5 15 280   M    M   7        20 290
23  37  21  29  11  36   0    T    T    3  9.9 17 230   M    M   6 1      24 230
24  37  18  28  10  37   0 0.01    T    3  9.7 24 340   M    M  10 1      31 340
25  18  -2   8 -10  57   0    T    T    3  6.2 17  30   M    M   2        21  50
26  20  -6   7 -11  58   0 0.01  0.4    3  3.6 13 110   M    M   8 18     16 100
27  21  -2  10  -8  55   0    T  0.3    4  6.0 14  40   M    M   3 1      15  40
28  29  -5  12  -6  53   0 0.00  0.0    4  4.3 15 160   M    M   2        20 170
29  30  15  23   4  42   0 0.43  5.0    6 10.0 23 320   M    M  10 1268   33 320
30  15   2   9 -10  56   0 0.02    T    6 10.3 26 320   M    M   7 9      35 330
================================================================================
SM  731  121      1517   0  1.16    15.3 232.8          M      205
================================================================================
AV 24.4  4.0                               7.8 FASTST   M    M   7    MAX(MPH)
                                 MISC ---->  # 28 320               # 40  330
================================================================================
NOTES:
# LAST OF SEVERAL OCCURRENCES

COLUMN 17 PEAK WIND IN M.P.H.

PRELIMINARY LOCAL CLIMATOLOGICAL DATA (WS FORM: F-6) , PAGE 2

                                          STATION:  ALPENA MI
                                          MONTH:    JANUARY
                                          YEAR:     2015
                                          LATITUDE:   45  4 N
                                          LONGITUDE:  83 34 W

[TEMPERATURE DATA]      [PRECIPITATION DATA]       SYMBOLS USED IN COLUMN 16

AVERAGE MONTHLY: 14.2   TOTAL FOR MONTH:   1.16    1 = FOG OR MIST
DPTR FM NORMAL:  -5.0   DPTR FM NORMAL:   -0.45    2 = FOG REDUCING VISIBILITY
HIGHEST:    38 ON 18,17 GRTST 24HR  0.44 ON 29-30      TO 1/4 MILE OR LESS
LOWEST:    -14 ON 14                               3 = THUNDER
                        SNOW, ICE PELLETS, HAIL    4 = ICE PELLETS
                        TOTAL MONTH:  15.3 INCHES  5 = HAIL
                        GRTST 24HR   5.0 ON 29-29  6 = FREEZING RAIN OR DRIZZLE
                        GRTST DEPTH:   6 ON 30,29  7 = DUSTSTORM OR SANDSTORM:
                                                       VSBY 1/2 MILE OR LESS
                                                   8 = SMOKE OR HAZE
[NO. OF DAYS WITH]      [WEATHER - DAYS WITH]      9 = BLOWING SNOW
                                                   X = TORNADO
MAX 32 OR BELOW:  25    0.01 INCH OR MORE:  14
MAX 90 OR ABOVE:   0    0.10 INCH OR MORE:   5
MIN 32 OR BELOW:  30    0.50 INCH OR MORE:   0
MIN  0 OR BELOW:  12    1.00 INCH OR MORE:   0

[HDD (BASE 65) ]
TOTAL THIS MO.  1517    CLEAR  (SCALE 0-3)   3
DPTR FM NORMAL   148    PTCLDY (SCALE 4-7)  19
TOTAL FM JUL 1  4588    CLOUDY (SCALE 8-10)  8
DPTR FM NORMAL   158

[CDD (BASE 65) ]
TOTAL THIS MO.     0
DPTR FM NORMAL     0    [PRESSURE DATA]
TOTAL FM JAN 1     0    HIGHEST SLP M ON M
DPTR FM NORMAL     0    LOWEST  SLP 29.46 ON M

[REMARKS]
