000
CXUS53 KAPX 270631
CF6APX
PRELIMINARY LOCAL CLIMATOLOGICAL DATA (WS FORM: F-6)

                                          STATION:   GAYLORD  WFO
                                          MONTH:     FEBRUARY
                                          YEAR:      2015
                                          LATITUDE:   45  4 N
                                          LONGITUDE:  84 43 W

  TEMPERATURE IN F:       :PCPN:    SNOW:  WIND      :SUNSHINE: SKY     :PK WND
================================================================================
1   2   3   4   5  6A  6B    7    8   9   10  11  12  13   14  15   16   17  18
                                     12Z  AVG MX 2MIN
DY MAX MIN AVG DEP HDD CDD  WTR  SNW DPTH SPD SPD DIR MIN PSBL S-S WX    SPD DR
================================================================================

 1  12   4   8  -8  57   0    T    T   14   M   M   M   M    M   M         M  M
 2  12  -6   3 -14  62   0    T    T   14   M   M   M   M    M   M         M  M
 3  21   9  15  -2  50   0 0.03  0.4   14   M   M   M   M    M   M         M  M
 4  16   3  10  -7  55   0 0.09  1.6   15   M   M   M   M    M   M         M  M
 5  16  -4   6 -11  59   0 0.03  0.7   15   M   M   M   M    M   M         M  M
 6  25  14  20   3  45   0 0.02  0.5   15   M   M   M   M    M   M         M  M
 7  24  19  22   5  43   0 0.11  1.4   15   M   M   M   M    M   M         M  M
 8  21  11  16  -1  49   0 0.10  0.6   15   M   M   M   M    M   M         M  M
 9  18   6  12  -6  53   0    T  0.2   15   M   M   M   M    M   M         M  M
10  29   8  19   1  46   0 0.00  0.0   15   M   M   M   M    M   M         M  M
11  25  10  18   0  47   0 0.11  2.5   15   M   M   M   M    M   M         M  M
12  10  -4   3 -15  62   0 0.03  0.7   16   M   M   M   M    M   M 9       M  M
13  17  -2   8 -10  57   0 0.13  3.7   16   M   M   M   M    M   M         M  M
14  14 -10   2 -16  63   0 0.08  2.4   20   M   M   M   M    M   M 9       M  M
15   4 -17  -6 -25  71   0 0.00  0.0   19   M   M   M   M    M   M         M  M
16  17  -9   4 -15  61   0    T    T   18   M   M   M   M    M   M         M  M
17  16   1   9 -10  56   0    T  0.2   17   M   M   M   M    M   M         M  M
18   9  -6   2 -17  63   0 0.01  0.1   16   M   M   M   M    M   M         M  M
19  -2 -13  -7 -27  72   0    T    T   16   M   M   M   M    M   M         M  M
20  11 -15  -2 -22  67   0 0.15  2.7   16   M   M   M   M    M   M         M  M
21  23   8  16  -4  49   0 0.02  0.7   19   M   M   M   M    M   M         M  M
22  11 -10   1 -19  64   0 0.01  0.4   19   M   M   M   M    M   M         M  M
23  10 -14  -2 -23  67   0    T    T   19   M   M   M   M    M   M         M  M
24  22   3  13  -8  52   0 0.16  2.5   18   M   M   M   M    M   M         M  M
25  10  -4   3 -18  62   0 0.00  0.0   19   M   M   M   M    M   M         M  M
26   M   M   M   M   M   M    M    M    M   M   M   M   M    M   M         M  M
================================================================================
SM  391  -18      1432   0  1.08    21.3     M          M        M
================================================================================
AV 15.6 -0.7                                 M FASTST   M    M   6    MAX(MPH)
                                 MISC ---->     M   M                  M    M
================================================================================
NOTES:
# LAST OF SEVERAL OCCURRENCES

COLUMN 17 PEAK WIND IN M.P.H.

PRELIMINARY LOCAL CLIMATOLOGICAL DATA (WS FORM: F-6) , PAGE 2

                                          STATION:  GAYLORD  WFO
                                          MONTH:    FEBRUARY
                                          YEAR:     2015
                                          LATITUDE:   45  4 N
                                          LONGITUDE:  84 43 W

[TEMPERATURE DATA]      [PRECIPITATION DATA]       SYMBOLS USED IN COLUMN 16

AVERAGE MONTHLY:  7.5   TOTAL FOR MONTH:   1.08    1 = FOG OR MIST
DPTR FM NORMAL: -11.2   DPTR FM NORMAL:   -0.75    2 = FOG REDUCING VISIBILITY
HIGHEST:    29 ON 10    GRTST 24HR  0.16 ON 24-24      TO 1/4 MILE OR LESS
LOWEST:    -17 ON 15                               3 = THUNDER
                        SNOW, ICE PELLETS, HAIL    4 = ICE PELLETS
                        TOTAL MONTH:  21.3 INCHES  5 = HAIL
                        GRTST 24HR   3.7 ON   M    6 = FREEZING RAIN OR DRIZZLE
                        GRTST DEPTH:  20 ON 14     7 = DUSTSTORM OR SANDSTORM:
                                                       VSBY 1/2 MILE OR LESS
                                                   8 = SMOKE OR HAZE
[NO. OF DAYS WITH]      [WEATHER - DAYS WITH]      9 = BLOWING SNOW
                                                   X = TORNADO
MAX 32 OR BELOW:  25    0.01 INCH OR MORE:  15
MAX 90 OR ABOVE:   0    0.10 INCH OR MORE:   6
MIN 32 OR BELOW:  25    0.50 INCH OR MORE:   0
MIN  0 OR BELOW:  13    1.00 INCH OR MORE:   0

[HDD (BASE 65) ]
TOTAL THIS MO.  1432    CLEAR  (SCALE 0-3)   0
DPTR FM NORMAL   226    PTCLDY (SCALE 4-7)   0
TOTAL FM JUL 1  6302    CLOUDY (SCALE 8-10)  0
DPTR FM NORMAL   340

[CDD (BASE 65) ]
TOTAL THIS MO.     0
DPTR FM NORMAL     0    [PRESSURE DATA]
TOTAL FM JAN 1     0    HIGHEST SLP M ON M
DPTR FM NORMAL     0    LOWEST  SLP M ON M

[REMARKS]
