000
CXUS54 KHGX 271415
CF6ARM
PRELIMINARY LOCAL CLIMATOLOGICAL DATA (WS FORM: F-6)

                                          STATION:   Wharton
                                          MONTH:     MAY
                                          YEAR:      2017
                                          LATITUDE:   29 15 N
                                          LONGITUDE:  96  9 W

  TEMPERATURE IN F:       :PCPN:    SNOW:  WIND      :SUNSHINE: SKY     :PK WND
================================================================================
1   2   3   4   5  6A  6B    7    8   9   10  11  12  13   14  15   16   17  18
                                     12Z  AVG MX 2MIN
DY MAX MIN AVG DEP HDD CDD  WTR  SNW DPTH SPD SPD DIR MIN PSBL S-S WX    SPD DR
================================================================================

 1  85  49  67   M   0   2 0.00  0.0    0  6.7 14 150   M    M   0        18 180
 2  86  58  72   M   0   7 0.00  0.0    0  7.6 15 140   M    M   2        20 130
 3  85  64  75   M   0  10 0.23  0.0    0 11.5 23 350   M    M   6 138    32 350
 4  76  53  65   M   0   0 0.01  0.0    0 10.5 22 310   M    M   0        35 320
 5  80  52  66   M   0   1 0.00  0.0    0  6.6 16 310   M    M   0        21 330
 6  84  51  68   M   0   3 0.00  0.0    0  2.3  9 170   M    M   0         M  M
 7  84  56  70   M   0   5 0.00  0.0    0  5.5 15 140   M    M   1 1      21 140
 8  84  61  73   M   0   8 0.00  0.0    0  7.8 15 140   M    M   4        22 150
 9  83  65  74   M   0   9 0.00  0.0    0  9.2 18 150   M    M   2        23 130
10  84  67  76   M   0  11 0.00  0.0    0  8.7 18 140   M    M   5 1      23 140
11  86  71  79   M   0  14 0.00  0.0    0  8.9 18 150   M    M   4 1      24 150
12  86  65  76   M   0  11 0.00  0.0    0  9.0 18 330   M    M   2 1      21 340
13  87  58  73   M   0   8 0.00  0.0    0  5.3 13 140   M    M   0         M  M
14  87  59  73   M   0   8 0.00  0.0    0  5.0 16 150   M    M   1 1       M  M
15  87  60  74   M   0   9 0.00  0.0    0  6.7 14 140   M    M   2 1      21 150
16  87  64  76   M   0  11 0.00  0.0    0 11.1 21 140   M    M   2        24 130
17  84  72  78   M   0  13 0.00  0.0    0 11.2 16 140   M    M   7        20 140
18  89  76  83   M   0  18 0.00  0.0    0 13.2 18 140   M    M   6        28 140
19  88  75  82   M   0  17 0.00  0.0    0 11.3 18 150   M    M   6        23 140
20  90  72  81   M   0  16 0.00  0.0    0  6.1 14 160   M    M   3 8      20 160
21  88  71  80   M   0  15 0.07  0.0    0  5.3 14 130   M    M   5 13     20  40
22  81  68  75   M   0  10 1.20  0.0    0  6.5 14 130   M    M   8 3       M  M
23  85  62  74   M   0   9 0.02  0.0    0  6.2 21 340   M    M   5 3      38 350
24  84  56  70   M   0   5 0.00  0.0    0  6.6 14 290   M    M   0        21 280
25  88  62  75   M   0  10 0.00  0.0    0 11.0 21 160   M    M   0        27 160
26  86  74  80   M   0  15 0.00  0.0    0 11.9 18 150   M    M  10        24 170
================================================================================
SM 2214 1641         0 245  1.53     0.0 211.7          M       81
================================================================================
AV 85.2 63.1                               8.1 FASTST   M    M   3    MAX(MPH)
                                 MISC ---->  # 23 350               # 38  350
================================================================================
NOTES:
# LAST OF SEVERAL OCCURRENCES

COLUMN 17 PEAK WIND IN M.P.H.

PRELIMINARY LOCAL CLIMATOLOGICAL DATA (WS FORM: F-6) , PAGE 2

                                          STATION:  Wharton
                                          MONTH:    MAY
                                          YEAR:     2017
                                          LATITUDE:   29 15 N
                                          LONGITUDE:  96  9 W

[TEMPERATURE DATA]      [PRECIPITATION DATA]       SYMBOLS USED IN COLUMN 16

AVERAGE MONTHLY: 74.1   TOTAL FOR MONTH:   1.53    1 = FOG OR MIST
DPTR FM NORMAL:     M   DPTR FM NORMAL:       M    2 = FOG REDUCING VISIBILITY
HIGHEST:    90 ON 20    GRTST 24HR  1.20 ON 22-22      TO 1/4 MILE OR LESS
LOWEST:     49 ON  1                               3 = THUNDER
                        SNOW, ICE PELLETS, HAIL    4 = ICE PELLETS
                        TOTAL MONTH:   0.0 INCH    5 = HAIL
                        GRTST 24HR     0.0         6 = FREEZING RAIN OR DRIZZLE
                        GRTST DEPTH:   0           7 = DUSTSTORM OR SANDSTORM:
                                                       VSBY 1/2 MILE OR LESS
                                                   8 = SMOKE OR HAZE
[NO. OF DAYS WITH]      [WEATHER - DAYS WITH]      9 = BLOWING SNOW
                                                   X = TORNADO
MAX 32 OR BELOW:   0    0.01 INCH OR MORE:   5
MAX 90 OR ABOVE:   1    0.10 INCH OR MORE:   2
MIN 32 OR BELOW:   0    0.50 INCH OR MORE:   1
MIN  0 OR BELOW:   0    1.00 INCH OR MORE:   1

[HDD (BASE 65) ]
TOTAL THIS MO.     0    CLEAR  (SCALE 0-3)  15
DPTR FM NORMAL     M    PTCLDY (SCALE 4-7)  10
TOTAL FM JUL 1   665    CLOUDY (SCALE 8-10)  1
DPTR FM NORMAL     M

[CDD (BASE 65) ]
TOTAL THIS MO.   245
DPTR FM NORMAL     M    [PRESSURE DATA]
TOTAL FM JAN 1   759    HIGHEST SLP M ON M
DPTR FM NORMAL     M    LOWEST  SLP M ON M

[REMARKS]
