000
CXUS54 KHGX 261437
CF6ARM
PRELIMINARY LOCAL CLIMATOLOGICAL DATA (WS FORM: F-6)

                                          STATION:   Wharton
                                          MONTH:     DECEMBER
                                          YEAR:      2014
                                          LATITUDE:   29 15 N
                                          LONGITUDE:  96  9 W

  TEMPERATURE IN F:       :PCPN:    SNOW:  WIND      :SUNSHINE: SKY     :PK WND
================================================================================
1   2   3   4   5  6A  6B    7    8   9   10  11  12  13   14  15   16   17  18
                                     12Z  AVG MX 2MIN
DY MAX MIN AVG DEP HDD CDD  WTR  SNW DPTH SPD SPD DIR MIN PSBL S-S WX    SPD DR
================================================================================

 1  72  43  58   M   7   0 0.17    M    0  8.1 21 350   M    M  10 12     29 350
 2  53  43  48   M  17   0 0.00  0.0    0  7.7 14 350   M    M  10 1      18 360
 3  71  51  61   M   4   0 0.00  0.0    0  4.3  7  80   M    M   7 1       M  M
 4  70  57  64   M   1   0 0.02  0.0    0  6.3 10 100   M    M   9 1       M  M
 5  80  65  73   M   0   8 0.02  0.0    0  9.3 18 180   M    M   8 1      22 190
 6  68  59  64   M   1   0 0.04  0.0    0  7.6 16 340   M    M   9 1      16 350
 7  59  54  57   M   8   0 0.00  0.0    0  5.3  9  30   M    M  10 1       M  M
 8  67  47  57   M   8   0 0.00  0.0    0  5.6 12 340   M    M   4        17 340
 9  71  42  57   M   8   0 0.00  0.0    0  2.3  6 360   M    M   0 1       M  M
10  70  40  55   M  10   0 0.00  0.0    0  4.0  9 160   M    M   6 12      M  M
11  70  58  64   M   1   0 0.03  0.0    0  5.0 10 160   M    M  10         M  M
12  75  57  66   M   0   1 0.00  0.0    0  6.9 14 150   M    M   3 1      20 150
13  76  55  66   M   0   1 0.00  0.0    0  6.2 12 130   M    M   2 1       M  M
14  76  60  68   M   0   3 0.00  0.0    0 11.2 22 150   M    M   6        25 140
15  77  57  67   M   0   2 0.00  0.0    0  7.3 14 250   M    M   7 1       M  M
16  66  49  58   M   7   0 0.00  0.0    0  7.4 15 350   M    M   5        17  20
17  69  44  57   M   8   0 0.00  0.0    0  6.7 14 110   M    M   8        16 110
18  69  58  64   M   1   0 0.01  0.0    0  4.7 10  80   M    M   5 138     M  M
19  62  53  58   M   7   0 0.69  0.0    0 10.9 18 360   M    M  10 13     25 360
20  54  50  52   M  13   0 0.00  0.0    0  7.3 15 360   M    M  10 1      17 360
21  61  51  56   M   9   0 0.00  0.0    0  3.1  6 120   M    M   9 1       M  M
22  73  52  63   M   2   0 0.00  0.0    0  7.6 17 220   M    M   6 12     24 220
23  59  46  53   M  12   0 0.00  0.0    0 11.2 25 340   M    M   7 123    33 340
24  55  37  46   M  19   0 0.00  0.0    0  8.5 17 320   M    M   1        24 320
25  65  32  49   M  16   0 0.00  0.0    0  7.5 20 180   M    M   1        24 160
================================================================================
SM 1688 1260       159  15  0.98     0.0 172.0          M      163
================================================================================
AV 67.5 50.4                               6.9 FASTST   M    M   7    MAX(MPH)
                                 MISC ---->    25   M                 33    M
================================================================================
NOTES:
# LAST OF SEVERAL OCCURRENCES

COLUMN 17 PEAK WIND IN M.P.H.

PRELIMINARY LOCAL CLIMATOLOGICAL DATA (WS FORM: F-6) , PAGE 2

                                          STATION:  Wharton
                                          MONTH:    DECEMBER
                                          YEAR:     2014
                                          LATITUDE:   29 15 N
                                          LONGITUDE:  96  9 W

[TEMPERATURE DATA]      [PRECIPITATION DATA]       SYMBOLS USED IN COLUMN 16

AVERAGE MONTHLY: 59.0   TOTAL FOR MONTH:   0.98    1 = FOG OR MIST
DPTR FM NORMAL:     M   DPTR FM NORMAL:       M    2 = FOG REDUCING VISIBILITY
HIGHEST:    80 ON  5    GRTST 24HR  0.69 ON 19-19      TO 1/4 MILE OR LESS
LOWEST:     32 ON 25                               3 = THUNDER
                        SNOW, ICE PELLETS, HAIL    4 = ICE PELLETS
                        TOTAL MONTH:   0.0 INCH    5 = HAIL
                        GRTST 24HR     0.0         6 = FREEZING RAIN OR DRIZZLE
                        GRTST DEPTH:   0           7 = DUSTSTORM OR SANDSTORM:
                                                       VSBY 1/2 MILE OR LESS
                                                   8 = SMOKE OR HAZE
[NO. OF DAYS WITH]      [WEATHER - DAYS WITH]      9 = BLOWING SNOW
                                                   X = TORNADO
MAX 32 OR BELOW:   0    0.01 INCH OR MORE:   7
MAX 90 OR ABOVE:   0    0.10 INCH OR MORE:   2
MIN 32 OR BELOW:   1    0.50 INCH OR MORE:   1
MIN  0 OR BELOW:   0    1.00 INCH OR MORE:   0

[HDD (BASE 65) ]
TOTAL THIS MO.   159    CLEAR  (SCALE 0-3)   4
DPTR FM NORMAL     M    PTCLDY (SCALE 4-7)  12
TOTAL FM JUL 1   407    CLOUDY (SCALE 8-10)  9
DPTR FM NORMAL     M

[CDD (BASE 65) ]
TOTAL THIS MO.    15
DPTR FM NORMAL     M    [PRESSURE DATA]
TOTAL FM JAN 1  2845    HIGHEST SLP M ON M
DPTR FM NORMAL     M    LOWEST  SLP M ON M

[REMARKS]
